{"id":7490,"date":"2020-03-06T17:27:57","date_gmt":"2020-03-06T15:27:57","guid":{"rendered":"https:\/\/primaderma.ro\/?page_id=7490"},"modified":"2020-06-11T12:10:35","modified_gmt":"2020-06-11T10:10:35","slug":"dr-badulici-sonia","status":"publish","type":"page","link":"https:\/\/pdi.ro\/2020\/dr-badulici-sonia\/","title":{"rendered":"Dr. B\u0103dulici Sonia"},"content":{"rendered":"<p>[et_pb_section fb_built=&#8221;1&#8243; fullwidth=&#8221;on&#8221; disabled_on=&#8221;on|off|off&#8221; _builder_version=&#8221;3.22&#8243; custom_margin=&#8221;||&#8221; custom_padding=&#8221;15px||29px&#8221; top_divider_style=&#8221;waves2&#8243; top_divider_color=&#8221;#f0622a&#8221; top_divider_flip=&#8221;horizontal|vertical&#8221; bottom_divider_style=&#8221;waves2&#8243; bottom_divider_color=&#8221;#fcdedb&#8221; bottom_divider_height=&#8221;105px&#8221; bottom_divider_flip=&#8221;vertical&#8221; collapsed=&#8221;off&#8221;][et_pb_fullwidth_header title=&#8221;@ET-DC@eyJkeW5hbWljIjp0cnVlLCJjb250ZW50IjoicG9zdF90aXRsZSIsInNldHRpbmdzIjp7ImJlZm9yZSI6IiIsImFmdGVyIjoiIn19@&#8221; text_orientation=&#8221;right&#8221; header_image_url=&#8221;https:\/\/pdi.ro\/2020\/wp-content\/uploads\/2020\/05\/pdi_iulie_online.png&#8221; disabled_on=&#8221;on|on|off&#8221; _builder_version=&#8221;4.4.7&#8243; _dynamic_attributes=&#8221;title&#8221; title_font=&#8221;Kaushan Script||||||||&#8221; title_text_align=&#8221;right&#8221; title_text_color=&#8221;#f0622a&#8221; title_font_size=&#8221;50px&#8221; content_font=&#8221;|600||on|||||&#8221; content_text_align=&#8221;center&#8221; content_text_color=&#8221;#686766&#8243; content_font_size=&#8221;15px&#8221; subhead_font=&#8221;||||||||&#8221; background_color=&#8221;rgba(239,145,107,0.54)&#8221; background_image=&#8221;https:\/\/pdi.ro\/2020\/wp-content\/uploads\/2020\/02\/back.jpg&#8221; background_layout=&#8221;light&#8221; custom_margin=&#8221;0px||8px&#8221; custom_padding=&#8221;40px||40px||true&#8221; content_font_size_tablet=&#8221;&#8221; content_font_size_phone=&#8221;15px&#8221; content_font_size_last_edited=&#8221;on|desktop&#8221;][\/et_pb_fullwidth_header][\/et_pb_section][et_pb_section fb_built=&#8221;1&#8243; _builder_version=&#8221;3.22&#8243;][et_pb_row column_structure=&#8221;2_5,3_5&#8243; _builder_version=&#8221;3.25&#8243; locked=&#8221;off&#8221;][et_pb_column type=&#8221;2_5&#8243; _builder_version=&#8221;3.25&#8243; custom_padding=&#8221;|||&#8221; custom_padding__hover=&#8221;|||&#8221;][et_pb_image src=&#8221;https:\/\/pdi.ro\/2020\/2019\/wp-content\/uploads\/2019\/02\/Badulici-Sonia.jpg&#8221; align=&#8221;center&#8221; align_tablet=&#8221;center&#8221; align_phone=&#8221;&#8221; align_last_edited=&#8221;on|desktop&#8221; _builder_version=&#8221;3.23&#8243; max_width=&#8221;30%&#8221; border_radii=&#8221;on|100px|100px|100px|100px&#8221;][\/et_pb_image][\/et_pb_column][et_pb_column type=&#8221;3_5&#8243; _builder_version=&#8221;3.25&#8243; custom_padding=&#8221;|||&#8221; custom_padding__hover=&#8221;|||&#8221;][et_pb_text _builder_version=&#8221;3.27.4&#8243;]<\/p>\n<h4><strong><span style=\"color: #ff6600;\"><\/span><\/strong><\/h4>\n<h4><strong><span style=\"color: #ff6600;\"><\/span><\/strong><\/h4>\n<h4><strong><span style=\"color: #ff6600;\"><\/span><\/strong><\/h4>\n<h4><strong><span style=\"color: #ff6600;\"><\/span><\/strong><\/h4>\n<h4><strong><span style=\"color: #ff6600;\">Dr. B\u0103dulici Sonia<\/span><\/strong><br \/><strong><span style=\"color: #ff6600;\"> Spitalul Clinic \u201cColentina\u201d, Bucure\u015fti<\/span><\/strong><\/h4>\n<p>[\/et_pb_text][\/et_pb_column][\/et_pb_row][et_pb_row _builder_version=&#8221;3.25&#8243; locked=&#8221;off&#8221;][et_pb_column type=&#8221;4_4&#8243; _builder_version=&#8221;3.25&#8243; custom_padding=&#8221;|||&#8221; custom_padding__hover=&#8221;|||&#8221;][et_pb_text _builder_version=&#8221;4.4.7&#8243; hover_enabled=&#8221;0&#8243;]<\/p>\n<p style=\"text-align: justify;\"><span style=\"color: #ff6600;\">Factori genetici \u00een alergia la tiomersal: studii de caz<\/span><br \/> <span style=\"color: #ff6600;\">Autori: Coralia Bleotu, Lilia Matei, Sonia C. B\u0103dulici, Mirela Radu, Annie Bonnevalle, Marinela Chiril\u0103<\/span><\/p>\n<p style=\"text-align: justify;\">Introducere: Predispozi\u021bia genetic\u0103 la dermatita alergic\u0103 de contact este \u00eenc\u0103 doar partial cunoscut\u0103, \u00een pofida a numeroase studii realizate de-a lungul a zeci de ani de cercetare. Polimorfismele \u0219i muta\u021biile afect\u00e2nd glutation-S-transferazele (GST) P1, T1 \u0219i M1, precum \u015fi N-acetiltransferazele (NAT) 1 \u0219i 2 ar putea fi asociate cu un risc crescut de alergie la tiomersal. \u00cen acest context, scopul studiului a fost evaluarea frecven\u021bei sensibiliz\u0103rii la tiomersal \u00een popula\u021bia din Rom\u00e2nia, evaluarea preliminar\u0103 a rolului factorilor genetici \u00een declan\u0219area acestei sensibiliz\u0103ri, precum \u0219i identificarea medicamentelor disponibile \u00een Rom\u00e2nia care con\u021bin tiomersalul ca excipient.<br \/>\nMaterial \u0219i metode: Studiul de fa\u021b\u0103 s-a realizat pe 160 de pacien\u021bi care s-au prezentat la Spitalul Clinic Colentina cu suspiciune de reac\u021bii alergice de contact. Pacientii au fost testa\u021bi cu Bateria Standard European\u0103 \u0219i adaosurile acesteia, ce includ tiomersalul. Au fost analizate polimorfismele genelor GST (GST-P1, T1 \u0219i M1) si NAT1\/2 utiliz\u00e2nd allelic PCR \u0219i respectiv secven\u021bierea Sanger. Pentru a stabili raportul de segregare, identificarea variantelor alelice implicate \u00een producerea susceptibilit\u0103\u021bii la tiomersal s-a realizat pe probe copil-p\u0103rinte (trei paciente cu reac\u021bii pozitive la tiomersal \u00eempreun\u0103 cu unul dintre p\u0103rin\u021bi).<br \/>\nDe asemenea, compozi\u021bia tuturor produselor medicamentoase \u00eenregistrate \u00een Rom\u00e2nia a fost trecut\u0103 \u00een revist\u0103.<br \/>\nRezultate: Dintre cei 160 pacienti testa\u021bi \u00een patch au prezentat reac\u021bii pozitive la tiomersal 16 pacien\u021bi adul\u021bi (11 atopici, 5 non-atopici). Au fost observate de asemenea sensibiliz\u0103ri concomitente, in special la metale. Acestea au fost mai numeroase la pacien\u021bii atopici comparativ cu cei non-atopici.<br \/>\nReferitor la variantele genetice ale GST, la dou\u0103 familii nu au fost constatate modific\u0103ri \u00een activitatea enzimatic\u0103 a GST-M1 \u0219i GST-T1. \u00cen schimb, la o familie (mam\u0103-fiic\u0103), a fost identificat\u0103 dele\u021bia homozigot\u0103 a genei pentru glutation-S transferaza M1 (GST-M1*0\/*0) asociat\u0103 cu pierderea activit\u0103\u0163ii enzimatice corespunz\u0103toare. \u00cen  aceea\u0219i familie, de\u0219i polimorfismul GST-P1 p.Ile105Val (heterozigot) a fost identificat la mam\u0103, fiica a prezentat un genotip GST-P1 p.Val105Val (homozigot). \u00cen familia reprezentat\u0103 de cuplul tat\u0103-fiic\u0103, at\u00e2t la tat\u0103 (care are vitiligo) c\u00e2t \u0219i la fiic\u0103 (care are dermatit\u0103 alergic\u0103 de contact prin sensibilizare la tiomersal \u0219i amestecul de parfumuri I) a fost prezent\u0103 varianta heterozigot\u0103 a polimorfismului GST-P1 Ile105Val. Modific\u0103ri \u00een activitatea enzimatic\u0103 a glutation-S-transferazei descrise \u00een literatur\u0103 \u00een cazul pacien\u021bilor cu vitiligo ca o predispozi\u021bie genetic\u0103 pentru aceast\u0103 afec\u021biune, ar putea fi luat\u0103 \u00een discu\u021bie pentru sensibilizarea de contact la tiomersal \u00een acest caz familial. Genotipul NAT1 identificat \u00een toate cazurile a fost genotipul wild type NAT1*4. \u00cen cazul NAT2 au fost identificate urmatoarele polimorfisme: NAT2*5 homozigot (341T>C; 481C>T), NAT2*5 &#8211; heterozigot (NAT2*5U) (282C>T; 341T>C; 481C>T; 590G>A), \u0219i respectiv NAT2*6 homozigot \/ heterozigot (282C>T; 590G>A).<br \/>\nDintre medicamentele disponibile \u00een Romania, cinci con\u021bin tiomersal, patru dintre acestea fiind medicamente oftalmologice. Sfatul pentru pacien\u021bi a fost contraindica\u021bia administr\u0103rii medicamentelor care au tiomersalul printre excipien\u021bi, precum \u0219i evitarea antiinflamatoarelor din clasa \u201eOXICAMI\u201d din cauza posibilelor reac\u021bii de hipersensibilitate \u00eencruci\u0219at\u0103 cu tiomersalul.<br \/>\nConcluzie: Frecven\u021ba reac\u021biilor pozitive la tiomersal la pacien\u021bii no\u0219tri (10%) ar justifica introducerea sa \u00een bateria standard adi\u021bional\u0103. Sunt necesare studii suplimentare care s\u0103 includ\u0103 un num\u0103r mai mare de pacienti, pentru a clarifica importan\u021ba polimorfismelor genetice \u00een alergia de contact la tiomersal.\n<\/p>\n<p style=\"text-align: justify;\"><span style=\"color: #ff6600;\">Genetic factors in thiomersal allergy: case studies<\/span><br \/> <span style=\"color: #ff6600;\">Authors: Coralia Bleotu, Lilia Matei, Sonia C. B\u0103dulici, Mirela Radu, Annie Bonnevalle, Marinela Chiril\u0103<\/span><\/p>\n<p style=\"text-align: justify;\">Introduction: The genetic predisposition to allergic contact dermatitis is only partially known, despite numerous studies conducted over decades of research. Polymorphisms and mutations affecting glutathione-S-transferases (GST) P1, T1 and M1, as well as N-acetyltransferases (NAT) 1 and 2 could be associated with an increased risk of thiomersal allergy. In this context, the aims of the study were to evaluate the frequency of thiomersal sensitization in the Romanian population, to preliminary assess the role of genetic factors in triggering this sensitization, and to identify the medicinal products available in Romania that contain thiomersal as an excipient.<br \/>\nMaterial and methods: The present study included 160 patients who presented to the Colentina Clinical Hospital due to suspected allergic contact reactions. Patients were tested with the European Standard Battery and its additives (that include thiomersal). GST (GST-P1, T1 and M1) and NAT1 \/ 2 gene polymorphisms were analyzed using allelic PCR and Sanger sequencing, respectively. To establish the segregation ratio, the identification of allelic variants involved in the production of thiomersal susceptibility was performed using child-parent samples (three patients with positive reactions to thiomersal together with one of the parents).<br \/>\nIn addition, the composition of all medicinal products registered in Romania was reviewed.<br \/>\nResults: Out of the 160 patients tested with patch testing, 16 adult patients (11 atopic, 5 non-atopic) showed positive reactions to thiomersal. Concomitant sensitizations were also observed, especially to metals. These were more numerous in atopic patients as compared to non-atopic ones.<br \/>\nRegarding the genetic variants of GST, no changes in the enzymatic activity of GST-M1 and GST-T1 were found in two families. In contrast, in an another family (mother-daughter), homozygous deletion of the glutathione-S transferase M1 gene (GST-M1 * 0 \/ * 0) associated with loss of corresponding enzymatic activity was identified. In the same family, although the GST-P1 p.Ile105Val (heterozygous) polymorphism was identified in the mother, the daughter presented a GST-P1 p.Val105Val (homozygous) genotype. In a family represented by the father-daughter couple, both in the father (that has vitiligo) and in the daughter (that has allergic contact dermatitis by sensitization to thiomersal and fragrance mix I) the heterozygous variant of the GST-P1 Ile105Val polymorphism was present. Changes in the enzymatic activity of glutathione-S-transferase that is described in the literature in patients with vitiligo as a genetic predisposition to this condition could be considered as a possible explanation for contact sensitization to thiomersal in this familial case. The NAT1 genotype identified in all cases was the wild type NAT1 * 4 genotype. In the case of NAT2 the following polymorphisms were identified: NAT2 * 5 homozygous (341T> C; 481C> T), NAT2 * 5 &#8211; heterozygous (NAT2 * 5U) (282C> T; 341T> C; 481C> T; 590G> A) , and NAT2 * 6 homozygous \/ heterozygous (282C> T; 590G> A), respectively.<br \/>\nOf the medicinal products available in Romania, five contain thiomersal, four of which are ophthalmic drugs. The advice for patients was the contraindication of the administration of drugs containing thiomersal among excipients, as well as the avoidance of anti-inflammatory drugs from &#8220;OXICAM&#8221; class due to the possible cross-hypersensitivity reactions with thiomersal.<br \/>\nConclusion: The frequency of positive thiomersal reactions in our patients (10%) would justify its introduction into the Additional Baseline Series. Additional studies including a higher number of patients are needed to clarify the importance of genetic polymorphisms in thiomersal contact allergy.\n<\/p>\n<p>[\/et_pb_text][\/et_pb_column][\/et_pb_row][et_pb_row _builder_version=&#8221;3.25&#8243; locked=&#8221;off&#8221;][et_pb_column type=&#8221;4_4&#8243; _builder_version=&#8221;3.25&#8243; custom_padding=&#8221;|||&#8221; custom_padding__hover=&#8221;|||&#8221;][et_pb_text _builder_version=&#8221;3.27.4&#8243;]<\/p>\n<p><span style=\"color: #ff6600;\">Scurt CV<\/span><\/p>\n<p><strong>Experien\u021b\u0103 profesional\u0103:<\/strong><br \/> Medic Primar Medicina muncii \u0219i Medic specialist Dermato-venerologie la Spitalul Clinic \u201cColentina\u201d, Doctor \u00een \u0218tiin\u021be Medicale<\/p>\n<p><strong>Certificate:<\/strong><br \/> 2004 \u2013 2018 Cursuri anuale de actualizare \u00een dermato-alergologie, organizate de Grupul de Studii \u0219i de Cercet\u0103ri \u00een Dermato-alergologie (GERDA)<br \/> Iunie 2009 Certificat de Traduc\u0103tor (rom\u00e2n\u0103-francez\u0103, francez\u0103-rom\u00e2n\u0103, domeniul Medicin\u0103-Farmacie)<br \/> Noiembrie 2008, Atestation de r\u00e9ussite, Examenul pentru DELF (Dipl\u00f4me d\u2019\u00c9tudes de Langue Fran\u00e7aise), Nivelul B1 al Cadrului European comun de referin\u021b\u0103 pentru limbi<br \/> Aprilie-Septembrie 2002 Stagiu de Dermatologie profesional\u0103 \u0219i de Dermato-alergologie \u00een Clinica de Dermatologie a Spitalului \u201cClaude Huriez\u201d , C.H.R.U. de Lille, FRANCE<br \/> 1975-1981 Facultatea de Medicin\u0103 General\u0103, Craiova<br \/> <strong><\/strong><\/p>\n<p><strong>Apartenen\u021b\u0103 la societ\u0103\u021bi \u0219tiin\u021bifice:<\/strong><br \/> Membru al ESCD (European Society of Contact Dermatitis) din anul 2014<br \/> Membru al Re\u021belei de Vigilen\u021b\u0103 \u00een Dermato-Alergologie (RE\u021aEAUA REVIDAL-GERDA) din anul 2015<\/p>\n<p>[\/et_pb_text][\/et_pb_column][\/et_pb_row][\/et_pb_section][et_pb_section fb_built=&#8221;1&#8243; _builder_version=&#8221;3.22&#8243; background_color=&#8221;rgba(117,194,33,0.23)&#8221; background_image=&#8221;https:\/\/pdi.ro\/2020\/wp-content\/uploads\/2020\/02\/back_justflowers_overlay1.png&#8221; background_blend=&#8221;luminosity&#8221; custom_padding=&#8221;54px|0px|0|0px|false|false&#8221; top_divider_style=&#8221;waves2&#8243; top_divider_color=&#8221;#ffffff&#8221; top_divider_height=&#8221;155px&#8221; top_divider_height_tablet=&#8221;&#8221; top_divider_height_phone=&#8221;97px&#8221; top_divider_height_last_edited=&#8221;on|desktop&#8221; bottom_divider_style=&#8221;waves2&#8243; bottom_divider_color=&#8221;#75c221&#8243; bottom_divider_flip=&#8221;vertical&#8221; bottom_divider_height_tablet=&#8221;&#8221; bottom_divider_height_phone=&#8221;59px&#8221; bottom_divider_height_last_edited=&#8221;on|desktop&#8221;][et_pb_row column_structure=&#8221;3_5,2_5&#8243; _builder_version=&#8221;3.25&#8243; custom_padding=&#8221;61px|0px|69px|0px|false|false&#8221;][et_pb_column type=&#8221;3_5&#8243; _builder_version=&#8221;3.25&#8243; custom_padding=&#8221;|||&#8221; custom_padding__hover=&#8221;|||&#8221;][et_pb_text _builder_version=&#8221;4.0.11&#8243; text_font=&#8221;Kaushan Script||||||||&#8221; text_text_color=&#8221;#f0622a&#8221; text_font_size=&#8221;30px&#8221; text_line_height=&#8221;1.2em&#8221; header_font=&#8221;||||||||&#8221; background_layout=&#8221;dark&#8221; text_font_size_tablet=&#8221;&#8221; text_font_size_phone=&#8221;&#8221; text_font_size_last_edited=&#8221;on|desktop&#8221;]<\/p>\n<p>Contacteaz\u0103 operatorul PDI 2020<\/p>\n<p>[\/et_pb_text][et_pb_contact_form email=&#8221;contact@primaderma.ro\/2019&#8243; submit_button_text=&#8221;Trimite mesajul&#8221; _builder_version=&#8221;3.19.4&#8243; title_font=&#8221;||||||||&#8221;][et_pb_contact_field field_id=&#8221;Name&#8221; field_title=&#8221;Nume&#8221; _builder_version=&#8221;3.18.9&#8243; button_text_size__hover_enabled=&#8221;off&#8221; button_one_text_size__hover_enabled=&#8221;off&#8221; button_two_text_size__hover_enabled=&#8221;off&#8221; button_text_color__hover_enabled=&#8221;off&#8221; button_one_text_color__hover_enabled=&#8221;off&#8221; button_two_text_color__hover_enabled=&#8221;off&#8221; button_border_width__hover_enabled=&#8221;off&#8221; button_one_border_width__hover_enabled=&#8221;off&#8221; button_two_border_width__hover_enabled=&#8221;off&#8221; button_border_color__hover_enabled=&#8221;off&#8221; button_one_border_color__hover_enabled=&#8221;off&#8221; button_two_border_color__hover_enabled=&#8221;off&#8221; button_border_radius__hover_enabled=&#8221;off&#8221; button_one_border_radius__hover_enabled=&#8221;off&#8221; button_two_border_radius__hover_enabled=&#8221;off&#8221; button_letter_spacing__hover_enabled=&#8221;off&#8221; button_one_letter_spacing__hover_enabled=&#8221;off&#8221; button_two_letter_spacing__hover_enabled=&#8221;off&#8221; button_bg_color__hover_enabled=&#8221;off&#8221; button_one_bg_color__hover_enabled=&#8221;off&#8221; button_two_bg_color__hover_enabled=&#8221;off&#8221;][\/et_pb_contact_field][et_pb_contact_field field_id=&#8221;Email&#8221; field_title=&#8221;Adresa de e-mail&#8221; field_type=&#8221;email&#8221; _builder_version=&#8221;3.19.4&#8243; button_text_size__hover_enabled=&#8221;off&#8221; button_one_text_size__hover_enabled=&#8221;off&#8221; button_two_text_size__hover_enabled=&#8221;off&#8221; button_text_color__hover_enabled=&#8221;off&#8221; button_one_text_color__hover_enabled=&#8221;off&#8221; button_two_text_color__hover_enabled=&#8221;off&#8221; button_border_width__hover_enabled=&#8221;off&#8221; button_one_border_width__hover_enabled=&#8221;off&#8221; button_two_border_width__hover_enabled=&#8221;off&#8221; button_border_color__hover_enabled=&#8221;off&#8221; button_one_border_color__hover_enabled=&#8221;off&#8221; button_two_border_color__hover_enabled=&#8221;off&#8221; button_border_radius__hover_enabled=&#8221;off&#8221; button_one_border_radius__hover_enabled=&#8221;off&#8221; button_two_border_radius__hover_enabled=&#8221;off&#8221; button_letter_spacing__hover_enabled=&#8221;off&#8221; button_one_letter_spacing__hover_enabled=&#8221;off&#8221; button_two_letter_spacing__hover_enabled=&#8221;off&#8221; button_bg_color__hover_enabled=&#8221;off&#8221; button_one_bg_color__hover_enabled=&#8221;off&#8221; button_two_bg_color__hover_enabled=&#8221;off&#8221;][\/et_pb_contact_field][et_pb_contact_field field_id=&#8221;Message&#8221; field_title=&#8221;Mesajul dvs.&#8221; field_type=&#8221;text&#8221; fullwidth_field=&#8221;on&#8221; _builder_version=&#8221;3.18.9&#8243; button_text_size__hover_enabled=&#8221;off&#8221; button_one_text_size__hover_enabled=&#8221;off&#8221; button_two_text_size__hover_enabled=&#8221;off&#8221; button_text_color__hover_enabled=&#8221;off&#8221; button_one_text_color__hover_enabled=&#8221;off&#8221; button_two_text_color__hover_enabled=&#8221;off&#8221; button_border_width__hover_enabled=&#8221;off&#8221; button_one_border_width__hover_enabled=&#8221;off&#8221; button_two_border_width__hover_enabled=&#8221;off&#8221; button_border_color__hover_enabled=&#8221;off&#8221; button_one_border_color__hover_enabled=&#8221;off&#8221; button_two_border_color__hover_enabled=&#8221;off&#8221; button_border_radius__hover_enabled=&#8221;off&#8221; button_one_border_radius__hover_enabled=&#8221;off&#8221; button_two_border_radius__hover_enabled=&#8221;off&#8221; button_letter_spacing__hover_enabled=&#8221;off&#8221; button_one_letter_spacing__hover_enabled=&#8221;off&#8221; button_two_letter_spacing__hover_enabled=&#8221;off&#8221; button_bg_color__hover_enabled=&#8221;off&#8221; button_one_bg_color__hover_enabled=&#8221;off&#8221; button_two_bg_color__hover_enabled=&#8221;off&#8221;][\/et_pb_contact_field][\/et_pb_contact_form][\/et_pb_column][et_pb_column type=&#8221;2_5&#8243; _builder_version=&#8221;3.25&#8243; custom_padding=&#8221;|||&#8221; custom_padding__hover=&#8221;|||&#8221;][et_pb_text _builder_version=&#8221;4.0.11&#8243; text_font=&#8221;Kaushan Script||||||||&#8221; text_text_color=&#8221;#f0622a&#8221; text_font_size=&#8221;30px&#8221; header_font=&#8221;||||||||&#8221; background_layout=&#8221;dark&#8221;]<\/p>\n<p>Operatorul PDI 2020<\/p>\n<p>[\/et_pb_text][et_pb_text _builder_version=&#8221;4.0.11&#8243; text_font=&#8221;||||||||&#8221;]<\/p>\n<p><span><img loading=\"lazy\" decoding=\"async\" src=\"https:\/\/pdi.ro\/2020\/wp-content\/uploads\/2020\/02\/eventer_logo_150px.png\" width=\"151\" height=\"33\" alt=\"\" class=\"wp-image-774 alignleft size-full\" \/><\/span><\/p>\n<p><span><\/span><\/p>\n<p><span><\/span><\/p>\n<p><span>Adresa: Str. A. Panu nr. 13, Iasi<\/span><br \/> <span>Tel.: 0332.40.88.00-05<\/span><br \/> <span>E-mail: <a href=\"mailto:inscrieri@primaderma.ro\" target=\"_blank\" rel=\"noopener noreferrer\">inscrieri@primaderma.ro<\/a><br \/> <\/span><span>Website:\u00a0<\/span><a href=\"http:\/\/www.eventernet.ro\/\" target=\"Blank\" rel=\"noopener noreferrer\">www.eventernet.ro<\/a><\/p>\n<p>[\/et_pb_text][et_pb_text disabled_on=&#8221;off|off|off&#8221; _builder_version=&#8221;4.0.11&#8243; text_font=&#8221;Kaushan Script||||||||&#8221; text_text_color=&#8221;#f0622a&#8221; text_font_size=&#8221;30px&#8221; header_font=&#8221;||||||||&#8221; background_layout=&#8221;dark&#8221; locked=&#8221;off&#8221;]<\/p>\n<p>Parteneri Media<\/p>\n<p>[\/et_pb_text][et_pb_gallery gallery_ids=&#8221;7203,7204,7232,7231&#8243; fullwidth=&#8221;on&#8221; _builder_version=&#8221;4.0.11&#8243; transform_scale=&#8221;86%|86%&#8221; max_width=&#8221;63%&#8221; auto=&#8221;on&#8221; auto_speed=&#8221;3500&#8243; hover_transition_duration=&#8221;100ms&#8221; hover_transition_delay=&#8221;50ms&#8221; hover_transition_speed_curve=&#8221;ease-in-out&#8221; locked=&#8221;off&#8221;][\/et_pb_gallery][\/et_pb_column][\/et_pb_row][\/et_pb_section]<\/p>\n","protected":false},"excerpt":{"rendered":"<p>Dr. B\u0103dulici Sonia Spitalul Clinic \u201cColentina\u201d, Bucure\u015ftiFactori genetici \u00een alergia la tiomersal: studii de caz Autori: Coralia Bleotu, Lilia Matei, Sonia C. B\u0103dulici, Mirela Radu, Annie Bonnevalle, Marinela Chiril\u0103 Introducere: Predispozi\u021bia genetic\u0103 la dermatita alergic\u0103 de contact este \u00eenc\u0103 doar partial cunoscut\u0103, \u00een pofida a numeroase studii realizate de-a lungul a zeci de ani de [&hellip;]<\/p>\n","protected":false},"author":2,"featured_media":0,"parent":0,"menu_order":0,"comment_status":"closed","ping_status":"closed","template":"","meta":{"_et_pb_use_builder":"on","_et_pb_old_content":"","_et_gb_content_width":"","footnotes":""},"class_list":["post-7490","page","type-page","status-publish","hentry"],"_links":{"self":[{"href":"https:\/\/pdi.ro\/2020\/wp-json\/wp\/v2\/pages\/7490","targetHints":{"allow":["GET"]}}],"collection":[{"href":"https:\/\/pdi.ro\/2020\/wp-json\/wp\/v2\/pages"}],"about":[{"href":"https:\/\/pdi.ro\/2020\/wp-json\/wp\/v2\/types\/page"}],"author":[{"embeddable":true,"href":"https:\/\/pdi.ro\/2020\/wp-json\/wp\/v2\/users\/2"}],"replies":[{"embeddable":true,"href":"https:\/\/pdi.ro\/2020\/wp-json\/wp\/v2\/comments?post=7490"}],"version-history":[{"count":5,"href":"https:\/\/pdi.ro\/2020\/wp-json\/wp\/v2\/pages\/7490\/revisions"}],"predecessor-version":[{"id":8305,"href":"https:\/\/pdi.ro\/2020\/wp-json\/wp\/v2\/pages\/7490\/revisions\/8305"}],"wp:attachment":[{"href":"https:\/\/pdi.ro\/2020\/wp-json\/wp\/v2\/media?parent=7490"}],"curies":[{"name":"wp","href":"https:\/\/api.w.org\/{rel}","templated":true}]}}