{"id":7495,"date":"2020-03-06T17:27:02","date_gmt":"2020-03-06T15:27:02","guid":{"rendered":"https:\/\/primaderma.ro\/?page_id=7495"},"modified":"2020-07-06T10:53:04","modified_gmt":"2020-07-06T08:53:04","slug":"prof-dr-bogdanici-camelia","status":"publish","type":"page","link":"https:\/\/pdi.ro\/2020\/prof-dr-bogdanici-camelia\/","title":{"rendered":"Prof. Dr. Bogd\u0103nici Camelia"},"content":{"rendered":"<p>[et_pb_section fb_built=&#8221;1&#8243; fullwidth=&#8221;on&#8221; disabled_on=&#8221;on|off|off&#8221; _builder_version=&#8221;3.22&#8243; custom_margin=&#8221;||&#8221; custom_padding=&#8221;15px||29px&#8221; top_divider_style=&#8221;waves2&#8243; top_divider_color=&#8221;#f0622a&#8221; top_divider_flip=&#8221;horizontal|vertical&#8221; bottom_divider_style=&#8221;waves2&#8243; bottom_divider_color=&#8221;#fcdedb&#8221; bottom_divider_height=&#8221;105px&#8221; bottom_divider_flip=&#8221;vertical&#8221; collapsed=&#8221;off&#8221;][et_pb_fullwidth_header title=&#8221;@ET-DC@eyJkeW5hbWljIjp0cnVlLCJjb250ZW50IjoicG9zdF90aXRsZSIsInNldHRpbmdzIjp7ImJlZm9yZSI6IiIsImFmdGVyIjoiIn19@&#8221; text_orientation=&#8221;right&#8221; header_image_url=&#8221;https:\/\/pdi.ro\/2020\/wp-content\/uploads\/2020\/05\/pdi_iulie_online.png&#8221; disabled_on=&#8221;on|on|off&#8221; _builder_version=&#8221;4.4.7&#8243; _dynamic_attributes=&#8221;title&#8221; title_font=&#8221;Kaushan Script||||||||&#8221; title_text_align=&#8221;right&#8221; title_text_color=&#8221;#f0622a&#8221; title_font_size=&#8221;50px&#8221; content_font=&#8221;|600||on|||||&#8221; content_text_align=&#8221;center&#8221; content_text_color=&#8221;#686766&#8243; content_font_size=&#8221;15px&#8221; subhead_font=&#8221;||||||||&#8221; background_color=&#8221;rgba(239,145,107,0.54)&#8221; background_image=&#8221;https:\/\/pdi.ro\/2020\/wp-content\/uploads\/2020\/02\/back.jpg&#8221; background_layout=&#8221;light&#8221; custom_margin=&#8221;0px||8px&#8221; custom_padding=&#8221;40px||40px||true&#8221; content_font_size_tablet=&#8221;&#8221; content_font_size_phone=&#8221;15px&#8221; content_font_size_last_edited=&#8221;on|desktop&#8221;][\/et_pb_fullwidth_header][\/et_pb_section][et_pb_section fb_built=&#8221;1&#8243; _builder_version=&#8221;3.22&#8243;][et_pb_row column_structure=&#8221;2_5,3_5&#8243; _builder_version=&#8221;3.25&#8243; locked=&#8221;off&#8221;][et_pb_column type=&#8221;2_5&#8243; _builder_version=&#8221;3.25&#8243; custom_padding=&#8221;|||&#8221; custom_padding__hover=&#8221;|||&#8221;][et_pb_image src=&#8221;https:\/\/pdi.ro\/2020\/wp-content\/uploads\/2020\/06\/Bogdanici.png&#8221; title_text=&#8221;Bogdanici&#8221; align=&#8221;center&#8221; align_tablet=&#8221;center&#8221; align_phone=&#8221;&#8221; align_last_edited=&#8221;on|desktop&#8221; _builder_version=&#8221;4.4.8&#8243; max_width=&#8221;31%&#8221; border_radii=&#8221;on|100px|100px|100px|100px&#8221;][\/et_pb_image][\/et_pb_column][et_pb_column type=&#8221;3_5&#8243; _builder_version=&#8221;3.25&#8243; custom_padding=&#8221;|||&#8221; custom_padding__hover=&#8221;|||&#8221;][et_pb_text _builder_version=&#8221;4.0.11&#8243;]<\/p>\n<h4><span style=\"color: #ff6600;\"><strong><\/strong><\/span><\/h4>\n<h4><span style=\"color: #ff6600;\"><strong><\/strong><\/span><\/h4>\n<h4><span style=\"color: #ff6600;\"><strong><\/strong><\/span><\/h4>\n<h4><span style=\"color: #ff6600;\"><strong>Prof. Dr. Bogd\u0103nici Camelia<\/strong><\/span><br \/> <span style=\"color: #ff6600;\"><strong> U.M.F. &#8220;Grigore T. Popa&#8221;, Ia\u0219i, Spitalul Clinic Jude\u021bean de Urgen\u021be &#8220;Sf. Spiridon&#8221; Ia\u0219i<\/strong><\/span><\/h4>\n<p>[\/et_pb_text][\/et_pb_column][\/et_pb_row][et_pb_row _builder_version=&#8221;3.25&#8243; locked=&#8221;off&#8221;][et_pb_column type=&#8221;4_4&#8243; _builder_version=&#8221;3.25&#8243; custom_padding=&#8221;|||&#8221; custom_padding__hover=&#8221;|||&#8221;][et_pb_text _builder_version=&#8221;4.4.8&#8243; hover_enabled=&#8221;0&#8243;]<\/p>\n<p style=\"text-align: justify;\"><span style=\"color: #ff6600;\">Actualit\u0103\u021bi despre Demodex! Cum se poate trata?<\/span><br \/> <span style=\"color: #ff6600;\">Autor: Camelia-Margareta Bogd\u0103nici<\/span><\/p>\n<p style=\"text-align: justify;\">Demodex poate afecta la nivelul fe\u021bei &#8211; pleoapele, determin\u00e2nd blefatita dar \u0219i acneea rosacea, care va determina Sindromul ochiului uscat sau Disfunc\u021bia glandelor Meibomius. Exist\u0103 dou\u0103 forme de Demodex: Demodex folliculorum \u2013 care afecteaz\u0103 foliculii genelor (cu o lungime de 0.3-0.4 mm) \u0219i Demodex brevis \u2013 care se g\u0103se\u0219te \u00een glandele sebacee \u0219i \u00een glandele Meibomius. D. brevis este de dimensiuni mai mici (0.2 \u2013 0.3 mm).<br \/> Diverse studii au demonstrat c\u0103 rata de colonizare este \u00eentre 20% and 80% \u0219i c\u0103 se constat\u0103 o cre\u0219tere cu \u00eenaintarea \u00een v\u00e2rst\u0103. Un studiu recent efectuat \u00een Turcia, prin examinarea biopsiilor de la nivelul pielii la 300 de voluntari s\u0103n\u0103to\u0219i, a ar\u0103tat o prevalen\u021b\u0103 a D. folliculorum \u0219i D. brevis de 61.3% (media 14.3\/cm2) \u0219i respectiv 23.3% (media 3.2\/cm2). Infestarea at\u00e2t cu D. folliculorum c\u00e2t \u0219i cu D. brevis este mai frecvent\u0103 la sexul masculin dec\u00e2t la cel feminin, probabil datorit\u0103 nun\u0103rului mai mare de glande sebacee.<br \/> Pacien\u021bii cu simptomatologie ocular\u0103 \u2013 mai ales cu afectarea genelor &#8211; au o prevalen\u021b\u0103 pentru Demodex cuprins\u0103 \u00eentre 55% \u0219i 70%. \u00cen popula\u021bia general\u0103, frecven\u021ba este diferit\u0103: \u00eentre 18% &#8211; 55% pentru D. folliculorum, fiind mai frecvent (2.4x) fa\u021b\u0103 de D. brevis.<br \/> Posibilit\u0103\u021bi de tratament: natural, prin utilizarea uleiului provenit din frunzele de Melaleuca alternifolia; ceaiul de Paperbark, originar din Australia, care are propriet\u0103\u021bi antimicrobiene, anti-inflamatorii, antifungice \u0219i antivirale, fiind toxic pentru Demodex. Igiena pleoapelor este considerat\u0103 esen\u021bial\u0103. Prezentarea arat\u0103 o modalitate de tratament a blefaritei determinate de Demodex cu \u0219erve\u021bele palpebrale care asigur\u0103 \u0219i o igien\u0103 eficient\u0103 a genelor.<br \/> Conclusions: infestarea cu Demodex este frecvent\u0103 mai ales \u00een popula\u021bia mai \u00een v\u00e2rst\u0103, cu afectarea mai ales a genelor de la nivelul pleoapelor. Utlizarea de terpinen-4-ol reprezint\u0103 un tratament eficient al blefaritelor \u00eempreun\u0103 cu p\u0103strarea igienei acestora.<\/p>\n<p style=\"text-align: justify;\"><span style=\"color: #ff6600;\">I Found about Demodex! How do I treat it?<\/span><br \/> <span style=\"color: #ff6600;\">Author: Camelia-Margareta Bogd\u0103nici<\/span><\/p>\n<p style=\"text-align: justify;\">Demodex can spread from the face to the eyelids, probably leading to blepharitis and also rosacea, which may be the link between Dry Eye Disease and Meibomian gland dysfunction. There are two types of Demodex: Demodex folliculorum \u2013 found in eye lash follicles, 0.3-0.4 mm long and Demodex brevis \u2013 burrows deep into sebaceous and Meibomian glands. D. brevis is smaller and stubbier (0.2 \u2013 0.3 mm).<br \/> Various studies have shown normal rates of colonization that can vary between 20% and 80%, increasing with aging. Both species are found in several populations around the world and different ethnic groups and in regions where the climate is warmer. A more recent studies in Turkey examined superficial skin biopsies from 300 healthy volunteers, revealing a prevalence and density for D. folliculorum and D. brevis of 61.3% (mean 14.3\/cm2) and 23.3% (mean 3.2\/cm2), respectively. Infestation of both D. folliculorum and D. brevis is more common in males than in females, presumably due to greater numbers of sebaceous glands. For patients presenting ocular problems, the prevalence of ocular Demodex detected by eyelash sampling is reported to be between 55% and 70%. In a more general population, the picture is more varied: from 18% to 55%. D. folliculorum is much more common (2.4x) amongst samplet eyelashes than D. brevis. Some factors may change the environment to encourage mite\u2019s proliferation, such as: skin phototype, exposure to sunlight, alcohol intake, smoking, stress, hot beverages, spicy food and abrupt changes in temperature.<br \/> Modalities of treatment: natural, essential oil from steamed Melaleuca alternifolia leaves; tea tree or narrow-leaved Paperbark, native to Australia; exhibits antimicrobial, anti-inflammatory, antifungal, and antiviral properties; toxic to Demodex. Eyelid hygiene can be considered essential for promoting and maintaining eyelid health; lid hygiene reduces Demodex counts but does not eradicate the mites; association of a TTO ointment with eyelid hygiene is effective in relieving symptoms of Demodex spp. infestation. The treatment of Demodex blepharitis needs to be comprehensive, directed at eradicating the Demodex mites and managing the signs and symptoms of the associated blepharitis. Eyelid hygiene is one of the basic principle of Demodex blepharitis to complement medical treatment; the importance of twice daily comprehensive eyelid hygiene procedures with eyelid wipes, warm compress and eyelid massage, in addition to standard therapy of Demodex blepharitis was demonstrated.<br \/> Conclusions: Demodex infestation is: very common, especially in older people, and can lead to eyelid and ocular surface diseases such as blepharitis. The mites can directly obstruct follicles and glands and can also be vectors for bacteria, provoking immune responses. Currently, terpinen-4-ol is the most efficient treatment to eradicate mites so far, in addition to a lid hygiene to relieve ocular signs and symptoms.<\/p>\n<p style=\"text-align: justify;\"><span style=\"color: #ff6600;\">Scurt CV<\/span><\/p>\n<p style=\"text-align: justify;\"><span style=\"color: #000000;\">Sunt absolvent\u0103 a Universit\u0103\u0163ii de Medicin\u0103 \u015fi Farmacie \u201cGrigore T. Popa\u201d Ia\u015fi, Rom\u00e2nia din 1985.<br \/> \u00cen perioada 1990-1994 am urmat reziden\u0163iatul \u00een Specialitatea Oftalmologie, Spital \u201dSf. Spiridon\u201d, Ia\u015fi unde \u00eemi continui activitatea ca medic primar \u015fi \u00een prezent.<br \/> \u00cen perioada 1987-1990, am fost Asistent Universitar, la Disciplina Histologie, iar \u00eentre 1991 \u2013 1999 la Disciplina Oftalmologie, U.M.F. \u201cGrigore T. Popa\u201d Ia\u015fi. \u00centre 1999 \u2013 2007 am fost \u015eef de lucr\u0103ri iar din 2007 sunt Conferen\u0163iar la Disciplina Oftalmologie, U.M.F. Iasi, Spital \u201dSf. Spiridon\u201d Ia\u015fi.<br \/> Din 2017 sunt Coordonatorul activit\u0103\u0163ii didactice la Disciplina Oftralmologie, Departamentul Chirurgie II.<br \/> \u00cen 1999 am sus\u0163inut Doctoratul \u00een Medicin\u0103, specialitatea Oftalmologie, cu tema: \u201cCercet\u0103ri clinice privind echilibrul presor intraocular la Normali, Hipertensivi \u015fi Glaucomato\u015fi.<br \/> Am avut Burse de cercetare \u015fi de lucru \u00een: K\u00f6ln &#8211; Germania (1994); Kfar-Saba Israel (1997); Louisville Kentucky (1997); Regensburg &#8211; Germania (1994). \u00centre 2007 &#8211; 2012, am fost Directorul Medical din Spitalul Clinic de Urgen\u0163e \u201cSf. Spiridon\u201d Ia\u015fi, iar \u00eentre 2012 &#8211; 2016, Deputat \u00een Parlamentul Rom\u00e2niei, \u015fi membr\u0103 a Comisiei pentru S\u0103n\u0103tate \u015fi Familie.<br \/> Sunt membr\u0103 \u00een bordul de conducere al Societ\u0103\u0163ii Rom\u00e2ne de Oftalmologie, vicepre\u015fedinta Societ\u0103\u0163ii Rom\u00e2ne de Oftalmopediatrie \u015fi Strabism, membr\u0103 a Societ\u0103\u0163ii Rom\u00e2ne de Lentile de Contact, membr\u0103 a Academiei Europene de Ortokeratologie.<br \/> Sunt autor \u015fi coautor a numeroase lucr\u0103ri \u015ftiin\u0163ifice la Congrese din Rom\u00e2nia precum \u015fi Interna\u0163ionale, a 17 publica\u0163ii \u015ftiin\u0163ifice ISI \u015fi 36 BDI, precum \u015fi a 15 c\u0103r\u0163i \u00een oftalmologie.<br \/> Subiecte preferate: Oftalmopediatrie, Ambliopie, Ortokeratologie, Lentile de Contact, Low-Vision.<\/span><\/p>\n<p>[\/et_pb_text][\/et_pb_column][\/et_pb_row][\/et_pb_section][et_pb_section fb_built=&#8221;1&#8243; _builder_version=&#8221;3.22&#8243; background_color=&#8221;rgba(117,194,33,0.23)&#8221; background_image=&#8221;https:\/\/pdi.ro\/2020\/wp-content\/uploads\/2020\/02\/back_justflowers_overlay1.png&#8221; background_blend=&#8221;luminosity&#8221; custom_padding=&#8221;54px|0px|0|0px|false|false&#8221; top_divider_style=&#8221;waves2&#8243; top_divider_color=&#8221;#ffffff&#8221; top_divider_height=&#8221;155px&#8221; top_divider_height_tablet=&#8221;&#8221; top_divider_height_phone=&#8221;97px&#8221; top_divider_height_last_edited=&#8221;on|desktop&#8221; bottom_divider_style=&#8221;waves2&#8243; bottom_divider_color=&#8221;#75c221&#8243; bottom_divider_flip=&#8221;vertical&#8221; bottom_divider_height_tablet=&#8221;&#8221; bottom_divider_height_phone=&#8221;59px&#8221; bottom_divider_height_last_edited=&#8221;on|desktop&#8221;][et_pb_row column_structure=&#8221;3_5,2_5&#8243; _builder_version=&#8221;3.25&#8243; custom_padding=&#8221;61px|0px|69px|0px|false|false&#8221;][et_pb_column type=&#8221;3_5&#8243; _builder_version=&#8221;3.25&#8243; custom_padding=&#8221;|||&#8221; custom_padding__hover=&#8221;|||&#8221;][et_pb_text _builder_version=&#8221;4.0.11&#8243; text_font=&#8221;Kaushan Script||||||||&#8221; text_text_color=&#8221;#f0622a&#8221; text_font_size=&#8221;30px&#8221; text_line_height=&#8221;1.2em&#8221; header_font=&#8221;||||||||&#8221; background_layout=&#8221;dark&#8221; text_font_size_tablet=&#8221;&#8221; text_font_size_phone=&#8221;&#8221; text_font_size_last_edited=&#8221;on|desktop&#8221;]<\/p>\n<p>Contacteaz\u0103 operatorul PDI 2020<\/p>\n<p>[\/et_pb_text][et_pb_contact_form email=&#8221;contact@primaderma.ro\/2019&#8243; submit_button_text=&#8221;Trimite mesajul&#8221; _builder_version=&#8221;3.19.4&#8243; title_font=&#8221;||||||||&#8221;][et_pb_contact_field field_id=&#8221;Name&#8221; field_title=&#8221;Nume&#8221; _builder_version=&#8221;3.18.9&#8243; button_text_size__hover_enabled=&#8221;off&#8221; button_one_text_size__hover_enabled=&#8221;off&#8221; button_two_text_size__hover_enabled=&#8221;off&#8221; button_text_color__hover_enabled=&#8221;off&#8221; button_one_text_color__hover_enabled=&#8221;off&#8221; button_two_text_color__hover_enabled=&#8221;off&#8221; button_border_width__hover_enabled=&#8221;off&#8221; button_one_border_width__hover_enabled=&#8221;off&#8221; button_two_border_width__hover_enabled=&#8221;off&#8221; button_border_color__hover_enabled=&#8221;off&#8221; button_one_border_color__hover_enabled=&#8221;off&#8221; button_two_border_color__hover_enabled=&#8221;off&#8221; button_border_radius__hover_enabled=&#8221;off&#8221; button_one_border_radius__hover_enabled=&#8221;off&#8221; button_two_border_radius__hover_enabled=&#8221;off&#8221; button_letter_spacing__hover_enabled=&#8221;off&#8221; button_one_letter_spacing__hover_enabled=&#8221;off&#8221; button_two_letter_spacing__hover_enabled=&#8221;off&#8221; button_bg_color__hover_enabled=&#8221;off&#8221; button_one_bg_color__hover_enabled=&#8221;off&#8221; button_two_bg_color__hover_enabled=&#8221;off&#8221;][\/et_pb_contact_field][et_pb_contact_field field_id=&#8221;Email&#8221; field_title=&#8221;Adresa de e-mail&#8221; field_type=&#8221;email&#8221; _builder_version=&#8221;3.19.4&#8243; button_text_size__hover_enabled=&#8221;off&#8221; button_one_text_size__hover_enabled=&#8221;off&#8221; button_two_text_size__hover_enabled=&#8221;off&#8221; button_text_color__hover_enabled=&#8221;off&#8221; button_one_text_color__hover_enabled=&#8221;off&#8221; button_two_text_color__hover_enabled=&#8221;off&#8221; button_border_width__hover_enabled=&#8221;off&#8221; button_one_border_width__hover_enabled=&#8221;off&#8221; button_two_border_width__hover_enabled=&#8221;off&#8221; button_border_color__hover_enabled=&#8221;off&#8221; button_one_border_color__hover_enabled=&#8221;off&#8221; button_two_border_color__hover_enabled=&#8221;off&#8221; button_border_radius__hover_enabled=&#8221;off&#8221; button_one_border_radius__hover_enabled=&#8221;off&#8221; button_two_border_radius__hover_enabled=&#8221;off&#8221; button_letter_spacing__hover_enabled=&#8221;off&#8221; button_one_letter_spacing__hover_enabled=&#8221;off&#8221; button_two_letter_spacing__hover_enabled=&#8221;off&#8221; button_bg_color__hover_enabled=&#8221;off&#8221; button_one_bg_color__hover_enabled=&#8221;off&#8221; button_two_bg_color__hover_enabled=&#8221;off&#8221;][\/et_pb_contact_field][et_pb_contact_field field_id=&#8221;Message&#8221; field_title=&#8221;Mesajul dvs.&#8221; field_type=&#8221;text&#8221; fullwidth_field=&#8221;on&#8221; _builder_version=&#8221;3.18.9&#8243; button_text_size__hover_enabled=&#8221;off&#8221; button_one_text_size__hover_enabled=&#8221;off&#8221; button_two_text_size__hover_enabled=&#8221;off&#8221; button_text_color__hover_enabled=&#8221;off&#8221; button_one_text_color__hover_enabled=&#8221;off&#8221; button_two_text_color__hover_enabled=&#8221;off&#8221; button_border_width__hover_enabled=&#8221;off&#8221; button_one_border_width__hover_enabled=&#8221;off&#8221; button_two_border_width__hover_enabled=&#8221;off&#8221; button_border_color__hover_enabled=&#8221;off&#8221; button_one_border_color__hover_enabled=&#8221;off&#8221; button_two_border_color__hover_enabled=&#8221;off&#8221; button_border_radius__hover_enabled=&#8221;off&#8221; button_one_border_radius__hover_enabled=&#8221;off&#8221; button_two_border_radius__hover_enabled=&#8221;off&#8221; button_letter_spacing__hover_enabled=&#8221;off&#8221; button_one_letter_spacing__hover_enabled=&#8221;off&#8221; button_two_letter_spacing__hover_enabled=&#8221;off&#8221; button_bg_color__hover_enabled=&#8221;off&#8221; button_one_bg_color__hover_enabled=&#8221;off&#8221; button_two_bg_color__hover_enabled=&#8221;off&#8221;][\/et_pb_contact_field][\/et_pb_contact_form][\/et_pb_column][et_pb_column type=&#8221;2_5&#8243; _builder_version=&#8221;3.25&#8243; custom_padding=&#8221;|||&#8221; custom_padding__hover=&#8221;|||&#8221;][et_pb_text _builder_version=&#8221;4.0.11&#8243; text_font=&#8221;Kaushan Script||||||||&#8221; text_text_color=&#8221;#f0622a&#8221; text_font_size=&#8221;30px&#8221; header_font=&#8221;||||||||&#8221; background_layout=&#8221;dark&#8221;]<\/p>\n<p>Operatorul PDI 2020<\/p>\n<p>[\/et_pb_text][et_pb_text _builder_version=&#8221;4.0.11&#8243; text_font=&#8221;||||||||&#8221;]<\/p>\n<p><span><img loading=\"lazy\" decoding=\"async\" src=\"https:\/\/pdi.ro\/2020\/wp-content\/uploads\/2020\/02\/eventer_logo_150px.png\" width=\"151\" height=\"33\" alt=\"\" class=\"wp-image-774 alignleft size-full\" \/><\/span><\/p>\n<p><span><\/span><\/p>\n<p><span><\/span><\/p>\n<p><span>Adresa: Str. A. Panu nr. 13, Iasi<\/span><br \/> <span>Tel.: 0332.40.88.00-05<\/span><br \/> <span>E-mail: <a href=\"mailto:inscrieri@primaderma.ro\" target=\"_blank\" rel=\"noopener noreferrer\">inscrieri@primaderma.ro<\/a><br \/> <\/span><span>Website:\u00a0<\/span><a href=\"http:\/\/www.eventernet.ro\/\" target=\"Blank\" rel=\"noopener noreferrer\">www.eventernet.ro<\/a><\/p>\n<p>[\/et_pb_text][et_pb_text disabled_on=&#8221;off|off|off&#8221; _builder_version=&#8221;4.0.11&#8243; text_font=&#8221;Kaushan Script||||||||&#8221; text_text_color=&#8221;#f0622a&#8221; text_font_size=&#8221;30px&#8221; header_font=&#8221;||||||||&#8221; background_layout=&#8221;dark&#8221; locked=&#8221;off&#8221;]<\/p>\n<p>Parteneri Media<\/p>\n<p>[\/et_pb_text][et_pb_gallery gallery_ids=&#8221;7203,7204,7232,7231&#8243; fullwidth=&#8221;on&#8221; _builder_version=&#8221;4.0.11&#8243; transform_scale=&#8221;86%|86%&#8221; max_width=&#8221;63%&#8221; auto=&#8221;on&#8221; auto_speed=&#8221;3500&#8243; hover_transition_duration=&#8221;100ms&#8221; hover_transition_delay=&#8221;50ms&#8221; hover_transition_speed_curve=&#8221;ease-in-out&#8221; locked=&#8221;off&#8221;][\/et_pb_gallery][\/et_pb_column][\/et_pb_row][\/et_pb_section]<\/p>\n","protected":false},"excerpt":{"rendered":"<p>Prof. Dr. Bogd\u0103nici Camelia U.M.F. &#8220;Grigore T. Popa&#8221;, Ia\u0219i, Spitalul Clinic Jude\u021bean de Urgen\u021be &#8220;Sf. Spiridon&#8221; Ia\u0219i Actualit\u0103\u021bi despre Demodex! Cum se poate trata? Autor: Camelia-Margareta Bogd\u0103nici Demodex poate afecta la nivelul fe\u021bei &#8211; pleoapele, determin\u00e2nd blefatita dar \u0219i acneea rosacea, care va determina Sindromul ochiului uscat sau Disfunc\u021bia glandelor Meibomius. Exist\u0103 dou\u0103 forme de [&hellip;]<\/p>\n","protected":false},"author":2,"featured_media":0,"parent":0,"menu_order":0,"comment_status":"closed","ping_status":"closed","template":"","meta":{"_et_pb_use_builder":"on","_et_pb_old_content":"","_et_gb_content_width":"","footnotes":""},"class_list":["post-7495","page","type-page","status-publish","hentry"],"_links":{"self":[{"href":"https:\/\/pdi.ro\/2020\/wp-json\/wp\/v2\/pages\/7495","targetHints":{"allow":["GET"]}}],"collection":[{"href":"https:\/\/pdi.ro\/2020\/wp-json\/wp\/v2\/pages"}],"about":[{"href":"https:\/\/pdi.ro\/2020\/wp-json\/wp\/v2\/types\/page"}],"author":[{"embeddable":true,"href":"https:\/\/pdi.ro\/2020\/wp-json\/wp\/v2\/users\/2"}],"replies":[{"embeddable":true,"href":"https:\/\/pdi.ro\/2020\/wp-json\/wp\/v2\/comments?post=7495"}],"version-history":[{"count":8,"href":"https:\/\/pdi.ro\/2020\/wp-json\/wp\/v2\/pages\/7495\/revisions"}],"predecessor-version":[{"id":8560,"href":"https:\/\/pdi.ro\/2020\/wp-json\/wp\/v2\/pages\/7495\/revisions\/8560"}],"wp:attachment":[{"href":"https:\/\/pdi.ro\/2020\/wp-json\/wp\/v2\/media?parent=7495"}],"curies":[{"name":"wp","href":"https:\/\/api.w.org\/{rel}","templated":true}]}}