{"id":8124,"date":"2020-05-28T14:42:45","date_gmt":"2020-05-28T12:42:45","guid":{"rendered":"https:\/\/primaderma.ro\/?page_id=8124"},"modified":"2020-06-24T14:40:02","modified_gmt":"2020-06-24T12:40:02","slug":"conf-univ-dr-stoleriu-gabriela","status":"publish","type":"page","link":"https:\/\/pdi.ro\/2020\/conf-univ-dr-stoleriu-gabriela\/","title":{"rendered":"Conf. Univ. Dr. Stoleriu Gabriela"},"content":{"rendered":"<p>[et_pb_section fb_built=&#8221;1&#8243; fullwidth=&#8221;on&#8221; disabled_on=&#8221;on|off|off&#8221; _builder_version=&#8221;3.22&#8243; custom_margin=&#8221;||&#8221; custom_padding=&#8221;15px||29px&#8221; top_divider_style=&#8221;waves2&#8243; top_divider_color=&#8221;#f0622a&#8221; top_divider_flip=&#8221;horizontal|vertical&#8221; bottom_divider_style=&#8221;waves2&#8243; bottom_divider_color=&#8221;#fcdedb&#8221; bottom_divider_height=&#8221;105px&#8221; bottom_divider_flip=&#8221;vertical&#8221; collapsed=&#8221;off&#8221;][et_pb_fullwidth_header title=&#8221;@ET-DC@eyJkeW5hbWljIjp0cnVlLCJjb250ZW50IjoicG9zdF90aXRsZSIsInNldHRpbmdzIjp7ImJlZm9yZSI6IiIsImFmdGVyIjoiIn19@&#8221; text_orientation=&#8221;right&#8221; header_image_url=&#8221;https:\/\/pdi.ro\/2020\/wp-content\/uploads\/2020\/05\/pdi_iulie_online.png&#8221; disabled_on=&#8221;on|on|off&#8221; _builder_version=&#8221;4.4.7&#8243; _dynamic_attributes=&#8221;title&#8221; title_font=&#8221;Kaushan Script||||||||&#8221; title_text_align=&#8221;right&#8221; title_text_color=&#8221;#f0622a&#8221; title_font_size=&#8221;50px&#8221; content_font=&#8221;|600||on|||||&#8221; content_text_align=&#8221;center&#8221; content_text_color=&#8221;#686766&#8243; content_font_size=&#8221;15px&#8221; subhead_font=&#8221;||||||||&#8221; background_color=&#8221;rgba(239,145,107,0.54)&#8221; background_image=&#8221;https:\/\/pdi.ro\/2020\/wp-content\/uploads\/2020\/02\/back.jpg&#8221; background_layout=&#8221;light&#8221; custom_margin=&#8221;0px||8px&#8221; custom_padding=&#8221;40px||40px||true&#8221; content_font_size_tablet=&#8221;&#8221; content_font_size_phone=&#8221;15px&#8221; content_font_size_last_edited=&#8221;on|desktop&#8221;][\/et_pb_fullwidth_header][\/et_pb_section][et_pb_section fb_built=&#8221;1&#8243; _builder_version=&#8221;3.22&#8243; locked=&#8221;off&#8221;][et_pb_row column_structure=&#8221;2_5,3_5&#8243; _builder_version=&#8221;3.25&#8243;][et_pb_column type=&#8221;2_5&#8243; _builder_version=&#8221;3.25&#8243; custom_padding=&#8221;|||&#8221; custom_padding__hover=&#8221;|||&#8221;][et_pb_image src=&#8221;https:\/\/pdi.ro\/2020\/wp-content\/uploads\/2020\/02\/Gabriela-Stoleriu.jpg&#8221; title_text=&#8221;Gabriela-Stoleriu&#8221; align=&#8221;center&#8221; align_tablet=&#8221;center&#8221; align_phone=&#8221;&#8221; align_last_edited=&#8221;on|desktop&#8221; _builder_version=&#8221;4.4.7&#8243; max_width=&#8221;31%&#8221; border_radii=&#8221;on|100px|100px|100px|100px&#8221;][\/et_pb_image][\/et_pb_column][et_pb_column type=&#8221;3_5&#8243; _builder_version=&#8221;3.25&#8243; custom_padding=&#8221;|||&#8221; custom_padding__hover=&#8221;|||&#8221;][et_pb_text _builder_version=&#8221;4.4.7&#8243;]<\/p>\n<h4><strong><span style=\"color: #ff6600;\"><\/span><\/strong><\/h4>\n<h4><strong><span style=\"color: #ff6600;\"><\/span><\/strong><\/h4>\n<h4><strong><span style=\"color: #ff6600;\"><\/span><\/strong><\/h4>\n<h4><strong><span style=\"color: #ff6600;\">Conf. Univ. Dr. Gabriela Stoleriu<\/span><\/strong><br \/>\n<strong><span style=\"color: #ff6600;\">Facultatea de Medicin\u0103 \u015fi Farmacie, Universitatea \u201dDun\u0103rea de Jos\u201d, Gala\u0163i<\/span><\/strong><\/h4>\n<p>[\/et_pb_text][\/et_pb_column][\/et_pb_row][et_pb_row _builder_version=&#8221;3.25&#8243;][et_pb_column type=&#8221;4_4&#8243; _builder_version=&#8221;3.25&#8243; custom_padding=&#8221;|||&#8221; custom_padding__hover=&#8221;|||&#8221;][et_pb_text _builder_version=&#8221;4.4.8&#8243; hover_enabled=&#8221;0&#8243;]<\/p>\n<p style=\"text-align: justify;\"><span style=\"color: #ff6600;\">Abord\u0103ri diagnostice \u015fi terapeutice conven\u0163ionale \u015fi moderne: lupusul eritematos sistemic<\/span><br \/> <span style=\"color: #ff6600;\">Autori: Gabriela Stoleriu, Daciana Elena Br\u0103ni\u0219teanu, Florina-Mihaela Filip-Ciubotaru, Anamaria Ciubara, Nicu\u021ba Manolache, M\u0103d\u0103lina Nicoleta Matei<\/span><\/p>\n<p style=\"text-align: justify;\">Lupusul eritematos sistemic (LES) este o afec\u021biune autoimun\u0103 caracterizat\u0103 prin anticorpi \u00eempotriva antigenelor nucleare \u0219i citoplasmatice, inflama\u021bii multisistemice, manifest\u0103ri clinice cu interesare cutanat\u0103 \u015fi a altor organe \u0219i sisteme, care afecteaz\u0103 persoane de diferite v\u00e2rste, \u00een special femei \u00een perioada fertil\u0103. LES are o evolu\u0163ie cu exacerb\u0103ri \u015fi remisiuni, prognosticul fiind marcat de afectarea organelor majore (rinichi, SNC, cord), dar un tratament care s\u0103-l vindece este \u00eenc\u0103 necunoscut.<br \/>\nPacientul cu LES poate fi \u00eent\u00e2lnit at\u00e2t \u00een serviciile de dermatologie, c\u00e2t \u015fi de medicin\u0103 intern\u0103, reumatologie, nefrologie, cardiologie, gastro-enterologie etc.<br \/>\nSuspiciunea de LES \u015fi depistarea rapid\u0103 a afect\u0103rii diverselor sisteme \u015fi aparate sunt importante pentru evaluarea corect\u0103 a stadiului bolii \u015fi pentru instituirea unui tratament corespunz\u0103tor, care \u00eent\u00e2rzie evolu\u0163ia fatal\u0103 a acestei afec\u0163iuni.<br \/>\n\u00cen ultimul timp s-au elucidat o serie de probleme \u015fi s-au conturat concepte noi, iar aspectul clinic, histologic \u015fi biologic al LES este bine definit \u00een prezent.<br \/>\nNoile paneluri de biomarkeri serici sunt promi\u021b\u0103toare pentru diagnosticarea lupusului eritematos sistemic (SLE) \u0219i pentru diagnosticul diferen\u021bial cu alte boli reumatologice autoimune.<br \/>\nTerapia conven\u0163ional\u0103 a LES este reprezentat\u0103 de: antimalarice, corticoterapie sistemic\u0103, medicamente antireumatice modificatoare ale evolu\u0163iei bolii (MARMB) non-biologice \u015fi antiinflamatoare nesteroidiene. Tratamentul actual poate include \u015fi MARMB biologice: belimumab, rituximab, anifrolumab, obinutuzumab.<br \/>\nDin cauza imposibilit\u0103\u0163ii diagnostic\u0103rii rapide \u015fi cu certitudine a LES pe baza unui singur test sau a unei explor\u0103ri care s\u0103 valabile pentru toate cazurile clinice, rezult\u0103 importan\u0163a recunoa\u015fterii acestei boli de c\u0103tre orice medic practician \u0219i ini\u021bierea imediat\u0103 a terapiei corespunz\u0103toare.<\/p>\n<p style=\"text-align: justify;\"><span style=\"color: #ff6600;\">Conventional and modern diagnostic and therapeutic approaches: systemic lupus erythematosus<\/span><br \/> <span style=\"color: #ff6600;\">Authors: Gabriela Stoleriu, Daciana Elena Br\u0103ni\u0219teanu, Florina-Mihaela Filip-Ciubotaru, Anamaria Ciubara, Nicu\u021ba Manolache, M\u0103d\u0103lina Nicoleta Matei<\/span><\/p>\n<p style=\"text-align: justify;\">Systemic lupus erythematosus (SLE) is an autoimmune disease characterized by antibodies that act against nuclear and cytoplasmic antigens, multisystemic inflammation, clinical manifestations on the skin and other organs and systems which affect people of all ages, but especially women of childbearing potential. SLE evolves with exacerbations and remissions, the prognosis being marked by damage being dealt to the major organs (kidneys, CNS, heart). A possible treatment is still unknown.<br \/>\nThe patient with SLE can be found undergoing treatment in the services of dermatology, as well as in internal medicine, rheumatology, nephrology, cardiology, gastroenterology, etc.<br \/>\nSuspicion of SLE and rapid detection of damage to various systems and organs are important for the correct assessment of the stage of the disease and for initiating the appropriate treatment, which delays the fatal evolution of this disease.<br \/>\nRecently, a number of queries have been elucidated and new concepts have emerged, and the clinical, histological and biological aspect of SLE is well defined today.<br \/>\nThe new panels of serum biomarkers are promising for the diagnosis of systemic lupus erythematosus (SLE) and for the differential diagnosis with other autoimmune rheumatic diseases.<br \/>\nConventional therapy for SLE includes: antimalarials, systemic corticosteroids, nonbiologic disease-modifying antirheumatic drugs (Nonbiologic DMARDS) and nonsteroidal anti-inflammatory drugs (NSAID: eg, ibuprofen, naproxen, diclofen). Current treatments may also include Biologic DMARDs (disease-modifying antirheumatic drugs): belimumab, rituximab, anifrolumab, obinutuzumab.<br \/>\nDue to the impossibility of quickly and certainly diagnosing SLE based on a single test<br \/>\nor exploration that is valid for all clinical cases, it is important for any practitioner to recognize this disease and immediately initiate appropriate therapy.<\/p>\n<p style=\"text-align: justify;\"><span style=\"color: #ff6600;\">Scurt CV<\/span><\/p>\n<p><strong>Afiliere profesional\u0103:<\/strong><br \/> \uf0d8 Societatea Rom\u00e2n\u0103 de Dermatologie (SRD)<br \/> \uf0d8 Societatea de medici \u0219i Naturali\u0219ti \u2013 Ia\u015fi (SMN)<br \/> \uf0d8 Asocia\u0163ia Dermatologilor din Moldova (ADEM)<br \/> \uf0d8 Societatea Rom\u00e2na de Dermato-Oncologie (SRDO)<br \/> \uf0d8 European Academy of Dermato-Venerology (EADV)<br \/> \uf0d8 International Dermoscopy Society (IDS)<br \/> \uf0d8 World Academy of Medical Sciences (WAMS)<br \/> \uf0d8 American Academy of Dermatology (AAD)<br \/> Membr\u0103 a Comitetului Na\u021bional al World Academy of Medical Sciences (WAMS) \u2013 Republica Moldova<br \/> Membr\u0103 a WAMS General Council (The World Medical Sciences Council)<br \/> Membr\u0103 \u00een colectivul de redac\u021bie: Revista Buletinul Medicina Familiei<br \/> Recenzor (peer-review-er): Experimental and Therapeutic Medicine (ISI Impact Factor: 1.448)<br \/> Autor \u0219i coautor: 14 c\u0103r\u021bi de specialitate medical\u0103, 14 articole in extenso in reviste cotate ISI Thomson Reuters, 26 articole in extenso \u00een BDI \u0219i reviste recunoscute CNCSIS categoria B+, 96 articole \u00een rezumat.<br \/> Membru \u00een colectiv interna\u021bional sau na\u021bional pentru realizarea a 40 proiecte educa\u021bionale \u0219i de formare medical\u0103 continu\u0103.<br \/> Prezent\u0103ri invitate \u00een plenul unor manifest\u0103ri \u0219tiin\u021bifice na\u021bionale \u0219i interna\u021bionale: 26.<br \/> <strong>Membru organizator manifest\u0103ri \u0219tiin\u021bifice:<\/strong><br \/> &#8211; 1999-2000: Consf\u0103tuirea Regional\u0103 de Dermatologie \u201cZilele Gh. N\u0103stase\u201d, Ia\u0219i<br \/> &#8211; 2001-2014: Conferin\u0163a de Dermatologie \u201cZilele Gh. N\u0103stase\u201d, Ia\u0219i\/ C\u00e2mpulung Moldovenesc<br \/> &#8211; 2014-2020: Prim\u0103vara Dermatologic\u0103 Ie\u0219ean\u0103, Ia\u0219i<br \/> &#8211; 2015: A XI-a edi\u021bie a Conferin\u021bei Na\u021bionale \u201eMedicina de familie \u2013 prima linie \u00een asisten\u021ba medical\u0103\u201d, Br\u0103ila<br \/> &#8211; 2018-2020: Conferin\u021ba European\u0103 de Psihiatrie \u0219i S\u0103n\u0103tate Mintal\u0103 \u201eGalatia\u201d, Gala\u021bi<br \/> &#8211; 2019: a 3-a Conferin\u021b\u0103 a Asocia\u021biei de Imuno-Dermatologie \u0219i a 48-a Conferin\u021b\u0103 a Societ\u0103\u021bii de Imunologie din Rom\u00e2nia, Bucure\u0219ti<\/p>\n<p>[\/et_pb_text][\/et_pb_column][\/et_pb_row][\/et_pb_section][et_pb_section fb_built=&#8221;1&#8243; _builder_version=&#8221;3.22&#8243; background_color=&#8221;rgba(117,194,33,0.23)&#8221; background_image=&#8221;https:\/\/pdi.ro\/2020\/wp-content\/uploads\/2020\/02\/back_justflowers_overlay1.png&#8221; background_blend=&#8221;luminosity&#8221; custom_padding=&#8221;54px|0px|0|0px|false|false&#8221; top_divider_style=&#8221;waves2&#8243; top_divider_color=&#8221;#ffffff&#8221; top_divider_height=&#8221;155px&#8221; top_divider_height_tablet=&#8221;&#8221; top_divider_height_phone=&#8221;97px&#8221; top_divider_height_last_edited=&#8221;on|desktop&#8221; bottom_divider_style=&#8221;waves2&#8243; bottom_divider_color=&#8221;#75c221&#8243; bottom_divider_flip=&#8221;vertical&#8221; bottom_divider_height_tablet=&#8221;&#8221; bottom_divider_height_phone=&#8221;59px&#8221; bottom_divider_height_last_edited=&#8221;on|desktop&#8221;][et_pb_row column_structure=&#8221;3_5,2_5&#8243; _builder_version=&#8221;3.25&#8243; custom_padding=&#8221;61px|0px|69px|0px|false|false&#8221;][et_pb_column type=&#8221;3_5&#8243; _builder_version=&#8221;3.25&#8243; custom_padding=&#8221;|||&#8221; custom_padding__hover=&#8221;|||&#8221;][et_pb_text _builder_version=&#8221;4.0.11&#8243; text_font=&#8221;Kaushan Script||||||||&#8221; text_text_color=&#8221;#f0622a&#8221; text_font_size=&#8221;30px&#8221; text_line_height=&#8221;1.2em&#8221; header_font=&#8221;||||||||&#8221; background_layout=&#8221;dark&#8221; text_font_size_tablet=&#8221;&#8221; text_font_size_phone=&#8221;&#8221; text_font_size_last_edited=&#8221;on|desktop&#8221;]<\/p>\n<p>Contacteaz\u0103 operatorul PDI 2020<\/p>\n<p>[\/et_pb_text][et_pb_contact_form email=&#8221;contact@primaderma.ro\/2019&#8243; submit_button_text=&#8221;Trimite mesajul&#8221; _builder_version=&#8221;3.19.4&#8243; title_font=&#8221;||||||||&#8221;][et_pb_contact_field field_id=&#8221;Name&#8221; field_title=&#8221;Nume&#8221; _builder_version=&#8221;3.18.9&#8243; button_text_size__hover_enabled=&#8221;off&#8221; button_one_text_size__hover_enabled=&#8221;off&#8221; button_two_text_size__hover_enabled=&#8221;off&#8221; button_text_color__hover_enabled=&#8221;off&#8221; button_one_text_color__hover_enabled=&#8221;off&#8221; button_two_text_color__hover_enabled=&#8221;off&#8221; button_border_width__hover_enabled=&#8221;off&#8221; button_one_border_width__hover_enabled=&#8221;off&#8221; button_two_border_width__hover_enabled=&#8221;off&#8221; button_border_color__hover_enabled=&#8221;off&#8221; button_one_border_color__hover_enabled=&#8221;off&#8221; button_two_border_color__hover_enabled=&#8221;off&#8221; button_border_radius__hover_enabled=&#8221;off&#8221; button_one_border_radius__hover_enabled=&#8221;off&#8221; button_two_border_radius__hover_enabled=&#8221;off&#8221; button_letter_spacing__hover_enabled=&#8221;off&#8221; button_one_letter_spacing__hover_enabled=&#8221;off&#8221; button_two_letter_spacing__hover_enabled=&#8221;off&#8221; button_bg_color__hover_enabled=&#8221;off&#8221; button_one_bg_color__hover_enabled=&#8221;off&#8221; button_two_bg_color__hover_enabled=&#8221;off&#8221;][\/et_pb_contact_field][et_pb_contact_field field_id=&#8221;Email&#8221; field_title=&#8221;Adresa de e-mail&#8221; field_type=&#8221;email&#8221; _builder_version=&#8221;3.19.4&#8243; button_text_size__hover_enabled=&#8221;off&#8221; button_one_text_size__hover_enabled=&#8221;off&#8221; button_two_text_size__hover_enabled=&#8221;off&#8221; button_text_color__hover_enabled=&#8221;off&#8221; button_one_text_color__hover_enabled=&#8221;off&#8221; button_two_text_color__hover_enabled=&#8221;off&#8221; button_border_width__hover_enabled=&#8221;off&#8221; button_one_border_width__hover_enabled=&#8221;off&#8221; button_two_border_width__hover_enabled=&#8221;off&#8221; button_border_color__hover_enabled=&#8221;off&#8221; button_one_border_color__hover_enabled=&#8221;off&#8221; button_two_border_color__hover_enabled=&#8221;off&#8221; button_border_radius__hover_enabled=&#8221;off&#8221; button_one_border_radius__hover_enabled=&#8221;off&#8221; button_two_border_radius__hover_enabled=&#8221;off&#8221; button_letter_spacing__hover_enabled=&#8221;off&#8221; button_one_letter_spacing__hover_enabled=&#8221;off&#8221; button_two_letter_spacing__hover_enabled=&#8221;off&#8221; button_bg_color__hover_enabled=&#8221;off&#8221; button_one_bg_color__hover_enabled=&#8221;off&#8221; button_two_bg_color__hover_enabled=&#8221;off&#8221;][\/et_pb_contact_field][et_pb_contact_field field_id=&#8221;Message&#8221; field_title=&#8221;Mesajul dvs.&#8221; field_type=&#8221;text&#8221; fullwidth_field=&#8221;on&#8221; _builder_version=&#8221;3.18.9&#8243; button_text_size__hover_enabled=&#8221;off&#8221; button_one_text_size__hover_enabled=&#8221;off&#8221; button_two_text_size__hover_enabled=&#8221;off&#8221; button_text_color__hover_enabled=&#8221;off&#8221; button_one_text_color__hover_enabled=&#8221;off&#8221; button_two_text_color__hover_enabled=&#8221;off&#8221; button_border_width__hover_enabled=&#8221;off&#8221; button_one_border_width__hover_enabled=&#8221;off&#8221; button_two_border_width__hover_enabled=&#8221;off&#8221; button_border_color__hover_enabled=&#8221;off&#8221; button_one_border_color__hover_enabled=&#8221;off&#8221; button_two_border_color__hover_enabled=&#8221;off&#8221; button_border_radius__hover_enabled=&#8221;off&#8221; button_one_border_radius__hover_enabled=&#8221;off&#8221; button_two_border_radius__hover_enabled=&#8221;off&#8221; button_letter_spacing__hover_enabled=&#8221;off&#8221; button_one_letter_spacing__hover_enabled=&#8221;off&#8221; button_two_letter_spacing__hover_enabled=&#8221;off&#8221; button_bg_color__hover_enabled=&#8221;off&#8221; button_one_bg_color__hover_enabled=&#8221;off&#8221; button_two_bg_color__hover_enabled=&#8221;off&#8221;][\/et_pb_contact_field][\/et_pb_contact_form][\/et_pb_column][et_pb_column type=&#8221;2_5&#8243; _builder_version=&#8221;3.25&#8243; custom_padding=&#8221;|||&#8221; custom_padding__hover=&#8221;|||&#8221;][et_pb_text _builder_version=&#8221;4.0.11&#8243; text_font=&#8221;Kaushan Script||||||||&#8221; text_text_color=&#8221;#f0622a&#8221; text_font_size=&#8221;30px&#8221; header_font=&#8221;||||||||&#8221; background_layout=&#8221;dark&#8221;]<\/p>\n<p>Operatorul PDI 2020<\/p>\n<p>[\/et_pb_text][et_pb_text _builder_version=&#8221;4.0.11&#8243; text_font=&#8221;||||||||&#8221;]<\/p>\n<p><span><img loading=\"lazy\" decoding=\"async\" src=\"https:\/\/pdi.ro\/2020\/wp-content\/uploads\/2020\/02\/eventer_logo_150px.png\" width=\"151\" height=\"33\" alt=\"\" class=\"wp-image-774 alignleft size-full\" \/><\/span><\/p>\n<p><span><\/span><\/p>\n<p><span><\/span><\/p>\n<p><span>Adresa: Str. A. Panu nr. 13, Iasi<\/span><br \/> <span>Tel.: 0332.40.88.00-05<\/span><br \/> <span>E-mail: <a href=\"mailto:inscrieri@primaderma.ro\" target=\"_blank\" rel=\"noopener noreferrer\">inscrieri@primaderma.ro<\/a><br \/> <\/span><span>Website:\u00a0<\/span><a href=\"http:\/\/www.eventernet.ro\/\" target=\"Blank\" rel=\"noopener noreferrer\">www.eventernet.ro<\/a><\/p>\n<p>[\/et_pb_text][et_pb_text disabled_on=&#8221;off|off|off&#8221; _builder_version=&#8221;4.0.11&#8243; text_font=&#8221;Kaushan Script||||||||&#8221; text_text_color=&#8221;#f0622a&#8221; text_font_size=&#8221;30px&#8221; header_font=&#8221;||||||||&#8221; background_layout=&#8221;dark&#8221; locked=&#8221;off&#8221;]<\/p>\n<p>Parteneri Media<\/p>\n<p>[\/et_pb_text][et_pb_gallery gallery_ids=&#8221;7203,7204,7232,7231&#8243; fullwidth=&#8221;on&#8221; _builder_version=&#8221;4.0.11&#8243; transform_scale=&#8221;86%|86%&#8221; max_width=&#8221;63%&#8221; auto=&#8221;on&#8221; auto_speed=&#8221;3500&#8243; hover_transition_duration=&#8221;100ms&#8221; hover_transition_delay=&#8221;50ms&#8221; hover_transition_speed_curve=&#8221;ease-in-out&#8221; locked=&#8221;off&#8221;][\/et_pb_gallery][\/et_pb_column][\/et_pb_row][\/et_pb_section]<\/p>\n","protected":false},"excerpt":{"rendered":"<p>Conf. Univ. Dr. Gabriela Stoleriu Facultatea de Medicin\u0103 \u015fi Farmacie, Universitatea \u201dDun\u0103rea de Jos\u201d, Gala\u0163iAbord\u0103ri diagnostice \u015fi terapeutice conven\u0163ionale \u015fi moderne: lupusul eritematos sistemic Autori: Gabriela Stoleriu, Daciana Elena Br\u0103ni\u0219teanu, Florina-Mihaela Filip-Ciubotaru, Anamaria Ciubara, Nicu\u021ba Manolache, M\u0103d\u0103lina Nicoleta Matei Lupusul eritematos sistemic (LES) este o afec\u021biune autoimun\u0103 caracterizat\u0103 prin anticorpi \u00eempotriva antigenelor nucleare \u0219i citoplasmatice, [&hellip;]<\/p>\n","protected":false},"author":2,"featured_media":0,"parent":0,"menu_order":0,"comment_status":"closed","ping_status":"closed","template":"","meta":{"_et_pb_use_builder":"on","_et_pb_old_content":"","_et_gb_content_width":"","footnotes":""},"class_list":["post-8124","page","type-page","status-publish","hentry"],"_links":{"self":[{"href":"https:\/\/pdi.ro\/2020\/wp-json\/wp\/v2\/pages\/8124","targetHints":{"allow":["GET"]}}],"collection":[{"href":"https:\/\/pdi.ro\/2020\/wp-json\/wp\/v2\/pages"}],"about":[{"href":"https:\/\/pdi.ro\/2020\/wp-json\/wp\/v2\/types\/page"}],"author":[{"embeddable":true,"href":"https:\/\/pdi.ro\/2020\/wp-json\/wp\/v2\/users\/2"}],"replies":[{"embeddable":true,"href":"https:\/\/pdi.ro\/2020\/wp-json\/wp\/v2\/comments?post=8124"}],"version-history":[{"count":5,"href":"https:\/\/pdi.ro\/2020\/wp-json\/wp\/v2\/pages\/8124\/revisions"}],"predecessor-version":[{"id":8417,"href":"https:\/\/pdi.ro\/2020\/wp-json\/wp\/v2\/pages\/8124\/revisions\/8417"}],"wp:attachment":[{"href":"https:\/\/pdi.ro\/2020\/wp-json\/wp\/v2\/media?parent=8124"}],"curies":[{"name":"wp","href":"https:\/\/api.w.org\/{rel}","templated":true}]}}