{"id":8266,"date":"2020-06-04T15:19:36","date_gmt":"2020-06-04T13:19:36","guid":{"rendered":"https:\/\/primaderma.ro\/?page_id=8266"},"modified":"2020-06-04T15:19:36","modified_gmt":"2020-06-04T13:19:36","slug":"conf-univ-dr-nedelciuc-boris","status":"publish","type":"page","link":"https:\/\/pdi.ro\/2020\/conf-univ-dr-nedelciuc-boris\/","title":{"rendered":"Conf. Univ. Dr. Nedelciuc Boris"},"content":{"rendered":"<p>[et_pb_section fb_built=&#8221;1&#8243; fullwidth=&#8221;on&#8221; disabled_on=&#8221;on|off|off&#8221; _builder_version=&#8221;3.22&#8243; custom_margin=&#8221;||&#8221; custom_padding=&#8221;15px||29px&#8221; top_divider_style=&#8221;waves2&#8243; top_divider_color=&#8221;#f0622a&#8221; top_divider_flip=&#8221;horizontal|vertical&#8221; bottom_divider_style=&#8221;waves2&#8243; bottom_divider_color=&#8221;#fcdedb&#8221; bottom_divider_height=&#8221;105px&#8221; bottom_divider_flip=&#8221;vertical&#8221; collapsed=&#8221;off&#8221;][et_pb_fullwidth_header title=&#8221;@ET-DC@eyJkeW5hbWljIjp0cnVlLCJjb250ZW50IjoicG9zdF90aXRsZSIsInNldHRpbmdzIjp7ImJlZm9yZSI6IiIsImFmdGVyIjoiIn19@&#8221; text_orientation=&#8221;right&#8221; header_image_url=&#8221;https:\/\/pdi.ro\/2020\/wp-content\/uploads\/2020\/05\/pdi_iulie_online.png&#8221; disabled_on=&#8221;on|on|off&#8221; _builder_version=&#8221;4.4.7&#8243; _dynamic_attributes=&#8221;title&#8221; title_font=&#8221;Kaushan Script||||||||&#8221; title_text_align=&#8221;right&#8221; title_text_color=&#8221;#f0622a&#8221; title_font_size=&#8221;50px&#8221; content_font=&#8221;|600||on|||||&#8221; content_text_align=&#8221;center&#8221; content_text_color=&#8221;#686766&#8243; content_font_size=&#8221;15px&#8221; subhead_font=&#8221;||||||||&#8221; background_color=&#8221;rgba(239,145,107,0.54)&#8221; background_image=&#8221;https:\/\/pdi.ro\/2020\/wp-content\/uploads\/2020\/02\/back.jpg&#8221; background_layout=&#8221;light&#8221; custom_margin=&#8221;0px||8px&#8221; custom_padding=&#8221;40px||40px||true&#8221; content_font_size_tablet=&#8221;&#8221; content_font_size_phone=&#8221;15px&#8221; content_font_size_last_edited=&#8221;on|desktop&#8221;][\/et_pb_fullwidth_header][\/et_pb_section][et_pb_section fb_built=&#8221;1&#8243; _builder_version=&#8221;3.22&#8243; locked=&#8221;off&#8221;][et_pb_row column_structure=&#8221;2_5,3_5&#8243; _builder_version=&#8221;3.25&#8243;][et_pb_column type=&#8221;2_5&#8243; _builder_version=&#8221;3.25&#8243; custom_padding=&#8221;|||&#8221; custom_padding__hover=&#8221;|||&#8221;][et_pb_image src=&#8221;https:\/\/pdi.ro\/2020\/wp-content\/uploads\/2020\/06\/Nedelciuc-Boris.jpg&#8221; title_text=&#8221;Nedelciuc Boris&#8221; align=&#8221;center&#8221; align_tablet=&#8221;center&#8221; align_phone=&#8221;&#8221; align_last_edited=&#8221;on|desktop&#8221; _builder_version=&#8221;4.4.7&#8243; max_width=&#8221;31%&#8221; hover_enabled=&#8221;0&#8243; border_radii=&#8221;on|100px|100px|100px|100px&#8221;][\/et_pb_image][\/et_pb_column][et_pb_column type=&#8221;3_5&#8243; _builder_version=&#8221;3.25&#8243; custom_padding=&#8221;|||&#8221; custom_padding__hover=&#8221;|||&#8221;][et_pb_text _builder_version=&#8221;4.4.7&#8243; hover_enabled=&#8221;0&#8243;]<\/p>\n<h4><strong><span style=\"color: #ff6600;\"><\/span><\/strong><\/h4>\n<h4><strong><span style=\"color: #ff6600;\"><\/span><\/strong><\/h4>\n<h4><strong><span style=\"color: #ff6600;\"><\/span><\/strong><\/h4>\n<h4><strong><span style=\"color: #ff6600;\">Conf. Univ. Dr. Nedelciuc Boris<\/span><\/strong><br \/>\n<strong><span style=\"color: #ff6600;\">U.S.M.F. \u201cNicolae Testemi\u0163anu\u201d, Chi\u015fin\u0103u<\/span><\/strong><\/h4>\n<p>[\/et_pb_text][\/et_pb_column][\/et_pb_row][et_pb_row _builder_version=&#8221;3.25&#8243;][et_pb_column type=&#8221;4_4&#8243; _builder_version=&#8221;3.25&#8243; custom_padding=&#8221;|||&#8221; custom_padding__hover=&#8221;|||&#8221;][et_pb_text _builder_version=&#8221;4.4.7&#8243; hover_enabled=&#8221;0&#8243;]<\/p>\n<p style=\"text-align: justify;\"><span style=\"color: #ff6600;\">Spectrul serviciilor de medicin\u0103 estetic\u0103 \u00een Republica Moldova<\/span><br \/> <span style=\"color: #ff6600;\">Autor: Boris Nedelciuc<\/span><\/p>\n<p style=\"text-align: justify;\">Introducere: O analiz\u0103 complex\u0103 asupra serviciilor de medicin\u0103 estetic\u0103 \u00een RM lipse\u015fte, motiv pentru care avem mai multe abord\u0103ri eronate la acest capitol.<br \/>\nScopul cercet\u0103rii: Evaluarea statutului de organizare \u015fi func\u0163ionare a serviciilor de medicin\u0103 estetic\u0103 \u00een RM.<br \/>\nObiectivele cercet\u0103rii: Analiza spectrului serviciilor de medicin\u0103 estetic\u0103 \u00een contextul cadrului normativ autohton.<br \/>\nMaterial \u015fi metode: A fost realizat un studiu transversal, e\u015fantionul de cercetare fiind compus din 149 institu\u0163ii, prestatoare de servicii \u00een domeniul cosmeticii \u015fi medicinii estetice. Instrumentul de cercetare utilizat: \u201cGril\u0103 de evaluare pentru colectarea datelor primare despre gama serviciilor prestate\u201d.<br \/>\nRezultate ob\u0163inute: \u00cen RM predomin\u0103 institu\u0163iile care presteaz\u0103 servicii de cosmetic\u0103 (85%), cele prestatoare de servicii \u00een domeniul cosmetologiei \u015fi chirurgiei estetice fiind \u00eentr-o propor\u0163ie mai redus\u0103 (15%). Referitor la serviciile de cosmetic\u0103, un num\u0103r alarmant de institu\u0163ii (17%) ofer\u0103 supracompeten\u0163e, care, \u00een conformitate cu normele legale existente, nu ar trebui s\u0103 se reg\u0103seasc\u0103 \u00een lista serviciilor prestate de c\u0103tre institu\u0163iile non-medicale (saloane de frumuse\u0163e, frizerii, saloane de tatuaje etc.). Referitor la serviciile de cosmetologie, un num\u0103r mare de institu\u0163ii (83%) ofer\u0103 subcompeten\u0163e, care, \u00een conformitate cu acelea\u015fi norme legale, nu ar trebui s\u0103 se reg\u0103seasc\u0103 \u00een lista serviciilor prestate de c\u0103tre institu\u0163iile medicale (cabinete medicale, centre medicale, clinici de medicin\u0103 estetic\u0103 etc.).<br \/>\nConcluzie: Situa\u0163ia existent\u0103 poate fi explicat\u0103 prin interesul sporit al popula\u0163iei fa\u0163\u0103 de aceste servicii, respectiv prin ambiguitatea legisla\u0163iei din RM.\n<\/p>\n<p style=\"text-align: justify;\"><span style=\"color: #ff6600;\">Particularit\u0103\u0163i ale resurselor umane implicate \u00een serviciile de cosmetologie<\/span><br \/> <span style=\"color: #ff6600;\">Autori: Boris Nedelciuc<\/span><\/p>\n<p style=\"text-align: justify;\">Introducere: O expertiz\u0103 ampl\u0103 asupra resurselor umane implicate \u00een serviciile de cosmetologie din RM lipse\u015fte. Iat\u0103 de ce o interven\u0163ie a statului, \u00een vederea men\u0163inerii standardelor de siguran\u021b\u0103, este absolut necesar\u0103.<br \/>\nScopul cercet\u0103rii: Evaluarea unor particularit\u0103\u0163i ale resurselor umane, implicate \u00een serviciile de cosmetologie, \u00een vederea optimiz\u0103rii domeniului respectiv de activitate.<br \/>\nMaterial \u015fi metode: A fost realizat un studiu descriptiv, selectiv, e\u015fantionul de cercetare fiind compus din 93 dosare, depuse \u00een scopul expertiz\u0103rii competen\u0163elor profesionale \u00een acest domeniu de activitate. Instrumentul de cercetare utilizat: \u201eGril\u0103 de evaluare pentru analiza dosarelor\u201d.<br \/>\nRezultate ob\u0163inute: Num\u0103rul cosmetologilor care activeaz\u0103 \u00een sectorul privat este de circa 13 ori mai mare comparativ cu num\u0103rul celor care muncesc \u00een sectorul public. Reprezentantele sexului feminin domin\u0103 semnificativ (87%) prestarea serviciilor de cosmetologie, cele mai multe dintre acestea (62%) av\u00e2nd v\u00e2rste \u00eentre 36 \u015fi 49 de ani. Cei mai mul\u0163i cosmetologi (92%) au absolvit Facultatea Medicin\u0103 General\u0103, \u00eens\u0103 numai jum\u0103tate dintre ei (50%) are preg\u0103tire postuniversitar\u0103 \u00een dermatologie. Nu este clar \u00een baza c\u0103ror acte au fost accepta\u0163i \u00een c\u00e2mpul muncii persoanele f\u0103r\u0103 studii medicale superioare (2%), respectiv f\u0103r\u0103 studii medicale postuniversitare (8%). De asemenea, treze\u015fte nedumerire rata medicilor (45%) f\u0103r\u0103 competen\u0163e autorizate \u00een cosmetologie. La fel, este \u00eengrijor\u0103toare cota mare a medicilor (64%) care nu se prezint\u0103 niociodat\u0103 \u00een Comisia de atestare a MS.<br \/>\nConcluzie: Fenomenele men\u0163ionate mai sus pot fi evitate prin elaborarea unui mecanism eficient de control din partea institu\u0163iilor abilitate ale statului: MS, ANSP, inspectoratul fiscal, poli\u0163ia economic\u0103.\n<\/p>\n<p style=\"text-align: justify;\"><span style=\"color: #ff6600;\">Considera\u0163iuni privind specificul muncii \u015fi barierele percepute \u00een domeniul serviciilor de cosmetologie<\/span><br \/> <span style=\"color: #ff6600;\">Autor: Boris Nedelciuc<\/span><\/p>\n<p style=\"text-align: justify;\">Introducere: Un studiu complex asupra opiniei prestatorilor de servicii cosmetologice referitor la munca prestat\u0103 lipse\u015fte. Din aceste considerente, nu exist\u0103 o viziune clar\u0103 \u00een aceast\u0103 privin\u0163\u0103.<br \/>\nScopul cercet\u0103rii: Evaluarea unor considera\u0163iuni privind specificul muncii \u015fi barierele percepute \u00een domeniul serviciilor de cosmetologie.<br \/>\nObiectivele cercet\u0103rii: Studierea opiniei prestatorilor de servicii cosmetologice cu privire la specificul muncii \u0219i barierele percepute.<br \/>\nMaterial \u015fi metode: A fost realizat un studiu cantitativ, prospectiv, e\u015fantionul de cercetare fiind compus din 36 medici, implica\u0163i \u00een serviciile de cosmetologie. Instrumentul de cercetare utilizat: \u201cChestionar anonim pentru prestatorii serviciilor de cosmetologie\u201d.<br \/>\nRezultate ob\u0163inute: Aproximativ 1\/5 (22%) dintre persoanele chestionate nu a semnat contract de munc\u0103 la angajare. Cele mai acute probleme, invocate \u00een activitatea profesional\u0103, sunt ambiguitatea legisla\u0163iei din \u0163ara noastr\u0103 (56%) \u015fi competi\u0163ia neloial\u0103 cu alte institu\u0163ii (39%). Pentru majoritatea responden\u0163ilor (72%), atmosfera general\u0103 din colectiv (confortul, amabilitatea, sus\u0163inerea reciproc\u0103 etc.) conteaz\u0103 cel mai mult. Peste jum\u0103tate dintre ei (58%) \u00ee\u015fi achit\u0103 din propriile resurse participarea la diverse cursuri de instruire, iar pu\u0163in peste 1\/3 (36%) consider\u0103 c\u0103 serviciile pe care le presteaz\u0103 sunt pentru majoritatea popula\u0163iei costisitoare \u015fi foarte costisitoare.<br \/>\nConcluzie: Cunoa\u015fterea opiniei prestatorilor de servicii cosmetologice cu privire la specificul muncii \u0219i barierele percepute poate constitui un suport important \u00een trasarea unor ac\u0163iuni practice, menite s\u0103 \u00eembun\u0103t\u0103\u0163easc\u0103 climatul muncii \u015fi calitatea serviciilor prestate.\n<\/p>\n<p style=\"text-align: justify;\"><span style=\"color: #ff6600;\">Scurt CV<\/span><\/p>\n<p>1994 \u2013 licen\u0163iat \u00een dermatologie<br \/>\n2000 \u2013 doctor \u00een \u015ftiin\u0163e medicale<br \/>\n2001 \u2013 medic primar<br \/>\n2002 \u2013 stagiu \u00een dermatologie \u015fi pedagogie, Ia\u015fi, Rom\u00e2nia<br \/>\n2006 \u2013 stagiu \u00een dermatologie \u015fi cosmetologie, Marsilia, Fran\u0163a<br \/>\n2007 \u2013 conferen\u0163iar universitar<br \/>\n2010 \u2013 pre\u015fedinte Comisia de atestare a medicilor dermatologi \u015fi cosmetologi, MS al RM<br \/>\n2010 \u2013 reprezentant na\u0163ional, Skin Inflammation &#038; Psoriasis International Network, Fran\u0163a<br \/>\n2011 \u2013 stagiu \u00een psihopedagogia \u00eenv\u0103\u0163\u0103m\u00e2ntului superior<br \/>\n2011 \u2013 membru Editorial Board Our Dermatology Online Journal, Polonia<br \/>\n2012 \u2013 membru fondator Societatea de Andrologie \u015fi S\u0103n\u0103tate Sexual\u0103 din RM<br \/>\n2014 \u2013 membru fondator Societatea de Dermatologie din RM<br \/>\n2014 \u2013 membru boardul Societ\u0103\u0163ii Interna\u0163ionale de Dermatoscopie \/ International Dermoscopy Society<br \/>\n2015 \u2013 membru Editorial Board International Journal of Clinical Dermatology &#038; Research, SUA<br \/>\n2015 \u2013 director Health &#038; Beauty Online Journal<br \/>\n2017 \u2013 expert \u00een medicin\u0103 estetic\u0103, MS al RM<br \/>\n2019 \u2013 director Belle Femme Esthetic School, Chi\u015fin\u0103u<br \/>\n2019 \u2013 master \u00een Managementul S\u0103n\u0103t\u0103\u0163ii Publice\n<\/p>\n<p>[\/et_pb_text][\/et_pb_column][\/et_pb_row][\/et_pb_section][et_pb_section fb_built=&#8221;1&#8243; _builder_version=&#8221;3.22&#8243; background_color=&#8221;rgba(117,194,33,0.23)&#8221; background_image=&#8221;https:\/\/pdi.ro\/2020\/wp-content\/uploads\/2020\/02\/back_justflowers_overlay1.png&#8221; background_blend=&#8221;luminosity&#8221; custom_padding=&#8221;54px|0px|0|0px|false|false&#8221; top_divider_style=&#8221;waves2&#8243; top_divider_color=&#8221;#ffffff&#8221; top_divider_height=&#8221;155px&#8221; top_divider_height_tablet=&#8221;&#8221; top_divider_height_phone=&#8221;97px&#8221; top_divider_height_last_edited=&#8221;on|desktop&#8221; bottom_divider_style=&#8221;waves2&#8243; bottom_divider_color=&#8221;#75c221&#8243; bottom_divider_flip=&#8221;vertical&#8221; bottom_divider_height_tablet=&#8221;&#8221; bottom_divider_height_phone=&#8221;59px&#8221; bottom_divider_height_last_edited=&#8221;on|desktop&#8221;][et_pb_row column_structure=&#8221;3_5,2_5&#8243; _builder_version=&#8221;3.25&#8243; custom_padding=&#8221;61px|0px|69px|0px|false|false&#8221;][et_pb_column type=&#8221;3_5&#8243; _builder_version=&#8221;3.25&#8243; custom_padding=&#8221;|||&#8221; custom_padding__hover=&#8221;|||&#8221;][et_pb_text _builder_version=&#8221;4.0.11&#8243; text_font=&#8221;Kaushan Script||||||||&#8221; text_text_color=&#8221;#f0622a&#8221; text_font_size=&#8221;30px&#8221; text_line_height=&#8221;1.2em&#8221; header_font=&#8221;||||||||&#8221; background_layout=&#8221;dark&#8221; text_font_size_tablet=&#8221;&#8221; text_font_size_phone=&#8221;&#8221; text_font_size_last_edited=&#8221;on|desktop&#8221;]<\/p>\n<p>Contacteaz\u0103 operatorul PDI 2020<\/p>\n<p>[\/et_pb_text][et_pb_contact_form email=&#8221;contact@primaderma.ro\/2019&#8243; submit_button_text=&#8221;Trimite mesajul&#8221; _builder_version=&#8221;3.19.4&#8243; title_font=&#8221;||||||||&#8221;][et_pb_contact_field field_id=&#8221;Name&#8221; field_title=&#8221;Nume&#8221; _builder_version=&#8221;3.18.9&#8243; button_text_size__hover_enabled=&#8221;off&#8221; button_one_text_size__hover_enabled=&#8221;off&#8221; button_two_text_size__hover_enabled=&#8221;off&#8221; button_text_color__hover_enabled=&#8221;off&#8221; button_one_text_color__hover_enabled=&#8221;off&#8221; button_two_text_color__hover_enabled=&#8221;off&#8221; button_border_width__hover_enabled=&#8221;off&#8221; button_one_border_width__hover_enabled=&#8221;off&#8221; button_two_border_width__hover_enabled=&#8221;off&#8221; button_border_color__hover_enabled=&#8221;off&#8221; button_one_border_color__hover_enabled=&#8221;off&#8221; button_two_border_color__hover_enabled=&#8221;off&#8221; button_border_radius__hover_enabled=&#8221;off&#8221; button_one_border_radius__hover_enabled=&#8221;off&#8221; button_two_border_radius__hover_enabled=&#8221;off&#8221; button_letter_spacing__hover_enabled=&#8221;off&#8221; button_one_letter_spacing__hover_enabled=&#8221;off&#8221; button_two_letter_spacing__hover_enabled=&#8221;off&#8221; button_bg_color__hover_enabled=&#8221;off&#8221; button_one_bg_color__hover_enabled=&#8221;off&#8221; button_two_bg_color__hover_enabled=&#8221;off&#8221;][\/et_pb_contact_field][et_pb_contact_field field_id=&#8221;Email&#8221; field_title=&#8221;Adresa de e-mail&#8221; field_type=&#8221;email&#8221; _builder_version=&#8221;3.19.4&#8243; button_text_size__hover_enabled=&#8221;off&#8221; button_one_text_size__hover_enabled=&#8221;off&#8221; button_two_text_size__hover_enabled=&#8221;off&#8221; button_text_color__hover_enabled=&#8221;off&#8221; button_one_text_color__hover_enabled=&#8221;off&#8221; button_two_text_color__hover_enabled=&#8221;off&#8221; button_border_width__hover_enabled=&#8221;off&#8221; button_one_border_width__hover_enabled=&#8221;off&#8221; button_two_border_width__hover_enabled=&#8221;off&#8221; button_border_color__hover_enabled=&#8221;off&#8221; button_one_border_color__hover_enabled=&#8221;off&#8221; button_two_border_color__hover_enabled=&#8221;off&#8221; button_border_radius__hover_enabled=&#8221;off&#8221; button_one_border_radius__hover_enabled=&#8221;off&#8221; button_two_border_radius__hover_enabled=&#8221;off&#8221; button_letter_spacing__hover_enabled=&#8221;off&#8221; button_one_letter_spacing__hover_enabled=&#8221;off&#8221; button_two_letter_spacing__hover_enabled=&#8221;off&#8221; button_bg_color__hover_enabled=&#8221;off&#8221; button_one_bg_color__hover_enabled=&#8221;off&#8221; button_two_bg_color__hover_enabled=&#8221;off&#8221;][\/et_pb_contact_field][et_pb_contact_field field_id=&#8221;Message&#8221; field_title=&#8221;Mesajul dvs.&#8221; field_type=&#8221;text&#8221; fullwidth_field=&#8221;on&#8221; _builder_version=&#8221;3.18.9&#8243; button_text_size__hover_enabled=&#8221;off&#8221; button_one_text_size__hover_enabled=&#8221;off&#8221; button_two_text_size__hover_enabled=&#8221;off&#8221; button_text_color__hover_enabled=&#8221;off&#8221; button_one_text_color__hover_enabled=&#8221;off&#8221; button_two_text_color__hover_enabled=&#8221;off&#8221; button_border_width__hover_enabled=&#8221;off&#8221; button_one_border_width__hover_enabled=&#8221;off&#8221; button_two_border_width__hover_enabled=&#8221;off&#8221; button_border_color__hover_enabled=&#8221;off&#8221; button_one_border_color__hover_enabled=&#8221;off&#8221; button_two_border_color__hover_enabled=&#8221;off&#8221; button_border_radius__hover_enabled=&#8221;off&#8221; button_one_border_radius__hover_enabled=&#8221;off&#8221; button_two_border_radius__hover_enabled=&#8221;off&#8221; button_letter_spacing__hover_enabled=&#8221;off&#8221; button_one_letter_spacing__hover_enabled=&#8221;off&#8221; button_two_letter_spacing__hover_enabled=&#8221;off&#8221; button_bg_color__hover_enabled=&#8221;off&#8221; button_one_bg_color__hover_enabled=&#8221;off&#8221; button_two_bg_color__hover_enabled=&#8221;off&#8221;][\/et_pb_contact_field][\/et_pb_contact_form][\/et_pb_column][et_pb_column type=&#8221;2_5&#8243; _builder_version=&#8221;3.25&#8243; custom_padding=&#8221;|||&#8221; custom_padding__hover=&#8221;|||&#8221;][et_pb_text _builder_version=&#8221;4.0.11&#8243; text_font=&#8221;Kaushan Script||||||||&#8221; text_text_color=&#8221;#f0622a&#8221; text_font_size=&#8221;30px&#8221; header_font=&#8221;||||||||&#8221; background_layout=&#8221;dark&#8221;]<\/p>\n<p>Operatorul PDI 2020<\/p>\n<p>[\/et_pb_text][et_pb_text _builder_version=&#8221;4.0.11&#8243; text_font=&#8221;||||||||&#8221;]<\/p>\n<p><span><img loading=\"lazy\" decoding=\"async\" src=\"https:\/\/pdi.ro\/2020\/wp-content\/uploads\/2020\/02\/eventer_logo_150px.png\" width=\"151\" height=\"33\" alt=\"\" class=\"wp-image-774 alignleft size-full\" \/><\/span><\/p>\n<p><span><\/span><\/p>\n<p><span><\/span><\/p>\n<p><span>Adresa: Str. A. Panu nr. 13, Iasi<\/span><br \/> <span>Tel.: 0332.40.88.00-05<\/span><br \/> <span>E-mail: <a href=\"mailto:inscrieri@primaderma.ro\" target=\"_blank\" rel=\"noopener noreferrer\">inscrieri@primaderma.ro<\/a><br \/> <\/span><span>Website:\u00a0<\/span><a href=\"http:\/\/www.eventernet.ro\/\" target=\"Blank\" rel=\"noopener noreferrer\">www.eventernet.ro<\/a><\/p>\n<p>[\/et_pb_text][et_pb_text disabled_on=&#8221;off|off|off&#8221; _builder_version=&#8221;4.0.11&#8243; text_font=&#8221;Kaushan Script||||||||&#8221; text_text_color=&#8221;#f0622a&#8221; text_font_size=&#8221;30px&#8221; header_font=&#8221;||||||||&#8221; background_layout=&#8221;dark&#8221; locked=&#8221;off&#8221;]<\/p>\n<p>Parteneri Media<\/p>\n<p>[\/et_pb_text][et_pb_gallery gallery_ids=&#8221;7203,7204,7232,7231&#8243; fullwidth=&#8221;on&#8221; _builder_version=&#8221;4.0.11&#8243; transform_scale=&#8221;86%|86%&#8221; max_width=&#8221;63%&#8221; auto=&#8221;on&#8221; auto_speed=&#8221;3500&#8243; hover_transition_duration=&#8221;100ms&#8221; hover_transition_delay=&#8221;50ms&#8221; hover_transition_speed_curve=&#8221;ease-in-out&#8221; locked=&#8221;off&#8221;][\/et_pb_gallery][\/et_pb_column][\/et_pb_row][\/et_pb_section]<\/p>\n","protected":false},"excerpt":{"rendered":"<p>Conf. Univ. Dr. Nedelciuc Boris U.S.M.F. \u201cNicolae Testemi\u0163anu\u201d, Chi\u015fin\u0103uSpectrul serviciilor de medicin\u0103 estetic\u0103 \u00een Republica Moldova Autor: Boris Nedelciuc Introducere: O analiz\u0103 complex\u0103 asupra serviciilor de medicin\u0103 estetic\u0103 \u00een RM lipse\u015fte, motiv pentru care avem mai multe abord\u0103ri eronate la acest capitol. Scopul cercet\u0103rii: Evaluarea statutului de organizare \u015fi func\u0163ionare a serviciilor de medicin\u0103 estetic\u0103 [&hellip;]<\/p>\n","protected":false},"author":2,"featured_media":0,"parent":0,"menu_order":0,"comment_status":"closed","ping_status":"closed","template":"","meta":{"_et_pb_use_builder":"on","_et_pb_old_content":"","_et_gb_content_width":"","footnotes":""},"class_list":["post-8266","page","type-page","status-publish","hentry"],"_links":{"self":[{"href":"https:\/\/pdi.ro\/2020\/wp-json\/wp\/v2\/pages\/8266","targetHints":{"allow":["GET"]}}],"collection":[{"href":"https:\/\/pdi.ro\/2020\/wp-json\/wp\/v2\/pages"}],"about":[{"href":"https:\/\/pdi.ro\/2020\/wp-json\/wp\/v2\/types\/page"}],"author":[{"embeddable":true,"href":"https:\/\/pdi.ro\/2020\/wp-json\/wp\/v2\/users\/2"}],"replies":[{"embeddable":true,"href":"https:\/\/pdi.ro\/2020\/wp-json\/wp\/v2\/comments?post=8266"}],"version-history":[{"count":3,"href":"https:\/\/pdi.ro\/2020\/wp-json\/wp\/v2\/pages\/8266\/revisions"}],"predecessor-version":[{"id":8270,"href":"https:\/\/pdi.ro\/2020\/wp-json\/wp\/v2\/pages\/8266\/revisions\/8270"}],"wp:attachment":[{"href":"https:\/\/pdi.ro\/2020\/wp-json\/wp\/v2\/media?parent=8266"}],"curies":[{"name":"wp","href":"https:\/\/api.w.org\/{rel}","templated":true}]}}