{"id":8512,"date":"2020-07-01T12:18:56","date_gmt":"2020-07-01T10:18:56","guid":{"rendered":"https:\/\/primaderma.ro\/?page_id=8512"},"modified":"2020-07-01T12:18:56","modified_gmt":"2020-07-01T10:18:56","slug":"dr-daniel-o-costache","status":"publish","type":"page","link":"https:\/\/pdi.ro\/2020\/dr-daniel-o-costache\/","title":{"rendered":"Dr. Daniel O. Costache"},"content":{"rendered":"<p>[et_pb_section fb_built=&#8221;1&#8243; fullwidth=&#8221;on&#8221; disabled_on=&#8221;on|off|off&#8221; _builder_version=&#8221;3.22&#8243; custom_margin=&#8221;||&#8221; custom_padding=&#8221;15px||29px&#8221; top_divider_style=&#8221;waves2&#8243; top_divider_color=&#8221;#f0622a&#8221; top_divider_flip=&#8221;horizontal|vertical&#8221; bottom_divider_style=&#8221;waves2&#8243; bottom_divider_color=&#8221;#fcdedb&#8221; bottom_divider_height=&#8221;105px&#8221; bottom_divider_flip=&#8221;vertical&#8221; collapsed=&#8221;off&#8221;][et_pb_fullwidth_header title=&#8221;@ET-DC@eyJkeW5hbWljIjp0cnVlLCJjb250ZW50IjoicG9zdF90aXRsZSIsInNldHRpbmdzIjp7ImJlZm9yZSI6IiIsImFmdGVyIjoiIn19@&#8221; text_orientation=&#8221;right&#8221; header_image_url=&#8221;https:\/\/pdi.ro\/2020\/wp-content\/uploads\/2020\/05\/pdi_iulie_online.png&#8221; disabled_on=&#8221;on|on|off&#8221; _builder_version=&#8221;4.4.7&#8243; _dynamic_attributes=&#8221;title&#8221; title_font=&#8221;Kaushan Script||||||||&#8221; title_text_align=&#8221;right&#8221; title_text_color=&#8221;#f0622a&#8221; title_font_size=&#8221;50px&#8221; content_font=&#8221;|600||on|||||&#8221; content_text_align=&#8221;center&#8221; content_text_color=&#8221;#686766&#8243; content_font_size=&#8221;15px&#8221; subhead_font=&#8221;||||||||&#8221; background_color=&#8221;rgba(239,145,107,0.54)&#8221; background_image=&#8221;https:\/\/pdi.ro\/2020\/wp-content\/uploads\/2020\/02\/back.jpg&#8221; background_layout=&#8221;light&#8221; custom_margin=&#8221;0px||8px&#8221; custom_padding=&#8221;40px||40px||true&#8221; content_font_size_tablet=&#8221;&#8221; content_font_size_phone=&#8221;15px&#8221; content_font_size_last_edited=&#8221;on|desktop&#8221;][\/et_pb_fullwidth_header][\/et_pb_section][et_pb_section fb_built=&#8221;1&#8243; _builder_version=&#8221;3.22&#8243; locked=&#8221;off&#8221;][et_pb_row column_structure=&#8221;2_5,3_5&#8243; _builder_version=&#8221;3.25&#8243;][et_pb_column type=&#8221;2_5&#8243; _builder_version=&#8221;3.25&#8243; custom_padding=&#8221;|||&#8221; custom_padding__hover=&#8221;|||&#8221;][et_pb_image src=&#8221;https:\/\/pdi.ro\/2020\/wp-content\/uploads\/2020\/02\/Costache-Daniel.png&#8221; title_text=&#8221;Costache-Daniel&#8221; align=&#8221;center&#8221; align_tablet=&#8221;center&#8221; align_phone=&#8221;&#8221; align_last_edited=&#8221;on|desktop&#8221; _builder_version=&#8221;4.4.8&#8243; max_width=&#8221;31%&#8221; hover_enabled=&#8221;0&#8243; border_radii=&#8221;on|100px|100px|100px|100px&#8221;][\/et_pb_image][\/et_pb_column][et_pb_column type=&#8221;3_5&#8243; _builder_version=&#8221;3.25&#8243; custom_padding=&#8221;|||&#8221; custom_padding__hover=&#8221;|||&#8221;][et_pb_text _builder_version=&#8221;4.4.8&#8243; hover_enabled=&#8221;0&#8243;]<\/p>\n<h4><strong><span style=\"color: #ff6600;\"><\/span><\/strong><\/h4>\n<h4><strong><span style=\"color: #ff6600;\"><\/span><\/strong><\/h4>\n<h4><strong><span style=\"color: #ff6600;\"><\/span><\/strong><\/h4>\n<h4><strong><span style=\"color: #ff6600;\">Dr. Daniel O. Costache<\/span><\/strong><br \/>\n<strong><span style=\"color: #ff6600;\">Spitalul Universitar de Urgen\u0163\u0103 Militar Central \u201dDr. Carol Davila\u201d, Bucure\u015fti<\/span><\/strong><\/h4>\n<p>[\/et_pb_text][\/et_pb_column][\/et_pb_row][et_pb_row _builder_version=&#8221;3.25&#8243;][et_pb_column type=&#8221;4_4&#8243; _builder_version=&#8221;3.25&#8243; custom_padding=&#8221;|||&#8221; custom_padding__hover=&#8221;|||&#8221;][et_pb_text _builder_version=&#8221;4.4.8&#8243; hover_enabled=&#8221;0&#8243;]<\/p>\n<p style=\"text-align: justify;\"><span style=\"color: #ff6600;\">\u00centre medicina bazat\u0103 pe dovezi \u0219i dovezile experien\u021bei clinice. Decizia medical\u0103 \u00eemp\u0103rt\u0103\u0219it\u0103<\/span><br \/> <span style=\"color: #ff6600;\">Autori: Daniel O. Costache, Raluca S. Costache<\/span><\/p>\n<p style=\"text-align: justify;\">Anul 2020 a reu\u0219it s\u0103 pun\u0103 \u00een prima sa jum\u0103tate sub semnul \u00eentreb\u0103rii tot ceea ce p\u0103rea s\u0103 fie clar \u0219tiut \u00een medicina modern\u0103. Aveam impresia c\u0103 st\u0103p\u00e2nim mecanismele fiziopatologice ale bolilor, c\u0103 nu ni se mai pot rezerva surprize, c\u0103 medicina tinde \u00een fine s\u0103 fie o chestiune logic\u0103, controlabil\u0103 prin prisma dovezilor clinice \u0219i mai ales a studiilor clinice.<br \/>\nIat\u0103 c\u0103 aceste c\u00e2teva luni ne-au ar\u0103tat c\u0103 uneori lucrurile nu sunt a\u0219a cum par, c\u0103 teorii farmacologice aparent irepro\u0219abile pot s\u0103 nu dea rezultate, c\u0103 trebuie s\u0103 \u00eenv\u0103\u021b\u0103m c\u0103 p\u0103rerile exper\u021bilor pot fi uneori influen\u021bate de factori externi non-profesionali, c\u0103 exist\u0103 un enorm zgomot de fond privind informa\u021biile disponibile \u00een mediul on-line, inclusiv profesional.<br \/>\nTotul porne\u0219te de la necesitatea noastr\u0103 de a \u00eenv\u0103\u021ba cum s\u0103 interpret\u0103m informa\u021bia medical\u0103 disponibil\u0103, de unde s\u0103 ne alegem sursele de informare, ce anume s\u0103 c\u0103ut\u0103m atunci c\u00e2nd studiem un material profesional. Trebuie s\u0103 \u00eenv\u0103\u021b\u0103m limbajul dual al statisticii, s\u0103 \u00eenv\u0103\u021b\u0103m c\u0103 uneori cel mai important paragraf dintr-un studiu clinic nu se refer\u0103 la rezultate ci la selec\u021bia loturilor de pacien\u021bi, la criteriile de excludere \u0219i la designul bra\u021belor de control.<br \/>\nAnul 2020 ne-a \u00eenv\u0103\u021bat c\u0103 este s\u0103n\u0103tos s\u0103 ne \u00eendoim de aparen\u021be, oricine le-ar prezenta \u0219i oric\u00e2t de evidente ar p\u0103rea.<br \/>\nTrebuie s\u0103 reu\u0219im s\u0103 trecem dincolo de zgomotul de fond \u0219i s\u0103 ne reamintim c\u0103 medicina este despre pacient, despre rela\u021bia dintre oameni, despre personalizare \u0219i individualitate.<\/p>\n<p style=\"text-align: justify;\"><span style=\"color: #ff6600;\">Between proof-based medicine and the evidence of clinical experience<\/span><br \/> <span style=\"color: #ff6600;\">Authors: Daniel O. Costache, Raluca S. Costache<\/span><\/p>\n<p style=\"text-align: justify;\">2020, in it\u2019s first half, has managed to make us question everything that we thought we clearly knew about modern medicine. We had the impression that we mastered the pathophysiological mechanism of disease, that there were no surprises in store for us, that medicine tends to be something logical, something that we could control through clinical proof, and, more especially, clinical studies.<br \/>\nWell these couple of months have shown us that things are not as they seem, that apparently irreproachable pharmacological theories may not always give results, that we must learn that sometimes the experts\u2019 opinions can be influenced be external, non-professional factors, that the information that we can find on-line, including professionally, come with a background noise.<br \/>\nIt all starts with our necessity to learn how to interpret the available medical information, where to choose the sources from which we gather information, what to look for when studying a professional material. We must learn the dual language of statistics, we must learn that sometimes the most important paragraph of a clinical study is not the one on the results, but the selection of the patient groups, the exclusion criteria and the design of the control branch.<br \/>\n2020 has taught us that it is healthy to question appearances, whoever might present them and how obvious they would look to us.<br \/>\nWe must succeed to go past the background noise and remind ourselves that medicine is about the patient, the relationship between people, personalization and individuality.<\/p>\n<p style=\"text-align: justify;\"><span style=\"color: #ff6600;\">Scurt CV<\/span><\/p>\n<p>Medic primar dermatovenerologie<br \/>\nDoctor \u00een \u015ftiin\u0163e medicale &#8211; Studiul microcircula\u0163iei sanguine \u00een patologia cutanat\u0103<br \/>\nCoordonator activitate de cercetare, studii clinice la Spitalul Universitar de Urgen\u0163\u0103 Militar Central \u201dDr. Carol Davila\u201d, Bucure\u015fti.<br \/>\nEditor executiv, Romanian Journal of Military Medicine, revist\u0103 editat\u0103 de Asocia\u0163ia Medicilor \u015fi Farmaci\u015ftilor Militari din Rom\u00e2nia, Universitatea de Medicin\u0103 \u015fi Farmacie &#8220;Carol Davila&#8221; Bucure\u0219ti.<br \/>\nDelegat Ministerul Ap\u0103r\u0103rii Na\u0163ionale \u00een Consiliul Na\u0163ional al Colegiului Medicilor din Rom\u00e2nia<br \/>\nActivitate clinic\u0103 \u015fi de cercetare \u00een cadrul departamentului de Dermatologie al Spitalului Universitar de Urgen\u0163\u0103 Militar Central \u201dDr. Carol Davila\u201d, Bucure\u015fti.<br \/>\nCompeten\u0163\u0103 \u00een evaluarea microcircula\u0163iei.<br \/>\nCompeten\u0163\u0103 \u00een electrochirurgie \u015fi laser chirurgie \u00een dermatologie.<br \/>\nFormator de formatori \u00een dermatocosmetologie.<\/p>\n<p>[\/et_pb_text][\/et_pb_column][\/et_pb_row][\/et_pb_section][et_pb_section fb_built=&#8221;1&#8243; _builder_version=&#8221;3.22&#8243; background_color=&#8221;rgba(117,194,33,0.23)&#8221; background_image=&#8221;https:\/\/pdi.ro\/2020\/wp-content\/uploads\/2020\/02\/back_justflowers_overlay1.png&#8221; background_blend=&#8221;luminosity&#8221; custom_padding=&#8221;54px|0px|0|0px|false|false&#8221; top_divider_style=&#8221;waves2&#8243; top_divider_color=&#8221;#ffffff&#8221; top_divider_height=&#8221;155px&#8221; top_divider_height_tablet=&#8221;&#8221; top_divider_height_phone=&#8221;97px&#8221; top_divider_height_last_edited=&#8221;on|desktop&#8221; bottom_divider_style=&#8221;waves2&#8243; bottom_divider_color=&#8221;#75c221&#8243; bottom_divider_flip=&#8221;vertical&#8221; bottom_divider_height_tablet=&#8221;&#8221; bottom_divider_height_phone=&#8221;59px&#8221; bottom_divider_height_last_edited=&#8221;on|desktop&#8221;][et_pb_row column_structure=&#8221;3_5,2_5&#8243; _builder_version=&#8221;3.25&#8243; custom_padding=&#8221;61px|0px|69px|0px|false|false&#8221;][et_pb_column type=&#8221;3_5&#8243; _builder_version=&#8221;3.25&#8243; custom_padding=&#8221;|||&#8221; custom_padding__hover=&#8221;|||&#8221;][et_pb_text _builder_version=&#8221;4.0.11&#8243; text_font=&#8221;Kaushan Script||||||||&#8221; text_text_color=&#8221;#f0622a&#8221; text_font_size=&#8221;30px&#8221; text_line_height=&#8221;1.2em&#8221; header_font=&#8221;||||||||&#8221; background_layout=&#8221;dark&#8221; text_font_size_tablet=&#8221;&#8221; text_font_size_phone=&#8221;&#8221; text_font_size_last_edited=&#8221;on|desktop&#8221;]<\/p>\n<p>Contacteaz\u0103 operatorul PDI 2020<\/p>\n<p>[\/et_pb_text][et_pb_contact_form email=&#8221;contact@primaderma.ro\/2019&#8243; submit_button_text=&#8221;Trimite mesajul&#8221; _builder_version=&#8221;3.19.4&#8243; title_font=&#8221;||||||||&#8221;][et_pb_contact_field field_id=&#8221;Name&#8221; field_title=&#8221;Nume&#8221; _builder_version=&#8221;3.18.9&#8243; button_text_size__hover_enabled=&#8221;off&#8221; button_one_text_size__hover_enabled=&#8221;off&#8221; button_two_text_size__hover_enabled=&#8221;off&#8221; button_text_color__hover_enabled=&#8221;off&#8221; button_one_text_color__hover_enabled=&#8221;off&#8221; button_two_text_color__hover_enabled=&#8221;off&#8221; button_border_width__hover_enabled=&#8221;off&#8221; button_one_border_width__hover_enabled=&#8221;off&#8221; button_two_border_width__hover_enabled=&#8221;off&#8221; button_border_color__hover_enabled=&#8221;off&#8221; button_one_border_color__hover_enabled=&#8221;off&#8221; button_two_border_color__hover_enabled=&#8221;off&#8221; button_border_radius__hover_enabled=&#8221;off&#8221; button_one_border_radius__hover_enabled=&#8221;off&#8221; button_two_border_radius__hover_enabled=&#8221;off&#8221; button_letter_spacing__hover_enabled=&#8221;off&#8221; button_one_letter_spacing__hover_enabled=&#8221;off&#8221; button_two_letter_spacing__hover_enabled=&#8221;off&#8221; button_bg_color__hover_enabled=&#8221;off&#8221; button_one_bg_color__hover_enabled=&#8221;off&#8221; button_two_bg_color__hover_enabled=&#8221;off&#8221;][\/et_pb_contact_field][et_pb_contact_field field_id=&#8221;Email&#8221; field_title=&#8221;Adresa de e-mail&#8221; field_type=&#8221;email&#8221; _builder_version=&#8221;3.19.4&#8243; button_text_size__hover_enabled=&#8221;off&#8221; button_one_text_size__hover_enabled=&#8221;off&#8221; button_two_text_size__hover_enabled=&#8221;off&#8221; button_text_color__hover_enabled=&#8221;off&#8221; button_one_text_color__hover_enabled=&#8221;off&#8221; button_two_text_color__hover_enabled=&#8221;off&#8221; button_border_width__hover_enabled=&#8221;off&#8221; button_one_border_width__hover_enabled=&#8221;off&#8221; button_two_border_width__hover_enabled=&#8221;off&#8221; button_border_color__hover_enabled=&#8221;off&#8221; button_one_border_color__hover_enabled=&#8221;off&#8221; button_two_border_color__hover_enabled=&#8221;off&#8221; button_border_radius__hover_enabled=&#8221;off&#8221; button_one_border_radius__hover_enabled=&#8221;off&#8221; button_two_border_radius__hover_enabled=&#8221;off&#8221; button_letter_spacing__hover_enabled=&#8221;off&#8221; button_one_letter_spacing__hover_enabled=&#8221;off&#8221; button_two_letter_spacing__hover_enabled=&#8221;off&#8221; button_bg_color__hover_enabled=&#8221;off&#8221; button_one_bg_color__hover_enabled=&#8221;off&#8221; button_two_bg_color__hover_enabled=&#8221;off&#8221;][\/et_pb_contact_field][et_pb_contact_field field_id=&#8221;Message&#8221; field_title=&#8221;Mesajul dvs.&#8221; field_type=&#8221;text&#8221; fullwidth_field=&#8221;on&#8221; _builder_version=&#8221;3.18.9&#8243; button_text_size__hover_enabled=&#8221;off&#8221; button_one_text_size__hover_enabled=&#8221;off&#8221; button_two_text_size__hover_enabled=&#8221;off&#8221; button_text_color__hover_enabled=&#8221;off&#8221; button_one_text_color__hover_enabled=&#8221;off&#8221; button_two_text_color__hover_enabled=&#8221;off&#8221; button_border_width__hover_enabled=&#8221;off&#8221; button_one_border_width__hover_enabled=&#8221;off&#8221; button_two_border_width__hover_enabled=&#8221;off&#8221; button_border_color__hover_enabled=&#8221;off&#8221; button_one_border_color__hover_enabled=&#8221;off&#8221; button_two_border_color__hover_enabled=&#8221;off&#8221; button_border_radius__hover_enabled=&#8221;off&#8221; button_one_border_radius__hover_enabled=&#8221;off&#8221; button_two_border_radius__hover_enabled=&#8221;off&#8221; button_letter_spacing__hover_enabled=&#8221;off&#8221; button_one_letter_spacing__hover_enabled=&#8221;off&#8221; button_two_letter_spacing__hover_enabled=&#8221;off&#8221; button_bg_color__hover_enabled=&#8221;off&#8221; button_one_bg_color__hover_enabled=&#8221;off&#8221; button_two_bg_color__hover_enabled=&#8221;off&#8221;][\/et_pb_contact_field][\/et_pb_contact_form][\/et_pb_column][et_pb_column type=&#8221;2_5&#8243; _builder_version=&#8221;3.25&#8243; custom_padding=&#8221;|||&#8221; custom_padding__hover=&#8221;|||&#8221;][et_pb_text _builder_version=&#8221;4.0.11&#8243; text_font=&#8221;Kaushan Script||||||||&#8221; text_text_color=&#8221;#f0622a&#8221; text_font_size=&#8221;30px&#8221; header_font=&#8221;||||||||&#8221; background_layout=&#8221;dark&#8221;]<\/p>\n<p>Operatorul PDI 2020<\/p>\n<p>[\/et_pb_text][et_pb_text _builder_version=&#8221;4.0.11&#8243; text_font=&#8221;||||||||&#8221;]<\/p>\n<p><span><img loading=\"lazy\" decoding=\"async\" src=\"https:\/\/pdi.ro\/2020\/wp-content\/uploads\/2020\/02\/eventer_logo_150px.png\" width=\"151\" height=\"33\" alt=\"\" class=\"wp-image-774 alignleft size-full\" \/><\/span><\/p>\n<p><span><\/span><\/p>\n<p><span><\/span><\/p>\n<p><span>Adresa: Str. A. Panu nr. 13, Iasi<\/span><br \/> <span>Tel.: 0332.40.88.00-05<\/span><br \/> <span>E-mail: <a href=\"mailto:inscrieri@primaderma.ro\" target=\"_blank\" rel=\"noopener noreferrer\">inscrieri@primaderma.ro<\/a><br \/> <\/span><span>Website:\u00a0<\/span><a href=\"http:\/\/www.eventernet.ro\/\" target=\"Blank\" rel=\"noopener noreferrer\">www.eventernet.ro<\/a><\/p>\n<p>[\/et_pb_text][et_pb_text disabled_on=&#8221;off|off|off&#8221; _builder_version=&#8221;4.0.11&#8243; text_font=&#8221;Kaushan Script||||||||&#8221; text_text_color=&#8221;#f0622a&#8221; text_font_size=&#8221;30px&#8221; header_font=&#8221;||||||||&#8221; background_layout=&#8221;dark&#8221; locked=&#8221;off&#8221;]<\/p>\n<p>Parteneri Media<\/p>\n<p>[\/et_pb_text][et_pb_gallery gallery_ids=&#8221;7203,7204,7232,7231&#8243; fullwidth=&#8221;on&#8221; _builder_version=&#8221;4.0.11&#8243; transform_scale=&#8221;86%|86%&#8221; max_width=&#8221;63%&#8221; auto=&#8221;on&#8221; auto_speed=&#8221;3500&#8243; hover_transition_duration=&#8221;100ms&#8221; hover_transition_delay=&#8221;50ms&#8221; hover_transition_speed_curve=&#8221;ease-in-out&#8221; locked=&#8221;off&#8221;][\/et_pb_gallery][\/et_pb_column][\/et_pb_row][\/et_pb_section]<\/p>\n","protected":false},"excerpt":{"rendered":"<p>Dr. Daniel O. Costache Spitalul Universitar de Urgen\u0163\u0103 Militar Central \u201dDr. Carol Davila\u201d, Bucure\u015fti\u00centre medicina bazat\u0103 pe dovezi \u0219i dovezile experien\u021bei clinice. Decizia medical\u0103 \u00eemp\u0103rt\u0103\u0219it\u0103 Autori: Daniel O. Costache, Raluca S. Costache Anul 2020 a reu\u0219it s\u0103 pun\u0103 \u00een prima sa jum\u0103tate sub semnul \u00eentreb\u0103rii tot ceea ce p\u0103rea s\u0103 fie clar \u0219tiut \u00een medicina [&hellip;]<\/p>\n","protected":false},"author":2,"featured_media":0,"parent":0,"menu_order":0,"comment_status":"closed","ping_status":"closed","template":"","meta":{"_et_pb_use_builder":"on","_et_pb_old_content":"","_et_gb_content_width":"","footnotes":""},"class_list":["post-8512","page","type-page","status-publish","hentry"],"_links":{"self":[{"href":"https:\/\/pdi.ro\/2020\/wp-json\/wp\/v2\/pages\/8512","targetHints":{"allow":["GET"]}}],"collection":[{"href":"https:\/\/pdi.ro\/2020\/wp-json\/wp\/v2\/pages"}],"about":[{"href":"https:\/\/pdi.ro\/2020\/wp-json\/wp\/v2\/types\/page"}],"author":[{"embeddable":true,"href":"https:\/\/pdi.ro\/2020\/wp-json\/wp\/v2\/users\/2"}],"replies":[{"embeddable":true,"href":"https:\/\/pdi.ro\/2020\/wp-json\/wp\/v2\/comments?post=8512"}],"version-history":[{"count":4,"href":"https:\/\/pdi.ro\/2020\/wp-json\/wp\/v2\/pages\/8512\/revisions"}],"predecessor-version":[{"id":8517,"href":"https:\/\/pdi.ro\/2020\/wp-json\/wp\/v2\/pages\/8512\/revisions\/8517"}],"wp:attachment":[{"href":"https:\/\/pdi.ro\/2020\/wp-json\/wp\/v2\/media?parent=8512"}],"curies":[{"name":"wp","href":"https:\/\/api.w.org\/{rel}","templated":true}]}}