{"id":8521,"date":"2020-07-01T12:32:15","date_gmt":"2020-07-01T10:32:15","guid":{"rendered":"https:\/\/primaderma.ro\/?page_id=8521"},"modified":"2020-07-01T12:32:15","modified_gmt":"2020-07-01T10:32:15","slug":"prof-univ-dr-branisteanu-daciana-elena","status":"publish","type":"page","link":"https:\/\/pdi.ro\/2020\/prof-univ-dr-branisteanu-daciana-elena\/","title":{"rendered":"Prof. Univ. Dr. Br\u0103ni\u0219teanu Daciana Elena"},"content":{"rendered":"<p>[et_pb_section fb_built=&#8221;1&#8243; fullwidth=&#8221;on&#8221; disabled_on=&#8221;on|off|off&#8221; _builder_version=&#8221;3.22&#8243; custom_margin=&#8221;||&#8221; custom_padding=&#8221;15px||29px&#8221; top_divider_style=&#8221;waves2&#8243; top_divider_color=&#8221;#f0622a&#8221; top_divider_flip=&#8221;horizontal|vertical&#8221; bottom_divider_style=&#8221;waves2&#8243; bottom_divider_color=&#8221;#fcdedb&#8221; bottom_divider_height=&#8221;105px&#8221; bottom_divider_flip=&#8221;vertical&#8221; collapsed=&#8221;off&#8221;][et_pb_fullwidth_header title=&#8221;@ET-DC@eyJkeW5hbWljIjp0cnVlLCJjb250ZW50IjoicG9zdF90aXRsZSIsInNldHRpbmdzIjp7ImJlZm9yZSI6IiIsImFmdGVyIjoiIn19@&#8221; text_orientation=&#8221;right&#8221; header_image_url=&#8221;https:\/\/pdi.ro\/2020\/wp-content\/uploads\/2020\/05\/pdi_iulie_online.png&#8221; disabled_on=&#8221;on|on|off&#8221; _builder_version=&#8221;4.4.7&#8243; _dynamic_attributes=&#8221;title&#8221; title_font=&#8221;Kaushan Script||||||||&#8221; title_text_align=&#8221;right&#8221; title_text_color=&#8221;#f0622a&#8221; title_font_size=&#8221;50px&#8221; content_font=&#8221;|600||on|||||&#8221; content_text_align=&#8221;center&#8221; content_text_color=&#8221;#686766&#8243; content_font_size=&#8221;15px&#8221; subhead_font=&#8221;||||||||&#8221; background_color=&#8221;rgba(239,145,107,0.54)&#8221; background_image=&#8221;https:\/\/pdi.ro\/2020\/wp-content\/uploads\/2020\/02\/back.jpg&#8221; background_layout=&#8221;light&#8221; custom_margin=&#8221;0px||8px&#8221; custom_padding=&#8221;40px||40px||true&#8221; content_font_size_tablet=&#8221;&#8221; content_font_size_phone=&#8221;15px&#8221; content_font_size_last_edited=&#8221;on|desktop&#8221;][\/et_pb_fullwidth_header][\/et_pb_section][et_pb_section fb_built=&#8221;1&#8243; _builder_version=&#8221;3.22&#8243; locked=&#8221;off&#8221;][et_pb_row column_structure=&#8221;2_5,3_5&#8243; _builder_version=&#8221;3.25&#8243;][et_pb_column type=&#8221;2_5&#8243; _builder_version=&#8221;3.25&#8243; custom_padding=&#8221;|||&#8221; custom_padding__hover=&#8221;|||&#8221;][et_pb_image src=&#8221;https:\/\/pdi.ro\/2020\/wp-content\/uploads\/2020\/02\/Branisteanu_3.png&#8221; title_text=&#8221;Branisteanu_3&#8243; align=&#8221;center&#8221; align_tablet=&#8221;center&#8221; align_phone=&#8221;&#8221; align_last_edited=&#8221;on|desktop&#8221; _builder_version=&#8221;4.4.8&#8243; max_width=&#8221;31%&#8221; hover_enabled=&#8221;0&#8243; border_radii=&#8221;on|100px|100px|100px|100px&#8221;][\/et_pb_image][\/et_pb_column][et_pb_column type=&#8221;3_5&#8243; _builder_version=&#8221;3.25&#8243; custom_padding=&#8221;|||&#8221; custom_padding__hover=&#8221;|||&#8221;][et_pb_text _builder_version=&#8221;4.4.8&#8243; hover_enabled=&#8221;0&#8243;]<\/p>\n<h4><strong><span style=\"color: #ff6600;\"><\/span><\/strong><\/h4>\n<h4><strong><span style=\"color: #ff6600;\"><\/span><\/strong><\/h4>\n<h4><strong><span style=\"color: #ff6600;\"><\/span><\/strong><\/h4>\n<h4><strong><span style=\"color: #ff6600;\">Prof. Dr. Br\u0103ni\u0219teanu Daciana Elena<\/span><\/strong><br \/>\n<strong><span style=\"color: #ff6600;\">Universitatea de Medicin\u0103 \u0219i Farmacie \u201cGrigore T. Popa\u201d Ia\u0219i<br \/>\nSpitalul Clinic de Urgen\u0163e \u201cSf. Spiridon\u201d Ia\u015fi<\/span><\/strong><\/h4>\n<p>[\/et_pb_text][\/et_pb_column][\/et_pb_row][et_pb_row _builder_version=&#8221;3.25&#8243;][et_pb_column type=&#8221;4_4&#8243; _builder_version=&#8221;3.25&#8243; custom_padding=&#8221;|||&#8221; custom_padding__hover=&#8221;|||&#8221;][et_pb_text _builder_version=&#8221;4.4.8&#8243; hover_enabled=&#8221;0&#8243;]<\/p>\n<p><!--<\/p>\n\n\n\n\n<p style=\"text-align: justify;\"><span style=\"color: #ff6600;\">Poten\u021bialul cicatrizant al unor noi hidrogeluri pe baz\u0103 de chitosan-acid hialuronic<\/span>\n\n\n<span style=\"color: #ff6600;\">Autori: Lenu\u021ba Profire, Andreea Teodora Iacob, Lumini\u021ba Confederat, Mihaela Iustina Avram, Claudia Andries, Mihaela Mo\u0219negutu, Simona-Eliza Giusca, Bianca-\u0218tefania Profire, Irina-Draga C\u0103runtu<\/span><\/p>\n\n\n\n\n<p style=\"text-align: justify;\">Leziunile \u021besuturilor moi, ca de exemplu arsurile, ulcerele sau alte afec\u021biuni traumatice, reprezint\u0103 o grav\u0103 problem\u0103 de s\u0103n\u0103tate \u00een \u00eentreaga lume [1]. De\u0219i pentru tratarea acestor leziuni s-au ob\u021binut diferite materiale, problema unui tratament optim este departe de a fi rezolvat\u0103. Scopul acestui studiu a fost de a dezvolta noi hidrogeluri hidride, pe baz\u0103 de chitosan-acid hialuronic-bentonit\u0103. Chitosanul \u0219i acidul hialuronic sunt biopolimeri cu importante efecte antimicrobiene, hemostatice \u0219i cicatrizante [2, 3]. Bentonita are propriet\u0103\u021bi absorbante, dovedindu-se a fi ideal\u0103 pentru procesul de cicatrizare [4]. \u00cen matricea de hidrogel au fost \u00eencorporate arginina \u0219i betulina, cunoscute pentru efectele lor benefice \u00een procesul de cicatrizare [5, 6]. Prin varierea concentra\u021biei componentelor au fost ob\u021binute \u0219ase noi formul\u0103ri. Formul\u0103rile au fost caracterizate din punct de vedere morfologic, utiliz\u00e2nd microscopia electronic\u0103 de scanare, prin spectroscopie IR, grad de porozitate \u0219i umflare, studii de cinetic\u0103 \u0219i de stabilitate. Cele mai stabile formul\u0103ri au fost evaluate din punct de vedere biologic utiliz\u00e2nd teste in vitro (teste antimicrobiene \u0219i antioxidante) \u0219i in vivo (pe model de ran\u0103 indus\u0103 la \u0219obolanul diabetic). Cea mai bun\u0103 formulare s-a dovedit a fi hidrogelul chitosan-acid hialuronic-bentonit\u0103 (1,8:0,5:4,5) cu un con\u021binut de arginin\u0103 \u0219i betulin\u0103 de 1%. Aceast\u0103 formulare a prezentat caracteristici fizico-chimice \u0219i reologice \u00eembun\u0103t\u0103\u021bite. Studiile de cinetic\u0103 au eviden\u021biat faptul c\u0103 substan\u021bele active (arginina\/betulina) sunt eliberate \u00een propor\u021bie de 70% \u00een decurs de 6 ore, ceea ce \u00eenseamn\u0103 c\u0103 formularea are o ac\u021biune de lung\u0103 durat\u0103. \u00cen plus, aceast\u0103 formulare a prezentat efecte antimicrobiene, antioxidante \u0219i cicatrizante \u00eembun\u0103t\u0103\u021bite.<\/p>\n\n\n\n\n<p style=\"text-align: justify;\"><span style=\"color: #ff6600;\">The healing potential of new chitosan-hyaluronic acid based hydrogels<\/span>\n\n\n<span style=\"color: #ff6600;\">Authors: Lenu\u021ba Profire, Andreea Teodora Iacob, Lumini\u021ba Confederat, Mihaela Iustina Avram, Claudia Andries, Mihaela Mo\u0219negutu, Simona-Eliza Giusca, Bianca-\u0218tefania Profire, Irina-Draga C\u0103runtu<\/span><\/p>\n\n\n\n\n<p style=\"text-align: justify;\">The soft tissue injuries, such as burn, ulcer or other traumatic damages, represent a major health care problem in the entire world [1]. Although several wound dressings materials have been developed, the problem of the wounds management is far from being solved. The aim of this study was to develop new hybrid hydrogels based on chitosan-hyaluronic acid-bentonite. Chitosan and hyaluronic acid are biopolymers which mimic the properties of the extracellular matrix and have important biological effects such as antimicrobial, haemostatic and wound healing [2, 3]. Bentonite is an absorbent natural clay which has ideal properties for wound healing [4]. Into hydrogel matrix, arginine and betulin, known for their important biological effects for healing process, have been incorporated [4, 5]. Varying the concentration of components, six new innovative formulations have been developed. The formulations were characterized in terms of morphology using scanning electron microscopy, IR spectroscopy, swelling and porosity degree, kinetic studies and stability properties. The most proper and stable formulations were biologically evaluated using in vitro (antimicrobial, antioxidant assays) and in vivo tests (using wound model induced to diabetic rat). The best formulation was the chitosan:hyaluronic acid: bentonite (1.8:0.5:4.5) hydrogel containing arginine and betulin in concentration of 1%. This formulation showed improved physico-chemical and rheological characteristics. The kinetic study revealed that the active substances (arginine\/betulin) is released during 6 h in ratio of 70%, which means this formulation remain active long time. Moreover this formulation showed improved antimicrobial, antioxidant and healing effects.<\/p>\n\n\n\n\n<p>--><\/p>\n<p style=\"text-align: justify;\"><strong><span style=\"color: #ff6600;\">Scurt CV<\/span><\/strong><\/p>\n<p>\u2013 Profesor universitar, titular de curs de dermatologie, Facultatea de Medicin\u0103, U.M.F. \u201cGrigore T. Popa\u201d, Ia\u0219i<br \/> \u2013 Doctor \u00een \u0219tiin\u021be medicale, teza de doctorat \u00een ACNEEA VULGARA 2004)<br \/> \u2013 Manager al Centrului de Dermatologie, Venerologie \u0219i Dermatocosmetologie \u201cDermaLux\u201d, din 2004 p\u00e2n\u0103 \u00een prezent<br \/> \u2013 Medic primar dermatovenerolog la Clinica Dermatologic\u0103 a Spitalului Clinic de Urgen\u021be \u201cSf. Spiridon\u201d Ia\u0219i<br \/> \u2013 Competen\u021be \u00een anatomie patologic\u0103 cutanat\u0103 (Lyon, Fran\u021ba) \u0219i \u00een dermatocosmetologie<br \/> \u2013 Cursuri de supraspecializare \u00een Fran\u021ba, Lyon, Universite Lyon 2 (AFSA), cursuri europene de dermatoscopie, boala venoas\u0103 cronic\u0103, psoriazis, anti-aging, injectare de filere, laserterapie etc.<br \/> \u2013 Preocup\u0103ri deosebite pentru psoriazis: coordonator al Proiectului Na\u021bional Educa\u021bional \u201cPatologia psoriazisului\u201d, particip\u0103ri \u00een calitate de expert la \u00eent\u00e2lniri interna\u021bionale pe teme de psoriasis (Viena, Atena, Geneva etc.), articole publicate \u00een reviste na\u021bionale \u0219i interna\u021bionale,<br \/> comunic\u0103ri orale, conferin\u021be, grupuri de lucru \u0219i workshop-uri pe tema psoriazisului<br \/> \u2013 Pre\u0219edinte al Asocia\u021biei Dermatologilor din Moldova, Pre\u0219edinte al manifest\u0103rii na\u021bionale cu participare interna\u021bional\u0103 \u201cPrim\u0103vara Dermatologic\u0103 Ie\u0219ean\u0103\u201d;<br \/> \u2013 Membru \u00een Comitetul Director al Societ\u0103\u021bii Rom\u00e2ne de Dermatologie<br \/> \u2013 Membru \u00een Grupul Interna\u021bional \u201cMedical Reporter\u2019s Academy\u201d, pe probleme de flebologie<br \/> \u2013 Membru al: Academiei Europene de Dermatologie \u0219i Venerologie, Academiei Americane de Dermatologie, Societ\u0103\u021bii Franceze de Dermatologie, Societ\u0103\u021bii Franceze de Flebologie, Societ\u0103\u021bii Interna\u021bionale de Dermatologie, Societ\u0103\u021bii de Dermatologie Investigativ\u0103, Societ\u0103\u021bii Rom\u00e2ne de Dermatopediatrie, Societ\u0103\u021bii Rom\u00e2ne de Dermatoimunologie, Societ\u0103\u021bii de Medici \u0219i Naturali\u0219ti<br \/> \u2013 Coordonator a peste 100 de cursuri de educa\u021bie medical\u0103 continu\u0103 \u0219i de cursuri postuniversitare<br \/> \u2013 Peste 400 de conferin\u021be, prelegeri \u0219i comunic\u0103ri orale sus\u021binute la manifest\u0103ri \u0219tiin\u021bifice, mese rotunde, conferin\u021be \u0219i congrese din \u021bar\u0103, nu doar de dermatologie<br \/> \u2013 Lector invitat la Congrese Interna\u021bionale ale: Societ\u0103\u021bii Europene de Dermatologie \u0219i Venerologie (EADV), Societ\u0103\u021bii Franceze de Flebologie (SFP), Uniunii Interna\u021bionale de Flebologie (UIP)<br \/> \u2013 Expert \u00een Boala Venoas\u0103 Cronic\u0103, \u00een Maladii Transmisibile Sexual, expert dermatolog \u00een solu\u021bionarea unor cazuri medico-legale<br \/> \u2013 Decan de Serie desemnat de c\u0103tre studen\u021bi, ca semn de respect \u0219i de recunoa\u0219tere a calit\u0103\u021bii de dasc\u0103l<br \/> \u2013 Implicare activ\u0103 \u00een activitatea de cercetare \u0219tiin\u021bific\u0103 (granturi de cercetare \u0219tiin\u021bific\u0103, proiecte na\u021bionale \u0219i interna\u021bionale, studii clinice, consultant \u0219tiin\u021bific, membru \u00een numeroase advisory board-uri etc.)<br \/> \u2013 Peste 230 de lucr\u0103ri publicate \u00een \u021bar\u0103 \u0219i \u00een str\u0103in\u0103tate, autoare a 23 c\u0103r\u021bi \u0219i capitole de c\u0103r\u021bi de dermatologie<br \/> \u2013 Absolvent\u0103 a Facult\u0103\u021bii de Medicin\u0103, U.M.F. \u201cGrigore T. Popa\u201d, Ia\u0219i, promo\u021bia 1991<\/p>\n<p>[\/et_pb_text][\/et_pb_column][\/et_pb_row][\/et_pb_section][et_pb_section fb_built=&#8221;1&#8243; _builder_version=&#8221;3.22&#8243; background_color=&#8221;rgba(117,194,33,0.23)&#8221; background_image=&#8221;https:\/\/pdi.ro\/2020\/wp-content\/uploads\/2020\/02\/back_justflowers_overlay1.png&#8221; background_blend=&#8221;luminosity&#8221; custom_padding=&#8221;54px|0px|0|0px|false|false&#8221; top_divider_style=&#8221;waves2&#8243; top_divider_color=&#8221;#ffffff&#8221; top_divider_height=&#8221;155px&#8221; top_divider_height_tablet=&#8221;&#8221; top_divider_height_phone=&#8221;97px&#8221; top_divider_height_last_edited=&#8221;on|desktop&#8221; bottom_divider_style=&#8221;waves2&#8243; bottom_divider_color=&#8221;#75c221&#8243; bottom_divider_flip=&#8221;vertical&#8221; bottom_divider_height_tablet=&#8221;&#8221; bottom_divider_height_phone=&#8221;59px&#8221; bottom_divider_height_last_edited=&#8221;on|desktop&#8221;][et_pb_row column_structure=&#8221;3_5,2_5&#8243; _builder_version=&#8221;3.25&#8243; custom_padding=&#8221;61px|0px|69px|0px|false|false&#8221;][et_pb_column type=&#8221;3_5&#8243; _builder_version=&#8221;3.25&#8243; custom_padding=&#8221;|||&#8221; custom_padding__hover=&#8221;|||&#8221;][et_pb_text _builder_version=&#8221;4.0.11&#8243; text_font=&#8221;Kaushan Script||||||||&#8221; text_text_color=&#8221;#f0622a&#8221; text_font_size=&#8221;30px&#8221; text_line_height=&#8221;1.2em&#8221; header_font=&#8221;||||||||&#8221; background_layout=&#8221;dark&#8221; text_font_size_tablet=&#8221;&#8221; text_font_size_phone=&#8221;&#8221; text_font_size_last_edited=&#8221;on|desktop&#8221;]<\/p>\n<p>Contacteaz\u0103 operatorul PDI 2020<\/p>\n<p>[\/et_pb_text][et_pb_contact_form email=&#8221;contact@primaderma.ro\/2019&#8243; submit_button_text=&#8221;Trimite mesajul&#8221; _builder_version=&#8221;3.19.4&#8243; title_font=&#8221;||||||||&#8221;][et_pb_contact_field field_id=&#8221;Name&#8221; field_title=&#8221;Nume&#8221; _builder_version=&#8221;3.18.9&#8243; button_text_size__hover_enabled=&#8221;off&#8221; button_one_text_size__hover_enabled=&#8221;off&#8221; button_two_text_size__hover_enabled=&#8221;off&#8221; button_text_color__hover_enabled=&#8221;off&#8221; button_one_text_color__hover_enabled=&#8221;off&#8221; button_two_text_color__hover_enabled=&#8221;off&#8221; button_border_width__hover_enabled=&#8221;off&#8221; button_one_border_width__hover_enabled=&#8221;off&#8221; button_two_border_width__hover_enabled=&#8221;off&#8221; button_border_color__hover_enabled=&#8221;off&#8221; button_one_border_color__hover_enabled=&#8221;off&#8221; button_two_border_color__hover_enabled=&#8221;off&#8221; button_border_radius__hover_enabled=&#8221;off&#8221; button_one_border_radius__hover_enabled=&#8221;off&#8221; button_two_border_radius__hover_enabled=&#8221;off&#8221; button_letter_spacing__hover_enabled=&#8221;off&#8221; button_one_letter_spacing__hover_enabled=&#8221;off&#8221; button_two_letter_spacing__hover_enabled=&#8221;off&#8221; button_bg_color__hover_enabled=&#8221;off&#8221; button_one_bg_color__hover_enabled=&#8221;off&#8221; button_two_bg_color__hover_enabled=&#8221;off&#8221;][\/et_pb_contact_field][et_pb_contact_field field_id=&#8221;Email&#8221; field_title=&#8221;Adresa de e-mail&#8221; field_type=&#8221;email&#8221; _builder_version=&#8221;3.19.4&#8243; button_text_size__hover_enabled=&#8221;off&#8221; button_one_text_size__hover_enabled=&#8221;off&#8221; button_two_text_size__hover_enabled=&#8221;off&#8221; button_text_color__hover_enabled=&#8221;off&#8221; button_one_text_color__hover_enabled=&#8221;off&#8221; button_two_text_color__hover_enabled=&#8221;off&#8221; button_border_width__hover_enabled=&#8221;off&#8221; button_one_border_width__hover_enabled=&#8221;off&#8221; button_two_border_width__hover_enabled=&#8221;off&#8221; button_border_color__hover_enabled=&#8221;off&#8221; button_one_border_color__hover_enabled=&#8221;off&#8221; button_two_border_color__hover_enabled=&#8221;off&#8221; button_border_radius__hover_enabled=&#8221;off&#8221; button_one_border_radius__hover_enabled=&#8221;off&#8221; button_two_border_radius__hover_enabled=&#8221;off&#8221; button_letter_spacing__hover_enabled=&#8221;off&#8221; button_one_letter_spacing__hover_enabled=&#8221;off&#8221; button_two_letter_spacing__hover_enabled=&#8221;off&#8221; button_bg_color__hover_enabled=&#8221;off&#8221; button_one_bg_color__hover_enabled=&#8221;off&#8221; button_two_bg_color__hover_enabled=&#8221;off&#8221;][\/et_pb_contact_field][et_pb_contact_field field_id=&#8221;Message&#8221; field_title=&#8221;Mesajul dvs.&#8221; field_type=&#8221;text&#8221; fullwidth_field=&#8221;on&#8221; _builder_version=&#8221;3.18.9&#8243; button_text_size__hover_enabled=&#8221;off&#8221; button_one_text_size__hover_enabled=&#8221;off&#8221; button_two_text_size__hover_enabled=&#8221;off&#8221; button_text_color__hover_enabled=&#8221;off&#8221; button_one_text_color__hover_enabled=&#8221;off&#8221; button_two_text_color__hover_enabled=&#8221;off&#8221; button_border_width__hover_enabled=&#8221;off&#8221; button_one_border_width__hover_enabled=&#8221;off&#8221; button_two_border_width__hover_enabled=&#8221;off&#8221; button_border_color__hover_enabled=&#8221;off&#8221; button_one_border_color__hover_enabled=&#8221;off&#8221; button_two_border_color__hover_enabled=&#8221;off&#8221; button_border_radius__hover_enabled=&#8221;off&#8221; button_one_border_radius__hover_enabled=&#8221;off&#8221; button_two_border_radius__hover_enabled=&#8221;off&#8221; button_letter_spacing__hover_enabled=&#8221;off&#8221; button_one_letter_spacing__hover_enabled=&#8221;off&#8221; button_two_letter_spacing__hover_enabled=&#8221;off&#8221; button_bg_color__hover_enabled=&#8221;off&#8221; button_one_bg_color__hover_enabled=&#8221;off&#8221; button_two_bg_color__hover_enabled=&#8221;off&#8221;][\/et_pb_contact_field][\/et_pb_contact_form][\/et_pb_column][et_pb_column type=&#8221;2_5&#8243; _builder_version=&#8221;3.25&#8243; custom_padding=&#8221;|||&#8221; custom_padding__hover=&#8221;|||&#8221;][et_pb_text _builder_version=&#8221;4.0.11&#8243; text_font=&#8221;Kaushan Script||||||||&#8221; text_text_color=&#8221;#f0622a&#8221; text_font_size=&#8221;30px&#8221; header_font=&#8221;||||||||&#8221; background_layout=&#8221;dark&#8221;]<\/p>\n<p>Operatorul PDI 2020<\/p>\n<p>[\/et_pb_text][et_pb_text _builder_version=&#8221;4.0.11&#8243; text_font=&#8221;||||||||&#8221;]<\/p>\n<p><span><img loading=\"lazy\" decoding=\"async\" src=\"https:\/\/pdi.ro\/2020\/wp-content\/uploads\/2020\/02\/eventer_logo_150px.png\" width=\"151\" height=\"33\" alt=\"\" class=\"wp-image-774 alignleft size-full\" \/><\/span><\/p>\n<p><span><\/span><\/p>\n<p><span><\/span><\/p>\n<p><span>Adresa: Str. A. Panu nr. 13, Iasi<\/span><br \/> <span>Tel.: 0332.40.88.00-05<\/span><br \/> <span>E-mail: <a href=\"mailto:inscrieri@primaderma.ro\" target=\"_blank\" rel=\"noopener noreferrer\">inscrieri@primaderma.ro<\/a><br \/> <\/span><span>Website:\u00a0<\/span><a href=\"http:\/\/www.eventernet.ro\/\" target=\"Blank\" rel=\"noopener noreferrer\">www.eventernet.ro<\/a><\/p>\n<p>[\/et_pb_text][et_pb_text disabled_on=&#8221;off|off|off&#8221; _builder_version=&#8221;4.0.11&#8243; text_font=&#8221;Kaushan Script||||||||&#8221; text_text_color=&#8221;#f0622a&#8221; text_font_size=&#8221;30px&#8221; header_font=&#8221;||||||||&#8221; background_layout=&#8221;dark&#8221; locked=&#8221;off&#8221;]<\/p>\n<p>Parteneri Media<\/p>\n<p>[\/et_pb_text][et_pb_gallery gallery_ids=&#8221;7203,7204,7232,7231&#8243; fullwidth=&#8221;on&#8221; _builder_version=&#8221;4.0.11&#8243; transform_scale=&#8221;86%|86%&#8221; max_width=&#8221;63%&#8221; auto=&#8221;on&#8221; auto_speed=&#8221;3500&#8243; hover_transition_duration=&#8221;100ms&#8221; hover_transition_delay=&#8221;50ms&#8221; hover_transition_speed_curve=&#8221;ease-in-out&#8221; locked=&#8221;off&#8221;][\/et_pb_gallery][\/et_pb_column][\/et_pb_row][\/et_pb_section]<\/p>\n","protected":false},"excerpt":{"rendered":"<p>Prof. Dr. Br\u0103ni\u0219teanu Daciana Elena Universitatea de Medicin\u0103 \u0219i Farmacie \u201cGrigore T. Popa\u201d Ia\u0219i Spitalul Clinic de Urgen\u0163e \u201cSf. Spiridon\u201d Ia\u015fi Scurt CV \u2013 Profesor universitar, titular de curs de dermatologie, Facultatea de Medicin\u0103, U.M.F. \u201cGrigore T. Popa\u201d, Ia\u0219i \u2013 Doctor \u00een \u0219tiin\u021be medicale, teza de doctorat \u00een ACNEEA VULGARA 2004) \u2013 Manager al Centrului [&hellip;]<\/p>\n","protected":false},"author":2,"featured_media":0,"parent":0,"menu_order":0,"comment_status":"closed","ping_status":"closed","template":"","meta":{"_et_pb_use_builder":"on","_et_pb_old_content":"","_et_gb_content_width":"","footnotes":""},"class_list":["post-8521","page","type-page","status-publish","hentry"],"_links":{"self":[{"href":"https:\/\/pdi.ro\/2020\/wp-json\/wp\/v2\/pages\/8521","targetHints":{"allow":["GET"]}}],"collection":[{"href":"https:\/\/pdi.ro\/2020\/wp-json\/wp\/v2\/pages"}],"about":[{"href":"https:\/\/pdi.ro\/2020\/wp-json\/wp\/v2\/types\/page"}],"author":[{"embeddable":true,"href":"https:\/\/pdi.ro\/2020\/wp-json\/wp\/v2\/users\/2"}],"replies":[{"embeddable":true,"href":"https:\/\/pdi.ro\/2020\/wp-json\/wp\/v2\/comments?post=8521"}],"version-history":[{"count":3,"href":"https:\/\/pdi.ro\/2020\/wp-json\/wp\/v2\/pages\/8521\/revisions"}],"predecessor-version":[{"id":8525,"href":"https:\/\/pdi.ro\/2020\/wp-json\/wp\/v2\/pages\/8521\/revisions\/8525"}],"wp:attachment":[{"href":"https:\/\/pdi.ro\/2020\/wp-json\/wp\/v2\/media?parent=8521"}],"curies":[{"name":"wp","href":"https:\/\/api.w.org\/{rel}","templated":true}]}}