{"id":8539,"date":"2020-07-06T09:41:09","date_gmt":"2020-07-06T07:41:09","guid":{"rendered":"https:\/\/primaderma.ro\/?page_id=8539"},"modified":"2020-07-06T09:43:37","modified_gmt":"2020-07-06T07:43:37","slug":"sef-lucr-dr-branisteanu-daniel-constantin","status":"publish","type":"page","link":"https:\/\/pdi.ro\/2020\/sef-lucr-dr-branisteanu-daniel-constantin\/","title":{"rendered":"\u015eef Lucr. Dr. Br\u0103ni\u0219teanu Daniel Constantin"},"content":{"rendered":"<p>[et_pb_section fb_built=&#8221;1&#8243; fullwidth=&#8221;on&#8221; disabled_on=&#8221;on|off|off&#8221; _builder_version=&#8221;3.22&#8243; custom_margin=&#8221;||&#8221; custom_padding=&#8221;15px||29px&#8221; top_divider_style=&#8221;waves2&#8243; top_divider_color=&#8221;#f0622a&#8221; top_divider_flip=&#8221;horizontal|vertical&#8221; bottom_divider_style=&#8221;waves2&#8243; bottom_divider_color=&#8221;#fcdedb&#8221; bottom_divider_height=&#8221;105px&#8221; bottom_divider_flip=&#8221;vertical&#8221; collapsed=&#8221;off&#8221;][et_pb_fullwidth_header title=&#8221;@ET-DC@eyJkeW5hbWljIjp0cnVlLCJjb250ZW50IjoicG9zdF90aXRsZSIsInNldHRpbmdzIjp7ImJlZm9yZSI6IiIsImFmdGVyIjoiIn19@&#8221; text_orientation=&#8221;right&#8221; header_image_url=&#8221;https:\/\/pdi.ro\/2020\/wp-content\/uploads\/2020\/05\/pdi_iulie_online.png&#8221; disabled_on=&#8221;on|on|off&#8221; _builder_version=&#8221;4.4.7&#8243; _dynamic_attributes=&#8221;title&#8221; title_font=&#8221;Kaushan Script||||||||&#8221; title_text_align=&#8221;right&#8221; title_text_color=&#8221;#f0622a&#8221; title_font_size=&#8221;50px&#8221; content_font=&#8221;|600||on|||||&#8221; content_text_align=&#8221;center&#8221; content_text_color=&#8221;#686766&#8243; content_font_size=&#8221;15px&#8221; subhead_font=&#8221;||||||||&#8221; background_color=&#8221;rgba(239,145,107,0.54)&#8221; background_image=&#8221;https:\/\/pdi.ro\/2020\/wp-content\/uploads\/2020\/02\/back.jpg&#8221; background_layout=&#8221;light&#8221; custom_margin=&#8221;0px||8px&#8221; custom_padding=&#8221;40px||40px||true&#8221; content_font_size_tablet=&#8221;&#8221; content_font_size_phone=&#8221;15px&#8221; content_font_size_last_edited=&#8221;on|desktop&#8221;][\/et_pb_fullwidth_header][\/et_pb_section][et_pb_section fb_built=&#8221;1&#8243; _builder_version=&#8221;3.22&#8243; locked=&#8221;off&#8221;][et_pb_row column_structure=&#8221;2_5,3_5&#8243; _builder_version=&#8221;3.25&#8243;][et_pb_column type=&#8221;2_5&#8243; _builder_version=&#8221;3.25&#8243; custom_padding=&#8221;|||&#8221; custom_padding__hover=&#8221;|||&#8221;][et_pb_image src=&#8221;https:\/\/pdi.ro\/2020\/wp-content\/uploads\/2020\/02\/BranisteanuDaniel.png&#8221; title_text=&#8221;BranisteanuDaniel&#8221; align=&#8221;center&#8221; align_tablet=&#8221;center&#8221; align_phone=&#8221;&#8221; align_last_edited=&#8221;on|desktop&#8221; _builder_version=&#8221;4.4.8&#8243; max_width=&#8221;31%&#8221; border_radii=&#8221;on|100px|100px|100px|100px&#8221;][\/et_pb_image][\/et_pb_column][et_pb_column type=&#8221;3_5&#8243; _builder_version=&#8221;3.25&#8243; custom_padding=&#8221;|||&#8221; custom_padding__hover=&#8221;|||&#8221;][et_pb_text _builder_version=&#8221;4.4.8&#8243;]<\/p>\n<h4><strong><span style=\"color: #ff6600;\"><\/span><\/strong><\/h4>\n<h4><strong><span style=\"color: #ff6600;\"><\/span><\/strong><\/h4>\n<h4><strong><span style=\"color: #ff6600;\"><\/span><\/strong><\/h4>\n<h4><strong><span style=\"color: #ff6600;\">\u015eef Lucr. Dr. Br\u0103ni\u0219teanu Daniel Constantin<\/span><\/strong><br \/>\n<strong><span style=\"color: #ff6600;\">Universitatea de Medicin\u0103 \u0219i Farmacie \u201cGrigore T. Popa\u201d Ia\u0219i<\/span><\/strong><\/h4>\n<p>[\/et_pb_text][\/et_pb_column][\/et_pb_row][et_pb_row _builder_version=&#8221;3.25&#8243;][et_pb_column type=&#8221;4_4&#8243; _builder_version=&#8221;3.25&#8243; custom_padding=&#8221;|||&#8221; custom_padding__hover=&#8221;|||&#8221;][et_pb_text _builder_version=&#8221;4.4.8&#8243; hover_enabled=&#8221;0&#8243;]<\/p>\n<p style=\"text-align: justify;\"><span style=\"color: #ff6600;\">Infec\u0163ia ocular\u0103 cu virusul SARS-CoV-2 \u2013 Ce \u015ftim p\u00e2n\u0103 acum?<br \/>\nAutori: D.C.Br\u0103ni\u015fteanu, C\u0103t\u0103lina Ioana Br\u0103ni\u015fteanu<\/span><\/p>\n<p style=\"text-align: justify;\">Pandemia curent\u0103 COVID-19 pune \u00een discu\u0163ie afectarea ocular\u0103 concomitent\u0103 \u015fi maniera cea mai sigur\u0103 \u00een abordarea pacien\u0163ilor cu patologie oftalmologic\u0103. P\u00e2n\u0103 \u00een acest moment exist\u0103 informa\u0163ii ca virusul SARS-CoV-2, ce este responsabil \u00een special de infectarea tractusului respirator superior, poate afecta la nivel ocular doar conjunctiva. Dac\u0103 \u00een estim\u0103rile ini\u0163iale conjunctivita asociat\u0103 infec\u0163iei cu virusul SARS-CoV-2 avea o inciden\u0163\u0103 de 1%-3%, rapoarte mult mai recente estimeaz\u0103 o inciden\u0163\u0103 de aproximativ 5% cu posibilitatea atingerii procentului de 32% \u00een cazurile severe de COVID-19. Semnele conjunctivale includ hiperemie, hiperlacrimare, chemozis \u015fi secre\u0163ie mucoas\u0103. Conjunctivita folicular\u0103 tipic\u0103 se manifest\u0103 prin simptome de irita\u021bie, usc\u0103ciune, senza\u021bie de corp str\u0103in \u0219i vedere ince\u021bo\u0219at\u0103. De\u0219i probabilitatea de a identifica ARNul viral \u00een lacrimile pacientului este mic\u0103 \u00een cazul \u00een care nu exist\u0103 manifest\u0103ri conjunctivale iar \u00een cazul existen\u021bei conjunctivitei prezen\u021ba virusului este inconstant\u0103, riscul de contaminare prin lacrimi este ridicat mai ales atunci c\u00e2nd se atinge fa\u021ba sau se manipuleaz\u0103 lentile de contact.<br \/> Considera\u021bi la mare risc de infectare, oftalmologii au fost nevoi\u021bi s\u0103-\u0219i modifice radical practica curent\u0103 \u0219i modul de abordare a pacien\u021bilor. Toate procedurile oftalmologice au fost ast\u0103zi reluate cu utilizarea sistematic\u0103 a separatoarelor la biomicroscop \u0219i a echipamentului de protec\u021bie personal\u0103. Distan\u021barea fizic\u0103 \u0219i portul m\u0103\u0219tii chirurgicale de c\u0103tre pacient pe tot parcursul prezen\u021bei sale \u00een clinic\u0103 este de asemenea necesar\u0103.<\/p>\n<p style=\"text-align: justify;\"><span style=\"color: #ff6600;\">SARS-CoV-2 coronavirus and the eye \u2013 What do we know so far?<br \/>\nAuthors: D.C.Br\u0103ni\u015fteanu, C\u0103t\u0103lina Ioana Br\u0103ni\u015fteanu<\/span><\/p>\n<p style=\"text-align: justify;\">With the ongoing pandemic COVID-19 disease many questions were raised about eye involvement and the safest approach of the ophthalmic patient. So far, the SARS-CoV-2 virus, mainly responsive to upper respiratory tract infection, has shown the ability to involve ocular conjunctiva only. If in early reports the incidence of SARS-CoV-2 associated conjunctivitis was estimated between 1%-3% of the cases, in recent reports it raises up to 5% of the cases and as high as 32% in severe COVID-19 cases. Conjunctivitis signs include hyperemia, tearing, chemosis, and mucous discharge. The typical follicular conjunctivitis is responsible for dry eye symptoms, blurred vision, and foreign body sensation. Although the viral RNA has a low probability to be detected in the tears of COVID-19 patients without conjunctivitis and is not systematically detected in patients with conjunctivitis, the risk of contamination remains high, especially when touching the face or handling contact lenses.<br \/> Being considered at high risk for infection, the ophthalmologists had to drastically change the way they run their practices and treat patients. All ophthalmological procedures have now restarted with the systematic use of plastic breath shields attached to slit-lamps, surgical and personal protective equipment (surgical masks, goggles, or face shields). Distancing and systematic usage of the surgical mask over the patient&#8217;s nose and mouth during procedures is also required.<\/p>\n<p style=\"text-align: justify;\"><strong><span style=\"color: #ff6600;\">Scurt CV<\/span><\/strong><\/p>\n<p><strong>Titluri profesionale:<\/strong><br \/> \u2022 \u015eef de Lucr\u0103ri \u015fi Titular de Curs la Disciplina Oftalmologie a Universit\u0103\u0163ii de Medicin\u0103 \u015fi Farmacie \u201dGrigore T. Popa\u201d Ia\u015fi<br \/> \u2022 Specialist \u00een Retinologie, \u015eeful Clinicii \u201dRetina Center\u201d Ia\u015fi, Rom\u00e2nia<br \/> \u2022 Membru fondator \u015fi membru \u00een Comitetul de Conducere a Societ\u0103\u0163ii Rom\u00e2ne Retina<br \/> \u2022 Membru \u00een Consiliul de conducere a Societ\u0103\u0163ii Rom\u00e2ne de Oftalmologie<br \/> \u2022 Titlu onorific de FEBO (Fellow of the European Board of Ophthalmology) acordat \u00een 2014 pentru merite profesionale \u015fi contribu\u0163ia adus\u0103 \u015fcolii de retinologie rom\u00e2ne\u015fti<br \/> \u2022 Editor Asistent \u015fi membru \u00een Comitetul Editorial Na\u0163ional al \u201cRomanian Journal of Ophthalmology\u201d<br \/> \u2022 Membru Euretina (European Society of Retina Specialists)<\/p>\n<p><strong>Calific\u0103ri:<\/strong><br \/> \u2022 Titlu de Doctor Medic a Universit\u0103\u0163ii de Medicin\u0103 \u015fi Farmacie \u201dGrigore T Popa\u201d Ia\u015fi, 1991<br \/> \u2022 AFSA \u00een oftalmologie, specializarea retin\u0103, la Universitatea Claude Bernard, Lyon, France<br \/> \u2022 Medic primar oftalmolog din 2000<br \/> \u2022 Doctor \u00een \u0218tiin\u0163e Medicale din 2006 datorit\u0103 Lucr\u0103rii \u00een Retinologie<br \/> \u2022 Stagii de preg\u0103tire \u00een patologia medical\u0103 \u015fi chirurgical\u0103 a retinei \u00een departamente de specialitate din Lyon, Franta; Louisville, SUA; Gent, Belgia; Frankfurt, Berlin \u015fi Wurzburg, Germania<\/p>\n<p><strong>Contribu\u0163ii \u015ftiin\u0163ifice \u015fi profesionale:<\/strong><br \/> \u2022 Crearea primului centru de retin\u0103 medical\u0103, laser \u015fi chirurgical\u0103 \u00eentr-un spital public din zona Moldovei \u00een 1997<br \/> \u2022 Implicarea constant\u0103 \u00een promovarea \u015fi implementarea de noi metode diagnostice, tratamente medicale \u015fi chirurgicale \u00een patologia retinei<br \/> \u2022 Cooperare \u015ftiin\u0163ific\u0103 \u015fi implicare activ\u0103 \u00een 7 studii clinice interna\u0163ionale<br \/> \u2022 Peste 50 de articole \u015fi capitole de carte publicate<br \/> \u2022 Peste 150 de prezent\u0103ri \u015ftiin\u0163ifice la Congrese Na\u0163ionale \u015fi Interna\u0163ionale<br \/> \u2022 Speaker invitat la Conferin\u0163e \u015fi Congrese de specialitate<\/p>\n<p>[\/et_pb_text][\/et_pb_column][\/et_pb_row][\/et_pb_section][et_pb_section fb_built=&#8221;1&#8243; _builder_version=&#8221;3.22&#8243; background_color=&#8221;rgba(117,194,33,0.23)&#8221; background_image=&#8221;https:\/\/pdi.ro\/2020\/wp-content\/uploads\/2020\/02\/back_justflowers_overlay1.png&#8221; background_blend=&#8221;luminosity&#8221; custom_padding=&#8221;54px|0px|0|0px|false|false&#8221; top_divider_style=&#8221;waves2&#8243; top_divider_color=&#8221;#ffffff&#8221; top_divider_height=&#8221;155px&#8221; top_divider_height_tablet=&#8221;&#8221; top_divider_height_phone=&#8221;97px&#8221; top_divider_height_last_edited=&#8221;on|desktop&#8221; bottom_divider_style=&#8221;waves2&#8243; bottom_divider_color=&#8221;#75c221&#8243; bottom_divider_flip=&#8221;vertical&#8221; bottom_divider_height_tablet=&#8221;&#8221; bottom_divider_height_phone=&#8221;59px&#8221; bottom_divider_height_last_edited=&#8221;on|desktop&#8221;][et_pb_row column_structure=&#8221;3_5,2_5&#8243; _builder_version=&#8221;3.25&#8243; custom_padding=&#8221;61px|0px|69px|0px|false|false&#8221;][et_pb_column type=&#8221;3_5&#8243; _builder_version=&#8221;3.25&#8243; custom_padding=&#8221;|||&#8221; custom_padding__hover=&#8221;|||&#8221;][et_pb_text _builder_version=&#8221;4.0.11&#8243; text_font=&#8221;Kaushan Script||||||||&#8221; text_text_color=&#8221;#f0622a&#8221; text_font_size=&#8221;30px&#8221; text_line_height=&#8221;1.2em&#8221; header_font=&#8221;||||||||&#8221; background_layout=&#8221;dark&#8221; text_font_size_tablet=&#8221;&#8221; text_font_size_phone=&#8221;&#8221; text_font_size_last_edited=&#8221;on|desktop&#8221;]<\/p>\n<p>Contacteaz\u0103 operatorul PDI 2020<\/p>\n<p>[\/et_pb_text][et_pb_contact_form email=&#8221;contact@primaderma.ro\/2019&#8243; submit_button_text=&#8221;Trimite mesajul&#8221; _builder_version=&#8221;3.19.4&#8243; title_font=&#8221;||||||||&#8221;][et_pb_contact_field field_id=&#8221;Name&#8221; field_title=&#8221;Nume&#8221; _builder_version=&#8221;3.18.9&#8243; button_text_size__hover_enabled=&#8221;off&#8221; button_one_text_size__hover_enabled=&#8221;off&#8221; button_two_text_size__hover_enabled=&#8221;off&#8221; button_text_color__hover_enabled=&#8221;off&#8221; button_one_text_color__hover_enabled=&#8221;off&#8221; button_two_text_color__hover_enabled=&#8221;off&#8221; button_border_width__hover_enabled=&#8221;off&#8221; button_one_border_width__hover_enabled=&#8221;off&#8221; button_two_border_width__hover_enabled=&#8221;off&#8221; button_border_color__hover_enabled=&#8221;off&#8221; button_one_border_color__hover_enabled=&#8221;off&#8221; button_two_border_color__hover_enabled=&#8221;off&#8221; button_border_radius__hover_enabled=&#8221;off&#8221; button_one_border_radius__hover_enabled=&#8221;off&#8221; button_two_border_radius__hover_enabled=&#8221;off&#8221; button_letter_spacing__hover_enabled=&#8221;off&#8221; button_one_letter_spacing__hover_enabled=&#8221;off&#8221; button_two_letter_spacing__hover_enabled=&#8221;off&#8221; button_bg_color__hover_enabled=&#8221;off&#8221; button_one_bg_color__hover_enabled=&#8221;off&#8221; button_two_bg_color__hover_enabled=&#8221;off&#8221;][\/et_pb_contact_field][et_pb_contact_field field_id=&#8221;Email&#8221; field_title=&#8221;Adresa de e-mail&#8221; field_type=&#8221;email&#8221; _builder_version=&#8221;3.19.4&#8243; button_text_size__hover_enabled=&#8221;off&#8221; button_one_text_size__hover_enabled=&#8221;off&#8221; button_two_text_size__hover_enabled=&#8221;off&#8221; button_text_color__hover_enabled=&#8221;off&#8221; button_one_text_color__hover_enabled=&#8221;off&#8221; button_two_text_color__hover_enabled=&#8221;off&#8221; button_border_width__hover_enabled=&#8221;off&#8221; button_one_border_width__hover_enabled=&#8221;off&#8221; button_two_border_width__hover_enabled=&#8221;off&#8221; button_border_color__hover_enabled=&#8221;off&#8221; button_one_border_color__hover_enabled=&#8221;off&#8221; button_two_border_color__hover_enabled=&#8221;off&#8221; button_border_radius__hover_enabled=&#8221;off&#8221; button_one_border_radius__hover_enabled=&#8221;off&#8221; button_two_border_radius__hover_enabled=&#8221;off&#8221; button_letter_spacing__hover_enabled=&#8221;off&#8221; button_one_letter_spacing__hover_enabled=&#8221;off&#8221; button_two_letter_spacing__hover_enabled=&#8221;off&#8221; button_bg_color__hover_enabled=&#8221;off&#8221; button_one_bg_color__hover_enabled=&#8221;off&#8221; button_two_bg_color__hover_enabled=&#8221;off&#8221;][\/et_pb_contact_field][et_pb_contact_field field_id=&#8221;Message&#8221; field_title=&#8221;Mesajul dvs.&#8221; field_type=&#8221;text&#8221; fullwidth_field=&#8221;on&#8221; _builder_version=&#8221;3.18.9&#8243; button_text_size__hover_enabled=&#8221;off&#8221; button_one_text_size__hover_enabled=&#8221;off&#8221; button_two_text_size__hover_enabled=&#8221;off&#8221; button_text_color__hover_enabled=&#8221;off&#8221; button_one_text_color__hover_enabled=&#8221;off&#8221; button_two_text_color__hover_enabled=&#8221;off&#8221; button_border_width__hover_enabled=&#8221;off&#8221; button_one_border_width__hover_enabled=&#8221;off&#8221; button_two_border_width__hover_enabled=&#8221;off&#8221; button_border_color__hover_enabled=&#8221;off&#8221; button_one_border_color__hover_enabled=&#8221;off&#8221; button_two_border_color__hover_enabled=&#8221;off&#8221; button_border_radius__hover_enabled=&#8221;off&#8221; button_one_border_radius__hover_enabled=&#8221;off&#8221; button_two_border_radius__hover_enabled=&#8221;off&#8221; button_letter_spacing__hover_enabled=&#8221;off&#8221; button_one_letter_spacing__hover_enabled=&#8221;off&#8221; button_two_letter_spacing__hover_enabled=&#8221;off&#8221; button_bg_color__hover_enabled=&#8221;off&#8221; button_one_bg_color__hover_enabled=&#8221;off&#8221; button_two_bg_color__hover_enabled=&#8221;off&#8221;][\/et_pb_contact_field][\/et_pb_contact_form][\/et_pb_column][et_pb_column type=&#8221;2_5&#8243; _builder_version=&#8221;3.25&#8243; custom_padding=&#8221;|||&#8221; custom_padding__hover=&#8221;|||&#8221;][et_pb_text _builder_version=&#8221;4.0.11&#8243; text_font=&#8221;Kaushan Script||||||||&#8221; text_text_color=&#8221;#f0622a&#8221; text_font_size=&#8221;30px&#8221; header_font=&#8221;||||||||&#8221; background_layout=&#8221;dark&#8221;]<\/p>\n<p>Operatorul PDI 2020<\/p>\n<p>[\/et_pb_text][et_pb_text _builder_version=&#8221;4.0.11&#8243; text_font=&#8221;||||||||&#8221;]<\/p>\n<p><span><img loading=\"lazy\" decoding=\"async\" src=\"https:\/\/pdi.ro\/2020\/wp-content\/uploads\/2020\/02\/eventer_logo_150px.png\" width=\"151\" height=\"33\" alt=\"\" class=\"wp-image-774 alignleft size-full\" \/><\/span><\/p>\n<p><span><\/span><\/p>\n<p><span><\/span><\/p>\n<p><span>Adresa: Str. A. Panu nr. 13, Iasi<\/span><br \/> <span>Tel.: 0332.40.88.00-05<\/span><br \/> <span>E-mail: <a href=\"mailto:inscrieri@primaderma.ro\" target=\"_blank\" rel=\"noopener noreferrer\">inscrieri@primaderma.ro<\/a><br \/> <\/span><span>Website:\u00a0<\/span><a href=\"http:\/\/www.eventernet.ro\/\" target=\"Blank\" rel=\"noopener noreferrer\">www.eventernet.ro<\/a><\/p>\n<p>[\/et_pb_text][et_pb_text disabled_on=&#8221;off|off|off&#8221; _builder_version=&#8221;4.0.11&#8243; text_font=&#8221;Kaushan Script||||||||&#8221; text_text_color=&#8221;#f0622a&#8221; text_font_size=&#8221;30px&#8221; header_font=&#8221;||||||||&#8221; background_layout=&#8221;dark&#8221; locked=&#8221;off&#8221;]<\/p>\n<p>Parteneri Media<\/p>\n<p>[\/et_pb_text][et_pb_gallery gallery_ids=&#8221;7203,7204,7232,7231&#8243; fullwidth=&#8221;on&#8221; _builder_version=&#8221;4.0.11&#8243; transform_scale=&#8221;86%|86%&#8221; max_width=&#8221;63%&#8221; auto=&#8221;on&#8221; auto_speed=&#8221;3500&#8243; hover_transition_duration=&#8221;100ms&#8221; hover_transition_delay=&#8221;50ms&#8221; hover_transition_speed_curve=&#8221;ease-in-out&#8221; locked=&#8221;off&#8221;][\/et_pb_gallery][\/et_pb_column][\/et_pb_row][\/et_pb_section]<\/p>\n","protected":false},"excerpt":{"rendered":"<p>\u015eef Lucr. Dr. Br\u0103ni\u0219teanu Daniel Constantin Universitatea de Medicin\u0103 \u0219i Farmacie \u201cGrigore T. Popa\u201d Ia\u0219iInfec\u0163ia ocular\u0103 cu virusul SARS-CoV-2 \u2013 Ce \u015ftim p\u00e2n\u0103 acum? Autori: D.C.Br\u0103ni\u015fteanu, C\u0103t\u0103lina Ioana Br\u0103ni\u015fteanu Pandemia curent\u0103 COVID-19 pune \u00een discu\u0163ie afectarea ocular\u0103 concomitent\u0103 \u015fi maniera cea mai sigur\u0103 \u00een abordarea pacien\u0163ilor cu patologie oftalmologic\u0103. P\u00e2n\u0103 \u00een acest moment exist\u0103 informa\u0163ii [&hellip;]<\/p>\n","protected":false},"author":2,"featured_media":0,"parent":0,"menu_order":0,"comment_status":"closed","ping_status":"closed","template":"","meta":{"_et_pb_use_builder":"on","_et_pb_old_content":"","_et_gb_content_width":"","footnotes":""},"class_list":["post-8539","page","type-page","status-publish","hentry"],"_links":{"self":[{"href":"https:\/\/pdi.ro\/2020\/wp-json\/wp\/v2\/pages\/8539","targetHints":{"allow":["GET"]}}],"collection":[{"href":"https:\/\/pdi.ro\/2020\/wp-json\/wp\/v2\/pages"}],"about":[{"href":"https:\/\/pdi.ro\/2020\/wp-json\/wp\/v2\/types\/page"}],"author":[{"embeddable":true,"href":"https:\/\/pdi.ro\/2020\/wp-json\/wp\/v2\/users\/2"}],"replies":[{"embeddable":true,"href":"https:\/\/pdi.ro\/2020\/wp-json\/wp\/v2\/comments?post=8539"}],"version-history":[{"count":5,"href":"https:\/\/pdi.ro\/2020\/wp-json\/wp\/v2\/pages\/8539\/revisions"}],"predecessor-version":[{"id":8545,"href":"https:\/\/pdi.ro\/2020\/wp-json\/wp\/v2\/pages\/8539\/revisions\/8545"}],"wp:attachment":[{"href":"https:\/\/pdi.ro\/2020\/wp-json\/wp\/v2\/media?parent=8539"}],"curies":[{"name":"wp","href":"https:\/\/api.w.org\/{rel}","templated":true}]}}