{"id":10085,"date":"2021-07-07T12:01:53","date_gmt":"2021-07-07T10:01:53","guid":{"rendered":"https:\/\/primaderma.ro\/?page_id=10085"},"modified":"2021-07-07T12:01:53","modified_gmt":"2021-07-07T10:01:53","slug":"conf-dr-radu-daniela","status":"publish","type":"page","link":"https:\/\/pdi.ro\/2021\/conf-dr-radu-daniela\/","title":{"rendered":"Conf. Dr. Radu Daniela"},"content":{"rendered":"<p>[et_pb_section fb_built=&#8221;1&#8243; fullwidth=&#8221;on&#8221; disabled_on=&#8221;on|off|off&#8221; _builder_version=&#8221;3.22&#8243; custom_margin=&#8221;||&#8221; custom_padding=&#8221;15px||29px&#8221; top_divider_style=&#8221;waves2&#8243; top_divider_color=&#8221;#f0622a&#8221; top_divider_flip=&#8221;horizontal|vertical&#8221; bottom_divider_style=&#8221;waves2&#8243; bottom_divider_color=&#8221;#fcdedb&#8221; bottom_divider_height=&#8221;105px&#8221; bottom_divider_flip=&#8221;vertical&#8221; global_module=&#8221;9062&#8243; collapsed=&#8221;off&#8221;][et_pb_fullwidth_header title=&#8221;@ET-DC@eyJkeW5hbWljIjp0cnVlLCJjb250ZW50IjoicG9zdF90aXRsZSIsInNldHRpbmdzIjp7ImJlZm9yZSI6IiIsImFmdGVyIjoiIn19@&#8221; text_orientation=&#8221;right&#8221; header_image_url=&#8221;https:\/\/pdi.ro\/2021\/wp-content\/uploads\/2021\/05\/PDI2021_logo_header_int_600x300px.png&#8221; disabled_on=&#8221;on|on|off&#8221; _builder_version=&#8221;4.9.4&#8243; _dynamic_attributes=&#8221;title&#8221; title_font=&#8221;Kaushan Script||||||||&#8221; title_text_align=&#8221;right&#8221; title_text_color=&#8221;#f0622a&#8221; title_font_size=&#8221;50px&#8221; content_font=&#8221;|600||on|||||&#8221; content_text_align=&#8221;center&#8221; content_text_color=&#8221;#686766&#8243; content_font_size=&#8221;15px&#8221; subhead_font=&#8221;||||||||&#8221; background_color=&#8221;#ef916b&#8221; background_image=&#8221;https:\/\/pdi.ro\/2021\/wp-content\/uploads\/2021\/05\/PDI2021_header_1920x550px.jpg&#8221; background_blend=&#8221;luminosity&#8221; background_layout=&#8221;light&#8221; custom_margin=&#8221;0px||8px&#8221; custom_padding=&#8221;40px||40px||true&#8221; content_font_size_tablet=&#8221;&#8221; content_font_size_phone=&#8221;15px&#8221; content_font_size_last_edited=&#8221;on|desktop&#8221;][\/et_pb_fullwidth_header][\/et_pb_section][et_pb_section fb_built=&#8221;1&#8243; _builder_version=&#8221;3.22&#8243; locked=&#8221;off&#8221;][et_pb_row column_structure=&#8221;2_5,3_5&#8243; _builder_version=&#8221;3.25&#8243;][et_pb_column type=&#8221;2_5&#8243; _builder_version=&#8221;3.25&#8243; custom_padding=&#8221;|||&#8221; custom_padding__hover=&#8221;|||&#8221;][et_pb_image src=&#8221;https:\/\/pdi.ro\/2021\/wp-content\/uploads\/2021\/07\/Daniela-Radu_1.jpg&#8221; title_text=&#8221;Daniela Radu_1&#8243; align=&#8221;center&#8221; align_tablet=&#8221;center&#8221; align_phone=&#8221;&#8221; align_last_edited=&#8221;on|desktop&#8221; _builder_version=&#8221;4.9.7&#8243; max_width=&#8221;31%&#8221; hover_enabled=&#8221;0&#8243; border_radii=&#8221;on|100px|100px|100px|100px&#8221; sticky_enabled=&#8221;0&#8243;][\/et_pb_image][\/et_pb_column][et_pb_column type=&#8221;3_5&#8243; _builder_version=&#8221;3.25&#8243; custom_padding=&#8221;|||&#8221; custom_padding__hover=&#8221;|||&#8221;][et_pb_text _builder_version=&#8221;4.9.7&#8243; hover_enabled=&#8221;0&#8243; sticky_enabled=&#8221;0&#8243;]<\/p>\n<h4><strong><span style=\"color: #ff6600;\"><\/span><\/strong><\/h4>\n<h4><strong><span style=\"color: #ff6600;\"><\/span><\/strong><\/h4>\n<h4><strong><span style=\"color: #ff6600;\"><\/span><\/strong><\/h4>\n<h4><strong><span style=\"color: #ff6600;\">Conf. Dr. Radu Daniela<\/span><\/strong><br \/>\n<strong><span style=\"color: #ff6600;\">Universitatea de Medicin\u0103 \u0219i Farmacie &#8220;Victor Babe\u0219&#8221; Timi\u0219oara<\/span><\/strong><\/h4>\n<p>[\/et_pb_text][\/et_pb_column][\/et_pb_row][et_pb_row _builder_version=&#8221;3.25&#8243;][et_pb_column type=&#8221;4_4&#8243; _builder_version=&#8221;3.25&#8243; custom_padding=&#8221;|||&#8221; custom_padding__hover=&#8221;|||&#8221;][et_pb_text _builder_version=&#8221;4.9.7&#8243; hover_enabled=&#8221;0&#8243; sticky_enabled=&#8221;0&#8243;]<\/p>\n<p style=\"text-align: justify;\"><span style=\"color: #ff6600;\">Metode de evaluare a calit\u0103\u021bii vie\u021bii pacien\u021bilor cu Insuficien\u021b\u0103 Venoas\u0103 Cronic\u0103 (IVC)<\/span><br \/><span style=\"color: #ff6600;\">Autor: Daniela Radu<\/span><\/p>\n<p style=\"text-align: justify;\">Scopul acestui studiu este \u00eembun\u0103t\u0103\u021birea calit\u0103\u021bii vie\u021bii pacien\u021bilor cu IVC cu edeme de cauz\u0103 veno-limfatic\u0103.<br \/>Material \u0219i metod\u0103: am analizat un lot de 114 pacien\u021bi interna\u021bi \u0219i opera\u021bi \u00een Clinica 1 Chirurgie, SCJUPBT, \u00een perioada ianuarie 2019 &#8211; ianuarie 2020. Au fost selecta\u021bi doar pacien\u021bii interna\u021bi cu afec\u021biuni venoase, programa\u021bi \u00een vederea interven\u021biei operatorii. Dintr-un total de 506 pacien\u021bi cu afec\u021biuni venoase 114 pacien\u021bi cu insuficien\u021b\u0103 venoas\u0103 cronic\u0103, au completat chestionarele specifice de apreciere a calit\u0103\u021bii vie\u021bii, validate, \u00een limba rom\u00e2n\u0103. Tratamentul aplicat, curativ, chirurgical s-a adresat afec\u021biunii \u00een func\u021bie de stadiul acesteia. Rezultatele ob\u021binute au fost bune \u0219i foarte bune, pacien\u021bii fiind externa\u021bi \u00een curs de vindecare chirurgical\u0103, cu urm\u0103rire \u0219i control prin ambulatoriul de specialitate. 114 r\u0103spunsuri prin chestionare completate au fost \u00eenregistrate \u0219i r\u0103spunsurile fiec\u0103rui pacient la internare, dup\u0103 opera\u021bie \u0219i la control au fost analizate statistic. Scorul median a fost de 40 puncte pentru fiecare pacient.<br \/>Concluzii:<br \/>1. Utilizarea chestionarelor validate pentru Rom\u00e2nia \u00een evaluarea dispari\u021biei simptomatologiei care afecteaz\u0103 calitatea vie\u021bii pacien\u021bilor a fost un instrument util \u00een evaluarea calit\u0103\u021bii vie\u021bii pacien\u021bilor \u00eenainte \u0219i dup\u0103 tratament.<br \/>2. Analiza statistic\u0103 a chestionarelor eviden\u021biaz\u0103 \u00eembun\u0103t\u0103\u021birea calit\u0103\u021bii vie\u021bii \u0219i dispari\u021bia simptomelor dup\u0103 tratamentul corect \u0219i complet aplicat.<\/p>\n<p style=\"text-align: justify;\"><span style=\"color: #ff6600;\">Scurt CV<\/span><\/p>\n<p style=\"text-align: justify;\">I was born in Sibiu, Romania, in 09 May 1960, married, no children. I graduated from the Faculty of Medicine, Institute of Medicine Timisoara in 1986. After graduation and I was employed by County Hospital Sibiu as a junior doctor. In 1991 I started my specialization in General Surgery at the Surgical Clinic no.1, of the County Emergency Hospital Timis, belonging to the University of Medicine and Pharmacy Timisoara. Since 1994 I was employed as a surgeon and Assistant Lecturer, then Senior Lecturer and from 2017 Associate Professor of the above mentioned university. I was awarded a Master\u2019s Degree in 1998 and got the PhD title in 2002 from the University of Medicine \u201cIulius Hatieganu\u201d of Cluj Napoca.<br \/>Member of International Committee a XXIX World congress of the International Union of Angiology, I virtual World Congress of the IUA 2020, International Scientific Board la UIP Chapter Meeting 13-17 April, Rome 2016, International Organizing Committee of The UIP Chapter Meeting Seoul UIP 2015. Member of the Editorial Board of Acta Phlebologica, European Journal of Physical and Rehabilitation Medicine, Aperito Journal Of Dermatology, Reviewer for World Journal of Surgical Oncology.<br \/>Member of Organizing Committee of 8 Romanian Congresses of Phlebology with International Participation (1996-2018) President of two other committees (2008, 2011), vice-president in 2013 and 2014.<br \/>Membership of Medical Associations: President of the Romanian Society of Phlebology (2011-2014), Founder Member of the Balkan Venous Forum 2009, Member of the Romanian Society of Surgery, Honorary Member of the National Society of Laparoscopic Surgery and Mechanical Sutures- 1996, Member of the Romanian Association for Endoscopic Surgery and Other Interventional Techniques (ARCE), Member of European Venous Forum (EVF), Member of the Union Internationale of Phlebology (UIP), Member of the International Union of Angiology (IUA), Member of the European Digestive Surgery (EDS), Member of European Association for Endoscopic Surgery (E.A.E.S),<br \/>Romanian awards: Diploma of Excellency for the promotion and contribution to the Angiology and Vascular Surgery in Romania in 2013; awarded by the Romanian Academy, the \u201cAlexandru Radulescu\/2011\u201daward for Medical Sciences for the book Phlebopatology; Diploma of Excellency, for the promotion and contribution of the Angiology and Vascular Surgery in Romania in 2010; Diploma of Excellency for the promotion of the Laparoscopic Surgery in Romania, 2002.<br \/>Invited speaker:<br \/>\u2022 &#8220;XI International Congress of CEVF; II Meeting of the Multinational Chapter of IUA; XXVIII Congress of MLAVS &#8211; Advances in Cardiovascular Diseases Palermo Italy 2018<br \/>\u2022 UIP-Chapter meeting 14-17 aprilie Rome Italy 2016<br \/>\u2022 UIP-chapter meeting, Seoul Koreea 27-29 august 2015<br \/>\u2022 Central European Vascular Forum, Rome, Italy October 16-18, 2014<br \/>\u2022 5th Balkan Venous Forum, Sofia Bulgary October 9-12, 2014<br \/>\u2022 AFI Sclerotherapy, Florence Italy 28-29 March 2014<br \/>\u2022 Balkan Venous Forum Belgrad Serbia 2013<br \/>\u2022 Balkan Venous Forum Istanbul Turkey 2012<br \/>\u2022 2nd Balkan Venous Forum, Athens, Greece 2011<br \/>Published papers as first author: 21 books, monographs and student guides; 102 studies in volumes and journals.<br \/>Research interests: classic and laparoscopic in visceral surgery, varicose diseases, leg ulcers, diabetic foot, posttrombotic syndrome, congenital venous malformations of the lower leg.<\/p>\n<p>[\/et_pb_text][\/et_pb_column][\/et_pb_row][\/et_pb_section][et_pb_section fb_built=&#8221;1&#8243; _builder_version=&#8221;3.22&#8243; background_color=&#8221;rgba(117,194,33,0.23)&#8221; background_image=&#8221;https:\/\/pdi.ro\/2021\/wp-content\/uploads\/2020\/02\/back_justflowers_overlay1.png&#8221; background_blend=&#8221;luminosity&#8221; custom_padding=&#8221;54px|0px|0|0px|false|false&#8221; top_divider_style=&#8221;waves2&#8243; top_divider_color=&#8221;#ffffff&#8221; top_divider_height=&#8221;155px&#8221; top_divider_height_tablet=&#8221;&#8221; top_divider_height_phone=&#8221;97px&#8221; top_divider_height_last_edited=&#8221;on|desktop&#8221; bottom_divider_style=&#8221;waves2&#8243; bottom_divider_color=&#8221;#75c221&#8243; bottom_divider_flip=&#8221;vertical&#8221; bottom_divider_height_tablet=&#8221;&#8221; bottom_divider_height_phone=&#8221;59px&#8221; bottom_divider_height_last_edited=&#8221;on|desktop&#8221;][et_pb_row column_structure=&#8221;3_5,2_5&#8243; _builder_version=&#8221;3.25&#8243; custom_padding=&#8221;61px|0px|69px|0px|false|false&#8221;][et_pb_column type=&#8221;3_5&#8243; _builder_version=&#8221;3.25&#8243; custom_padding=&#8221;|||&#8221; custom_padding__hover=&#8221;|||&#8221;][et_pb_text _builder_version=&#8221;4.9.4&#8243; text_font=&#8221;Kaushan Script||||||||&#8221; text_text_color=&#8221;#f0622a&#8221; text_font_size=&#8221;30px&#8221; text_line_height=&#8221;1.2em&#8221; header_font=&#8221;||||||||&#8221; background_layout=&#8221;dark&#8221; text_font_size_tablet=&#8221;&#8221; text_font_size_phone=&#8221;&#8221; text_font_size_last_edited=&#8221;on|desktop&#8221;]<\/p>\n<p>Contacteaz\u0103 operatorul PDI 2021<\/p>\n<p>[\/et_pb_text][et_pb_contact_form email=&#8221;contact@pdi.ro\/2021\/2019&#8243; submit_button_text=&#8221;Trimite mesajul&#8221; _builder_version=&#8221;3.19.4&#8243; title_font=&#8221;||||||||&#8221;][et_pb_contact_field field_id=&#8221;Name&#8221; field_title=&#8221;Nume&#8221; _builder_version=&#8221;3.18.9&#8243; button_text_size__hover_enabled=&#8221;off&#8221; button_one_text_size__hover_enabled=&#8221;off&#8221; button_two_text_size__hover_enabled=&#8221;off&#8221; button_text_color__hover_enabled=&#8221;off&#8221; button_one_text_color__hover_enabled=&#8221;off&#8221; button_two_text_color__hover_enabled=&#8221;off&#8221; button_border_width__hover_enabled=&#8221;off&#8221; button_one_border_width__hover_enabled=&#8221;off&#8221; button_two_border_width__hover_enabled=&#8221;off&#8221; button_border_color__hover_enabled=&#8221;off&#8221; button_one_border_color__hover_enabled=&#8221;off&#8221; button_two_border_color__hover_enabled=&#8221;off&#8221; button_border_radius__hover_enabled=&#8221;off&#8221; button_one_border_radius__hover_enabled=&#8221;off&#8221; button_two_border_radius__hover_enabled=&#8221;off&#8221; button_letter_spacing__hover_enabled=&#8221;off&#8221; button_one_letter_spacing__hover_enabled=&#8221;off&#8221; button_two_letter_spacing__hover_enabled=&#8221;off&#8221; button_bg_color__hover_enabled=&#8221;off&#8221; button_one_bg_color__hover_enabled=&#8221;off&#8221; button_two_bg_color__hover_enabled=&#8221;off&#8221;][\/et_pb_contact_field][et_pb_contact_field field_id=&#8221;Email&#8221; field_title=&#8221;Adresa de e-mail&#8221; field_type=&#8221;email&#8221; _builder_version=&#8221;3.19.4&#8243; button_text_size__hover_enabled=&#8221;off&#8221; button_one_text_size__hover_enabled=&#8221;off&#8221; button_two_text_size__hover_enabled=&#8221;off&#8221; button_text_color__hover_enabled=&#8221;off&#8221; button_one_text_color__hover_enabled=&#8221;off&#8221; button_two_text_color__hover_enabled=&#8221;off&#8221; button_border_width__hover_enabled=&#8221;off&#8221; button_one_border_width__hover_enabled=&#8221;off&#8221; button_two_border_width__hover_enabled=&#8221;off&#8221; button_border_color__hover_enabled=&#8221;off&#8221; button_one_border_color__hover_enabled=&#8221;off&#8221; button_two_border_color__hover_enabled=&#8221;off&#8221; button_border_radius__hover_enabled=&#8221;off&#8221; button_one_border_radius__hover_enabled=&#8221;off&#8221; button_two_border_radius__hover_enabled=&#8221;off&#8221; button_letter_spacing__hover_enabled=&#8221;off&#8221; button_one_letter_spacing__hover_enabled=&#8221;off&#8221; button_two_letter_spacing__hover_enabled=&#8221;off&#8221; button_bg_color__hover_enabled=&#8221;off&#8221; button_one_bg_color__hover_enabled=&#8221;off&#8221; button_two_bg_color__hover_enabled=&#8221;off&#8221;][\/et_pb_contact_field][et_pb_contact_field field_id=&#8221;Message&#8221; field_title=&#8221;Mesajul dvs.&#8221; field_type=&#8221;text&#8221; fullwidth_field=&#8221;on&#8221; _builder_version=&#8221;3.18.9&#8243; button_text_size__hover_enabled=&#8221;off&#8221; button_one_text_size__hover_enabled=&#8221;off&#8221; button_two_text_size__hover_enabled=&#8221;off&#8221; button_text_color__hover_enabled=&#8221;off&#8221; button_one_text_color__hover_enabled=&#8221;off&#8221; button_two_text_color__hover_enabled=&#8221;off&#8221; button_border_width__hover_enabled=&#8221;off&#8221; button_one_border_width__hover_enabled=&#8221;off&#8221; button_two_border_width__hover_enabled=&#8221;off&#8221; button_border_color__hover_enabled=&#8221;off&#8221; button_one_border_color__hover_enabled=&#8221;off&#8221; button_two_border_color__hover_enabled=&#8221;off&#8221; button_border_radius__hover_enabled=&#8221;off&#8221; button_one_border_radius__hover_enabled=&#8221;off&#8221; button_two_border_radius__hover_enabled=&#8221;off&#8221; button_letter_spacing__hover_enabled=&#8221;off&#8221; button_one_letter_spacing__hover_enabled=&#8221;off&#8221; button_two_letter_spacing__hover_enabled=&#8221;off&#8221; button_bg_color__hover_enabled=&#8221;off&#8221; button_one_bg_color__hover_enabled=&#8221;off&#8221; button_two_bg_color__hover_enabled=&#8221;off&#8221;][\/et_pb_contact_field][\/et_pb_contact_form][\/et_pb_column][et_pb_column type=&#8221;2_5&#8243; _builder_version=&#8221;3.25&#8243; custom_padding=&#8221;|||&#8221; custom_padding__hover=&#8221;|||&#8221;][et_pb_text _builder_version=&#8221;4.9.4&#8243; text_font=&#8221;Kaushan Script||||||||&#8221; text_text_color=&#8221;#f0622a&#8221; text_font_size=&#8221;30px&#8221; header_font=&#8221;||||||||&#8221; background_layout=&#8221;dark&#8221;]<\/p>\n<p>Operatorul PDI 2021<\/p>\n<p>[\/et_pb_text][et_pb_text _builder_version=&#8221;4.0.11&#8243; text_font=&#8221;||||||||&#8221;]<\/p>\n<p><span><img loading=\"lazy\" decoding=\"async\" src=\"https:\/\/pdi.ro\/2021\/wp-content\/uploads\/2020\/02\/eventer_logo_150px.png\" width=\"151\" height=\"33\" alt=\"\" class=\"wp-image-774 alignleft size-full\" \/><\/span><\/p>\n<p><span><\/span><\/p>\n<p><span><\/span><\/p>\n<p><span>Adresa: Str. A. Panu nr. 13, Iasi<\/span><br \/> <span>Tel.: 0332.40.88.00-05<\/span><br \/> <span>E-mail: <a href=\"mailto:inscrieri@primaderma.ro\" target=\"_blank\" rel=\"noopener noreferrer\">inscrieri@primaderma.ro<\/a><br \/> <\/span><span>Website:\u00a0<\/span><a href=\"http:\/\/www.eventernet.ro\/\" target=\"Blank\" rel=\"noopener noreferrer\">www.eventernet.ro<\/a><\/p>\n<p>[\/et_pb_text][et_pb_text disabled_on=&#8221;off|off|off&#8221; _builder_version=&#8221;4.0.11&#8243; text_font=&#8221;Kaushan Script||||||||&#8221; text_text_color=&#8221;#f0622a&#8221; text_font_size=&#8221;30px&#8221; header_font=&#8221;||||||||&#8221; background_layout=&#8221;dark&#8221; locked=&#8221;off&#8221;]<\/p>\n<p>Parteneri Media<\/p>\n<p>[\/et_pb_text][et_pb_gallery gallery_ids=&#8221;7203,7204,7232,7231&#8243; fullwidth=&#8221;on&#8221; _builder_version=&#8221;4.0.11&#8243; transform_scale=&#8221;86%|86%&#8221; max_width=&#8221;63%&#8221; auto=&#8221;on&#8221; auto_speed=&#8221;3500&#8243; hover_transition_duration=&#8221;100ms&#8221; hover_transition_delay=&#8221;50ms&#8221; hover_transition_speed_curve=&#8221;ease-in-out&#8221; locked=&#8221;off&#8221;][\/et_pb_gallery][\/et_pb_column][\/et_pb_row][\/et_pb_section]<\/p>\n","protected":false},"excerpt":{"rendered":"<p>Conf. Dr. Radu Daniela Universitatea de Medicin\u0103 \u0219i Farmacie &#8220;Victor Babe\u0219&#8221; Timi\u0219oaraMetode de evaluare a calit\u0103\u021bii vie\u021bii pacien\u021bilor cu Insuficien\u021b\u0103 Venoas\u0103 Cronic\u0103 (IVC)Autor: Daniela Radu Scopul acestui studiu este \u00eembun\u0103t\u0103\u021birea calit\u0103\u021bii vie\u021bii pacien\u021bilor cu IVC cu edeme de cauz\u0103 veno-limfatic\u0103.Material \u0219i metod\u0103: am analizat un lot de 114 pacien\u021bi interna\u021bi \u0219i opera\u021bi \u00een Clinica 1 [&hellip;]<\/p>\n","protected":false},"author":2,"featured_media":0,"parent":0,"menu_order":0,"comment_status":"closed","ping_status":"closed","template":"","meta":{"_et_pb_use_builder":"on","_et_pb_old_content":"","_et_gb_content_width":"","footnotes":""},"class_list":["post-10085","page","type-page","status-publish","hentry"],"_links":{"self":[{"href":"https:\/\/pdi.ro\/2021\/wp-json\/wp\/v2\/pages\/10085","targetHints":{"allow":["GET"]}}],"collection":[{"href":"https:\/\/pdi.ro\/2021\/wp-json\/wp\/v2\/pages"}],"about":[{"href":"https:\/\/pdi.ro\/2021\/wp-json\/wp\/v2\/types\/page"}],"author":[{"embeddable":true,"href":"https:\/\/pdi.ro\/2021\/wp-json\/wp\/v2\/users\/2"}],"replies":[{"embeddable":true,"href":"https:\/\/pdi.ro\/2021\/wp-json\/wp\/v2\/comments?post=10085"}],"version-history":[{"count":3,"href":"https:\/\/pdi.ro\/2021\/wp-json\/wp\/v2\/pages\/10085\/revisions"}],"predecessor-version":[{"id":10089,"href":"https:\/\/pdi.ro\/2021\/wp-json\/wp\/v2\/pages\/10085\/revisions\/10089"}],"wp:attachment":[{"href":"https:\/\/pdi.ro\/2021\/wp-json\/wp\/v2\/media?parent=10085"}],"curies":[{"name":"wp","href":"https:\/\/api.w.org\/{rel}","templated":true}]}}