{"id":10331,"date":"2021-07-09T19:01:28","date_gmt":"2021-07-09T17:01:28","guid":{"rendered":"https:\/\/primaderma.ro\/?page_id=10331"},"modified":"2021-07-14T13:55:22","modified_gmt":"2021-07-14T11:55:22","slug":"asist-univ-dr-alexa-anisia-iuliana","status":"publish","type":"page","link":"https:\/\/pdi.ro\/2021\/asist-univ-dr-alexa-anisia-iuliana\/","title":{"rendered":"Asist. Univ. Dr. Alexa Anisia Iuliana"},"content":{"rendered":"<p>[et_pb_section fb_built=&#8221;1&#8243; fullwidth=&#8221;on&#8221; disabled_on=&#8221;on|off|off&#8221; _builder_version=&#8221;3.22&#8243; custom_margin=&#8221;||&#8221; custom_padding=&#8221;15px||29px&#8221; top_divider_style=&#8221;waves2&#8243; top_divider_color=&#8221;#f0622a&#8221; top_divider_flip=&#8221;horizontal|vertical&#8221; bottom_divider_style=&#8221;waves2&#8243; bottom_divider_color=&#8221;#fcdedb&#8221; bottom_divider_height=&#8221;105px&#8221; bottom_divider_flip=&#8221;vertical&#8221; global_module=&#8221;9062&#8243; collapsed=&#8221;off&#8221;][et_pb_fullwidth_header title=&#8221;@ET-DC@eyJkeW5hbWljIjp0cnVlLCJjb250ZW50IjoicG9zdF90aXRsZSIsInNldHRpbmdzIjp7ImJlZm9yZSI6IiIsImFmdGVyIjoiIn19@&#8221; text_orientation=&#8221;right&#8221; header_image_url=&#8221;https:\/\/pdi.ro\/2021\/wp-content\/uploads\/2021\/05\/PDI2021_logo_header_int_600x300px.png&#8221; disabled_on=&#8221;on|on|off&#8221; _builder_version=&#8221;4.9.4&#8243; _dynamic_attributes=&#8221;title&#8221; title_font=&#8221;Kaushan Script||||||||&#8221; title_text_align=&#8221;right&#8221; title_text_color=&#8221;#f0622a&#8221; title_font_size=&#8221;50px&#8221; content_font=&#8221;|600||on|||||&#8221; content_text_align=&#8221;center&#8221; content_text_color=&#8221;#686766&#8243; content_font_size=&#8221;15px&#8221; subhead_font=&#8221;||||||||&#8221; background_color=&#8221;#ef916b&#8221; background_image=&#8221;https:\/\/pdi.ro\/2021\/wp-content\/uploads\/2021\/05\/PDI2021_header_1920x550px.jpg&#8221; background_blend=&#8221;luminosity&#8221; background_layout=&#8221;light&#8221; custom_margin=&#8221;0px||8px&#8221; custom_padding=&#8221;40px||40px||true&#8221; content_font_size_tablet=&#8221;&#8221; content_font_size_phone=&#8221;15px&#8221; content_font_size_last_edited=&#8221;on|desktop&#8221;][\/et_pb_fullwidth_header][\/et_pb_section][et_pb_section fb_built=&#8221;1&#8243; _builder_version=&#8221;3.22&#8243; locked=&#8221;off&#8221;][et_pb_row column_structure=&#8221;2_5,3_5&#8243; _builder_version=&#8221;3.25&#8243;][et_pb_column type=&#8221;2_5&#8243; _builder_version=&#8221;3.25&#8243; custom_padding=&#8221;|||&#8221; custom_padding__hover=&#8221;|||&#8221;][et_pb_image src=&#8221;https:\/\/pdi.ro\/2021\/wp-content\/uploads\/2021\/07\/AlexaAnisiaIuliana_1.jpg&#8221; title_text=&#8221;AlexaAnisiaIuliana_1&#8243; align=&#8221;center&#8221; align_tablet=&#8221;center&#8221; align_phone=&#8221;&#8221; align_last_edited=&#8221;on|desktop&#8221; _builder_version=&#8221;4.9.7&#8243; max_width=&#8221;31%&#8221; border_radii=&#8221;on|100px|100px|100px|100px&#8221;][\/et_pb_image][\/et_pb_column][et_pb_column type=&#8221;3_5&#8243; _builder_version=&#8221;3.25&#8243; custom_padding=&#8221;|||&#8221; custom_padding__hover=&#8221;|||&#8221;][et_pb_text _builder_version=&#8221;4.9.7&#8243;]<\/p>\n<h4><strong><span style=\"color: #ff6600;\"><\/span><\/strong><\/h4>\n<h4><strong><span style=\"color: #ff6600;\"><\/span><\/strong><\/h4>\n<h4><strong><span style=\"color: #ff6600;\"><\/span><\/strong><\/h4>\n<h4><strong><span style=\"color: #ff6600;\">Asist. Univ. Dr. Alexa Anisia Iuliana<\/span><\/strong><br \/>\n<strong><span style=\"color: #ff6600;\">Universitatea de Medicin\u0103 \u0219i Farmacie \u201cGrigore T. Popa\u201d Ia\u0219i<\/span><\/strong><\/h4>\n<p>[\/et_pb_text][\/et_pb_column][\/et_pb_row][et_pb_row _builder_version=&#8221;3.25&#8243;][et_pb_column type=&#8221;4_4&#8243; _builder_version=&#8221;3.25&#8243; custom_padding=&#8221;|||&#8221; custom_padding__hover=&#8221;|||&#8221;][et_pb_text _builder_version=&#8221;4.9.7&#8243; hover_enabled=&#8221;0&#8243; sticky_enabled=&#8221;0&#8243;]<\/p>\n<p style=\"text-align: justify;\"><span style=\"color: #ff6600;\">Radia\u021biile ultraviolete \u0219i patologia ocular\u0103<br \/>Autori: D.C. Br\u0103ni\u015fteanu, Anisia Iuliana Alexa<\/span><\/p>\n<p style=\"text-align: justify;\">Riscurile expunerii pielii la radia\u021biile ultraviolete (UV) sunt deja bine cunoscute de c\u0103tre majoritatea popula\u021biei generale, care con\u0219tientizeaz\u0103 asocierea cu melanomul cutanat \u0219i se dovede\u0219te proactiv\u0103 \u00een a se proteja corespunz\u0103tor prin utilizarea sistematic\u0103 a diverselor creme cu protec\u021bie solar\u0103. Din nefericire, nu se poate afirma \u00eenc\u0103 acela\u0219i lucru referitor la riscurile oculare care, de\u0219i grave, sunt cunoscute doar de un procent foarte mic popula\u021bional.<br \/>Aceast\u0103 prezentare \u00ee\u0219i propune s\u0103 aduc\u0103 \u00een aten\u021bie riscurile interac\u021biunii acute \u0219i cumulative a radia\u021biilor UV cu diverse structuri ale globului ocular \u0219i anexelor sale. Vor fi analizate succesiv implica\u021biile UV \u00een inducerea de neoplazii palpebrale (carcinomul bazo \u0219i spinocelular), diverse patologii conjunctivale (pterigionul, pinguecula, carcinomul scuamocelular), corneene (fotokeratita, keratopatia climatic\u0103), cristaliniene (tulbur\u0103ri de transparen\u021b\u0103 cristalinian\u0103, cataract\u0103) \u0219i retiniene (maculopatia solar\u0103). Nu \u00een ultimul r\u00e2nd, va fi evaluat\u0103 rela\u021bia controversat\u0103 dintre radia\u021biile UV \u0219i degenerescen\u021ba macular\u0103 legat\u0103 de v\u00e2rst\u0103 \u0219i melanomul malign uveal.<br \/>Mesajul principal al acestei prezent\u0103ri este c\u0103, \u00een prezen\u021ba radia\u021biilor UV, protec\u021bia globului ocular \u0219i a anexelor sale trebuie respectat\u0103 cu rigurozitate, \u00eentruc\u00e2t efectele la acest nivel pot fi pe c\u00e2t de nefaste pe at\u00e2t de reale.<\/p>\n<p style=\"text-align: justify;\"><span style=\"color: #ff6600;\">Ultraviolet radiation and eye diseases<br \/>Autori: D.C. Br\u0103ni\u015fteanu, Anisia Iuliana Alexa<\/span><\/p>\n<p style=\"text-align: justify;\">The risks of skin exposure to ultraviolet radiation (UVR), including the skin melanoma association, are well-known in the general population already proactive in protection while using different sunscreen lotions. Unfortunately, a similar level of understanding has not been reached yet concerning the UVR eye exposure, and only a few realize the severity of ocular risks.<br \/>This presentation is intending to bring into focus the risks of acute and cumulative UVR interaction with different ocular structures more likely to be involved. Starting with eyelid malignancies (basal cell carcinoma and squamous cell carcinoma), the presentation will continue with different associated conjunctival pathologies (pterygium, pinguecula and squamous cell carcinoma), corneal pathologies (photokeratitis and climatic droplet keratopathy), lens pathologies (opacities and cataract) and solar retinopathy. The controversial association between UVR and age related macular degeneration and uveal melanoma is also discussed.<br \/>The take home message is that UVR exposure requires an appropriate ocular protection as ocular UVR-induced pathologies are true and harmful.<\/p>\n<p style=\"text-align: justify;\"><strong><span style=\"color: #ff6600;\">Scurt CV<\/span><\/strong><\/p>\n<p><strong>Experien\u0163a Profesional\u0103:<\/strong><br \/>2018-prezent medic specialist oftalmologie la Spitalul Clinic Jude\u021bean de Urgen\u021be Sf\u00e2ntul Spiridon Ia\u0219i, Clinica I Oftalmologie<br \/>2017-2018 medic specialist oftalmologie la Spitalul Providen\u021ba Ia\u0219i<br \/>2017 certificat de medic specialist \u00een specialitatea Oftalmologie<br \/>2013-2016 medic rezident la Clinica I de Oftalmologie a Spitalului Clinic Jude\u021bean de Urgen\u021be \u201cSf. Spiridon\u201d Ia\u0219i, coordonator al reziden\u021bilor<\/p>\n<p><strong>Internship-uri:<\/strong><br \/>20 noiembrie-15 decembrie 2017 Moorfields Eye Hospital NHS Foundation trust, Londra sub \u00eendrumarea Mr. Paul Sullivan FRCS, FRCOphth, director al departamentului de educa\u021bie<br \/>15 august-28 septembrie 2011 Vienna-Austria AKH University Hospital \u00een cadrul Departamentului de Chirurgie Plastic\u0103 \u0219i Reconstructiv\u0103 sub \u00eendrumarea Prof. Dr. Manfred Frey<\/p>\n<p><strong>Educa\u0163ie \u015fi formare:<\/strong><br \/>2019-doctor \u00een \u0219tiin\u021be medicale Universitatea de Medicin\u0103 \u015fi Farmacie &#8220;Grigore T. Popa&#8221; Ia\u015fi, tema lucr\u0103rii \u201cReactivitatea glandelor lacrimale \u00een condi\u021bii de stres oxidativ\u201d<br \/>2013-2018 studii doctorale la Universitatea de Medicin\u0103 \u015fi Farmacie &#8220;Grigore T. Popa&#8221; Ia\u015fi, decembrie 2018 \u2013 sus\u021binerea public\u0103 a tezei de doctorat, ob\u021bin\u00e2nd calificativul \u201cexcelent\u201d,<br \/>2006-2012 student\u0103 la Facultatea de Medicin\u0103 din cadrul Universit\u0103\u021bii de Medicin\u0103 \u015fi Farmacie &#8220;Grigore T. Popa&#8221; Ia\u015fi (media general\u0103 9.63\/10)<\/p>\n<p><strong>Competen\u021be \u0219tiin\u021bifice &#8211; Activit\u0103\u021bi de cercetare \u0219i publica\u021bii:<\/strong><br \/>\u2022 Autor a 16 capitole de carte<br \/>\u2022 15 articole ISI \u0219i 5 indexate BDI<br \/>\u2022 64 de prezent\u0103ri orale \u0219i postere la congrese na\u021bionale \u0219i 20 prezent\u0103ri orale \u0219i postere interna\u021bionale<\/p>\n<p>[\/et_pb_text][\/et_pb_column][\/et_pb_row][\/et_pb_section][et_pb_section fb_built=&#8221;1&#8243; _builder_version=&#8221;4.9.6&#8243; background_color=&#8221;rgba(117,194,33,0.23)&#8221; background_image=&#8221;https:\/\/pdi.ro\/2021\/wp-content\/uploads\/2021\/05\/PDI2021_header_1920x550px.jpg&#8221; background_blend=&#8221;multiply&#8221; custom_padding=&#8221;54px|0px|0|0px|false|false&#8221; top_divider_style=&#8221;waves2&#8243; top_divider_color=&#8221;#ffffff&#8221; top_divider_height=&#8221;155px&#8221; top_divider_height_tablet=&#8221;&#8221; top_divider_height_phone=&#8221;97px&#8221; top_divider_height_last_edited=&#8221;on|desktop&#8221; bottom_divider_style=&#8221;waves2&#8243; bottom_divider_color=&#8221;#75c221&#8243; bottom_divider_flip=&#8221;vertical&#8221; bottom_divider_height_tablet=&#8221;&#8221; bottom_divider_height_phone=&#8221;59px&#8221; bottom_divider_height_last_edited=&#8221;on|desktop&#8221; global_module=&#8221;9177&#8243; saved_tabs=&#8221;all&#8221;][et_pb_row column_structure=&#8221;3_5,2_5&#8243; _builder_version=&#8221;3.25&#8243; custom_padding=&#8221;61px|0px|69px|0px|false|false&#8221;][et_pb_column type=&#8221;3_5&#8243; _builder_version=&#8221;3.25&#8243; custom_padding=&#8221;|||&#8221; custom_padding__hover=&#8221;|||&#8221;][et_pb_text _builder_version=&#8221;4.9.4&#8243; text_font=&#8221;Kaushan Script||||||||&#8221; text_text_color=&#8221;#f0622a&#8221; text_font_size=&#8221;30px&#8221; text_line_height=&#8221;1.2em&#8221; header_font=&#8221;||||||||&#8221; background_layout=&#8221;dark&#8221; text_font_size_tablet=&#8221;&#8221; text_font_size_phone=&#8221;&#8221; text_font_size_last_edited=&#8221;on|desktop&#8221;]<\/p>\n<p>Contacteaz\u0103 operatorul PDI 2021<\/p>\n<p>[\/et_pb_text][et_pb_contact_form email=&#8221;contact@pdi.ro\/2021\/2019&#8243; submit_button_text=&#8221;Trimite mesajul&#8221; _builder_version=&#8221;4.9.4&#8243; title_font=&#8221;||||||||&#8221; custom_button=&#8221;on&#8221; button_text_color=&#8221;#F0622A&#8221;][et_pb_contact_field field_id=&#8221;Name&#8221; field_title=&#8221;Nume&#8221; _builder_version=&#8221;3.18.9&#8243; button_text_size__hover_enabled=&#8221;off&#8221; button_one_text_size__hover_enabled=&#8221;off&#8221; button_two_text_size__hover_enabled=&#8221;off&#8221; button_text_color__hover_enabled=&#8221;off&#8221; button_one_text_color__hover_enabled=&#8221;off&#8221; button_two_text_color__hover_enabled=&#8221;off&#8221; button_border_width__hover_enabled=&#8221;off&#8221; button_one_border_width__hover_enabled=&#8221;off&#8221; button_two_border_width__hover_enabled=&#8221;off&#8221; button_border_color__hover_enabled=&#8221;off&#8221; button_one_border_color__hover_enabled=&#8221;off&#8221; button_two_border_color__hover_enabled=&#8221;off&#8221; button_border_radius__hover_enabled=&#8221;off&#8221; button_one_border_radius__hover_enabled=&#8221;off&#8221; button_two_border_radius__hover_enabled=&#8221;off&#8221; button_letter_spacing__hover_enabled=&#8221;off&#8221; button_one_letter_spacing__hover_enabled=&#8221;off&#8221; button_two_letter_spacing__hover_enabled=&#8221;off&#8221; button_bg_color__hover_enabled=&#8221;off&#8221; button_one_bg_color__hover_enabled=&#8221;off&#8221; button_two_bg_color__hover_enabled=&#8221;off&#8221;][\/et_pb_contact_field][et_pb_contact_field field_id=&#8221;Email&#8221; field_title=&#8221;Adresa de e-mail&#8221; field_type=&#8221;email&#8221; _builder_version=&#8221;3.19.4&#8243; button_text_size__hover_enabled=&#8221;off&#8221; button_one_text_size__hover_enabled=&#8221;off&#8221; button_two_text_size__hover_enabled=&#8221;off&#8221; button_text_color__hover_enabled=&#8221;off&#8221; button_one_text_color__hover_enabled=&#8221;off&#8221; button_two_text_color__hover_enabled=&#8221;off&#8221; button_border_width__hover_enabled=&#8221;off&#8221; button_one_border_width__hover_enabled=&#8221;off&#8221; button_two_border_width__hover_enabled=&#8221;off&#8221; button_border_color__hover_enabled=&#8221;off&#8221; button_one_border_color__hover_enabled=&#8221;off&#8221; button_two_border_color__hover_enabled=&#8221;off&#8221; button_border_radius__hover_enabled=&#8221;off&#8221; button_one_border_radius__hover_enabled=&#8221;off&#8221; button_two_border_radius__hover_enabled=&#8221;off&#8221; button_letter_spacing__hover_enabled=&#8221;off&#8221; button_one_letter_spacing__hover_enabled=&#8221;off&#8221; button_two_letter_spacing__hover_enabled=&#8221;off&#8221; button_bg_color__hover_enabled=&#8221;off&#8221; button_one_bg_color__hover_enabled=&#8221;off&#8221; button_two_bg_color__hover_enabled=&#8221;off&#8221;][\/et_pb_contact_field][et_pb_contact_field field_id=&#8221;Message&#8221; field_title=&#8221;Mesajul dvs.&#8221; field_type=&#8221;text&#8221; fullwidth_field=&#8221;on&#8221; _builder_version=&#8221;3.18.9&#8243; button_text_size__hover_enabled=&#8221;off&#8221; button_one_text_size__hover_enabled=&#8221;off&#8221; button_two_text_size__hover_enabled=&#8221;off&#8221; button_text_color__hover_enabled=&#8221;off&#8221; button_one_text_color__hover_enabled=&#8221;off&#8221; button_two_text_color__hover_enabled=&#8221;off&#8221; button_border_width__hover_enabled=&#8221;off&#8221; button_one_border_width__hover_enabled=&#8221;off&#8221; button_two_border_width__hover_enabled=&#8221;off&#8221; button_border_color__hover_enabled=&#8221;off&#8221; button_one_border_color__hover_enabled=&#8221;off&#8221; button_two_border_color__hover_enabled=&#8221;off&#8221; button_border_radius__hover_enabled=&#8221;off&#8221; button_one_border_radius__hover_enabled=&#8221;off&#8221; button_two_border_radius__hover_enabled=&#8221;off&#8221; button_letter_spacing__hover_enabled=&#8221;off&#8221; button_one_letter_spacing__hover_enabled=&#8221;off&#8221; button_two_letter_spacing__hover_enabled=&#8221;off&#8221; button_bg_color__hover_enabled=&#8221;off&#8221; button_one_bg_color__hover_enabled=&#8221;off&#8221; button_two_bg_color__hover_enabled=&#8221;off&#8221;][\/et_pb_contact_field][\/et_pb_contact_form][\/et_pb_column][et_pb_column type=&#8221;2_5&#8243; _builder_version=&#8221;3.25&#8243; custom_padding=&#8221;|||&#8221; custom_padding__hover=&#8221;|||&#8221;][et_pb_text _builder_version=&#8221;4.9.4&#8243; text_font=&#8221;Kaushan Script||||||||&#8221; text_text_color=&#8221;#f0622a&#8221; text_font_size=&#8221;30px&#8221; header_font=&#8221;||||||||&#8221; background_layout=&#8221;dark&#8221;]<\/p>\n<p>Operatorul PDI 2021<\/p>\n<p>[\/et_pb_text][et_pb_text _builder_version=&#8221;4.0.11&#8243; text_font=&#8221;||||||||&#8221;]<\/p>\n<p><span><img loading=\"lazy\" decoding=\"async\" src=\"https:\/\/pdi.ro\/2021\/wp-content\/uploads\/2020\/02\/eventer_logo_150px.png\" width=\"151\" height=\"33\" alt=\"\" class=\"wp-image-774 alignleft size-full\" \/><\/span><\/p>\n<p><span><\/span><\/p>\n<p><span><\/span><\/p>\n<p><span>Adresa: Str. A. Panu nr. 13, Iasi<\/span><br \/> <span>Tel.: 0332.40.88.00-05<\/span><br \/> <span>E-mail: <a href=\"mailto:inscrieri@primaderma.ro\" target=\"_blank\" rel=\"noopener noreferrer\">inscrieri@primaderma.ro<\/a><br \/> <\/span><span>Website:\u00a0<\/span><a href=\"http:\/\/www.eventernet.ro\/\" target=\"Blank\" rel=\"noopener noreferrer\">www.eventernet.ro<\/a><\/p>\n<p>[\/et_pb_text][et_pb_text disabled_on=&#8221;off|off|off&#8221; _builder_version=&#8221;4.0.11&#8243; text_font=&#8221;Kaushan Script||||||||&#8221; text_text_color=&#8221;#f0622a&#8221; text_font_size=&#8221;30px&#8221; header_font=&#8221;||||||||&#8221; background_layout=&#8221;dark&#8221; locked=&#8221;off&#8221;]<\/p>\n<p>Parteneri Media<\/p>\n<p>[\/et_pb_text][et_pb_gallery gallery_ids=&#8221;7203,7204,9252,9464,10156,10157,10556&#8243; fullwidth=&#8221;on&#8221; _builder_version=&#8221;4.9.7&#8243; transform_scale=&#8221;86%|86%&#8221; max_width=&#8221;63%&#8221; auto=&#8221;on&#8221; auto_speed=&#8221;3500&#8243; hover_transition_duration=&#8221;100ms&#8221; hover_transition_delay=&#8221;50ms&#8221; hover_transition_speed_curve=&#8221;ease-in-out&#8221; locked=&#8221;off&#8221;][\/et_pb_gallery][\/et_pb_column][\/et_pb_row][\/et_pb_section]<\/p>\n","protected":false},"excerpt":{"rendered":"<p>Asist. Univ. Dr. Alexa Anisia Iuliana Universitatea de Medicin\u0103 \u0219i Farmacie \u201cGrigore T. Popa\u201d Ia\u0219iRadia\u021biile ultraviolete \u0219i patologia ocular\u0103Autori: D.C. Br\u0103ni\u015fteanu, Anisia Iuliana Alexa Riscurile expunerii pielii la radia\u021biile ultraviolete (UV) sunt deja bine cunoscute de c\u0103tre majoritatea popula\u021biei generale, care con\u0219tientizeaz\u0103 asocierea cu melanomul cutanat \u0219i se dovede\u0219te proactiv\u0103 \u00een a se proteja corespunz\u0103tor [&hellip;]<\/p>\n","protected":false},"author":2,"featured_media":0,"parent":0,"menu_order":0,"comment_status":"closed","ping_status":"closed","template":"","meta":{"_et_pb_use_builder":"on","_et_pb_old_content":"","_et_gb_content_width":"","footnotes":""},"class_list":["post-10331","page","type-page","status-publish","hentry"],"_links":{"self":[{"href":"https:\/\/pdi.ro\/2021\/wp-json\/wp\/v2\/pages\/10331","targetHints":{"allow":["GET"]}}],"collection":[{"href":"https:\/\/pdi.ro\/2021\/wp-json\/wp\/v2\/pages"}],"about":[{"href":"https:\/\/pdi.ro\/2021\/wp-json\/wp\/v2\/types\/page"}],"author":[{"embeddable":true,"href":"https:\/\/pdi.ro\/2021\/wp-json\/wp\/v2\/users\/2"}],"replies":[{"embeddable":true,"href":"https:\/\/pdi.ro\/2021\/wp-json\/wp\/v2\/comments?post=10331"}],"version-history":[{"count":5,"href":"https:\/\/pdi.ro\/2021\/wp-json\/wp\/v2\/pages\/10331\/revisions"}],"predecessor-version":[{"id":10565,"href":"https:\/\/pdi.ro\/2021\/wp-json\/wp\/v2\/pages\/10331\/revisions\/10565"}],"wp:attachment":[{"href":"https:\/\/pdi.ro\/2021\/wp-json\/wp\/v2\/media?parent=10331"}],"curies":[{"name":"wp","href":"https:\/\/api.w.org\/{rel}","templated":true}]}}