{"id":7646,"date":"2020-03-06T17:53:14","date_gmt":"2020-03-06T15:53:14","guid":{"rendered":"https:\/\/primaderma.ro\/?page_id=7646"},"modified":"2021-07-02T15:15:30","modified_gmt":"2021-07-02T13:15:30","slug":"cercetator-senior-carolina-constantin","status":"publish","type":"page","link":"https:\/\/pdi.ro\/2021\/cercetator-senior-carolina-constantin\/","title":{"rendered":"Cercet\u0103tor Senior Constantin Carolina"},"content":{"rendered":"<p>[et_pb_section fb_built=&#8221;1&#8243; fullwidth=&#8221;on&#8221; disabled_on=&#8221;on|off|off&#8221; _builder_version=&#8221;3.22&#8243; custom_margin=&#8221;||&#8221; custom_padding=&#8221;15px||29px&#8221; top_divider_style=&#8221;waves2&#8243; top_divider_color=&#8221;#f0622a&#8221; top_divider_flip=&#8221;horizontal|vertical&#8221; bottom_divider_style=&#8221;waves2&#8243; bottom_divider_color=&#8221;#fcdedb&#8221; bottom_divider_height=&#8221;105px&#8221; bottom_divider_flip=&#8221;vertical&#8221; collapsed=&#8221;off&#8221; global_module=&#8221;9062&#8243;][et_pb_fullwidth_header title=&#8221;@ET-DC@eyJkeW5hbWljIjp0cnVlLCJjb250ZW50IjoicG9zdF90aXRsZSIsInNldHRpbmdzIjp7ImJlZm9yZSI6IiIsImFmdGVyIjoiIn19@&#8221; text_orientation=&#8221;right&#8221; header_image_url=&#8221;https:\/\/pdi.ro\/2021\/wp-content\/uploads\/2021\/05\/PDI2021_logo_header_int_600x300px.png&#8221; disabled_on=&#8221;on|on|off&#8221; _builder_version=&#8221;4.9.4&#8243; _dynamic_attributes=&#8221;title&#8221; title_font=&#8221;Kaushan Script||||||||&#8221; title_text_align=&#8221;right&#8221; title_text_color=&#8221;#f0622a&#8221; title_font_size=&#8221;50px&#8221; content_font=&#8221;|600||on|||||&#8221; content_text_align=&#8221;center&#8221; content_text_color=&#8221;#686766&#8243; content_font_size=&#8221;15px&#8221; subhead_font=&#8221;||||||||&#8221; background_color=&#8221;#ef916b&#8221; background_image=&#8221;https:\/\/pdi.ro\/2021\/wp-content\/uploads\/2021\/05\/PDI2021_header_1920x550px.jpg&#8221; background_blend=&#8221;luminosity&#8221; background_layout=&#8221;light&#8221; custom_margin=&#8221;0px||8px&#8221; custom_padding=&#8221;40px||40px||true&#8221; content_font_size_tablet=&#8221;&#8221; content_font_size_phone=&#8221;15px&#8221; content_font_size_last_edited=&#8221;on|desktop&#8221;][\/et_pb_fullwidth_header][\/et_pb_section][et_pb_section fb_built=&#8221;1&#8243; _builder_version=&#8221;3.22&#8243;][et_pb_row column_structure=&#8221;2_5,3_5&#8243; _builder_version=&#8221;3.25&#8243;][et_pb_column type=&#8221;2_5&#8243; _builder_version=&#8221;3.25&#8243; custom_padding=&#8221;|||&#8221; custom_padding__hover=&#8221;|||&#8221;][et_pb_image src=&#8221;https:\/\/pdi.ro\/2021\/wp-content\/uploads\/2020\/03\/Constantin-Carolina.jpg&#8221; align=&#8221;center&#8221; align_tablet=&#8221;center&#8221; align_phone=&#8221;&#8221; align_last_edited=&#8221;on|desktop&#8221; _builder_version=&#8221;4.4.0&#8243; max_width=&#8221;30%&#8221; border_radii=&#8221;on|100px|100px|100px|100px&#8221;][\/et_pb_image][\/et_pb_column][et_pb_column type=&#8221;3_5&#8243; _builder_version=&#8221;3.25&#8243; custom_padding=&#8221;|||&#8221; custom_padding__hover=&#8221;|||&#8221;][et_pb_text _builder_version=&#8221;4.9.6&#8243;]<\/p>\n<h4 style=\"text-align: justify;\"><strong><span style=\"color: #ff6600;\"><\/span><\/strong><\/h4>\n<h4 style=\"text-align: justify;\"><strong><span style=\"color: #ff6600;\"><\/span><\/strong><\/h4>\n<h4 style=\"text-align: justify;\"><strong><span style=\"color: #ff6600;\"><\/span><\/strong><\/h4>\n<h4 style=\"text-align: justify;\"><strong><span style=\"color: #ff6600;\">Cercet\u0103tor Senior Constantin Carolina <\/span><\/strong><br \/>\n<strong><span style=\"color: #ff6600;\"><\/span><\/strong><\/h4>\n<p style=\"text-align: justify;\"><strong><span style=\"color: #ff6600;\">Institutul Na\u0163ional de Cercetare-Dezvoltare \u00een Domeniul Patologiei \u015fi \u015etiin\u0163elor Biomedicale &#8220;Victor Babe\u015f\u201d Bucure\u015fti<br \/>\nServiciul de Anatomie Patologic\u0103, Spitalul Clinic Colentina, Bucure\u015fti<\/span><\/strong><\/p>\n<p>[\/et_pb_text][\/et_pb_column][\/et_pb_row][et_pb_row _builder_version=&#8221;3.25&#8243;][et_pb_column type=&#8221;4_4&#8243; _builder_version=&#8221;3.25&#8243; custom_padding=&#8221;|||&#8221; custom_padding__hover=&#8221;|||&#8221;][et_pb_text _builder_version=&#8221;4.9.6&#8243;]<\/p>\n<p style=\"text-align: justify;\"><span style=\"color: #ff6600;\">Perspective epigenomice ca surs\u0103 de biomarkeri \u00een tumorile cutanate<br \/>Autori: Carolina Constantin1,2, Mihaela Surcel1, Adriana Narcisa Munteanu1,3, Ana C\u0103runtu4, C. C\u0103runtu5, Sabina Andrada Zurac2, 6, Monica Neagu1,2,3<\/span><br \/>1Sec\u021bia Imunologie, Institutul Na\u0163ional de Cercetare-Dezvoltare \u00een Domeniul Patologiei \u015fi \u015etiin\u0163elor Biomedicale &#8220;Victor Babe\u015f\u201d Bucure\u015fti<br \/>2Serviciul de Anatomie Patologic\u0103, Spitalul Clinic Colentina, Bucure\u015fti<br \/>3\u0218coala Doctoral\u0103, Facultatea de Biologie, Universitatea Bucure\u015fti<br \/>4Departmentul de Chirurgie Oral\u0103 \u0219i Maxilofacial\u0103, Spitalul de Urgen\u021b\u0103 Militar Central \u201cDr. Carol Davila\u201d, Bucure\u015fti<br \/>5Departamentul de Fiziologie, Universitatea de Medicin\u0103 \u015fi Farmacie &#8220;Carol Davila\u201d, Bucure\u015fti<br \/>6Departamentul de Patologie, Facultatea de Medicin\u0103 Dentar\u0103, Universitatea de Medicin\u0103 \u015fi Farmacie &#8220;Carol Davila\u201d, Bucure\u015fti<\/p>\n<p style=\"text-align: justify;\">Cuvinte cheie: biomarker, epigenom, metilare, tumori piele<\/p>\n<p style=\"text-align: justify;\">Introducere: Epigenomul include o componenta relativ recent\u0103 \u2013 epitranscriptomul, ce define\u0219te modific\u0103rile suferite de ARN, \u0219i care se alatur\u0103 epigeneticii \u00een l\u0103rgirea arsenalului de markeri \u00een contextul tumoral. Majoritatea studiilor legate de epigenetica proceselor tumorale se focuseaz\u0103 pe c\u0103ile oncogene tumorale la nivelul tumorii primare, astfel \u00eenc\u00e2t efectele \u0219i rolul modific\u0103rii de tipul N6-metiladenozina (m6A) \u00een ARN-ul din celulele s\u00e2ngelui periferic, sunt extrem de pu\u021bin abordate, fiind \u00een mare parte necunoscute. \u00cen tumorile cutanate, studiile privind valorile poten\u021biale de diagnostic \u0219i prognostic ale leucocitelor periferice prin prisma modific\u0103rilor epitranscriptomice m6A pot furniza noi markeri pentru managementul bolii.<br \/>Material \u0219i metod\u0103: Celule mononucleare (PBMC) au fost izolate din sange periferic de la subiecti cu carcinom bazocelular (BCC), spinocelular (SCC) sau melanom cutanat. Din suspensiile celulare s-a extras ARN total la care s-a evaluat gradul de metilare m6A printr-o platform\u0103 de tip ELISA bazat\u0103 pe anticorpi specifici anti-m6A.<br \/>Rezultate: Indicele c\u00e2t \u0219i procentul de metilare m6A la nivelul ARN din leucocite PBMC este crescut la tumorile de piele comparativ cu normal. De asemenea, exist\u0103 diferen\u021be \u00een nivelul de metilare la tumori non-melanom versus melanom, \u00een cazul melanomului cutanat indicele m6A fiind dublu fa\u021b\u0103 de SCC \u0219i de cel putin 10x mai ridicat comparativ cu BCC.<br \/>Concluzii: Nivelul m6A poate conferi identitate transcriptomic\u0103 \u00een leucocitele periferie \u0219i poate constitui un nou biomarker de grani\u021b\u0103 epi-imun, neinvaziv, cu utilitate poten\u021bial\u0103 at\u00e2t \u00een discriminarea subtipurilor de tumori cutanate dar \u0219i \u00een monitorizarea clinic\u0103 a pacientului.<br \/>Studiu finan\u021bat prin proiectele: PN-III-P1-1.2-PCCDI-2017-0341\/2018, PN 19.29.01.01\/2019, EPITRAN COST ACTION 16120\/2018.<\/p>\n<p style=\"text-align: justify;\"><span style=\"color: #ff6600;\">Epigenomic perspectives as biomarkers source in skin cancers<br \/>Autori: Carolina Constantin1,2, Mihaela Surcel1, Adriana Narcisa Munteanu1,3, Ana C\u0103runtu4, C. C\u0103runtu5, Sabina Andrada Zurac 2, 6, Monica Neagu 1, 2, 3 <\/span><br \/>1Immunology Department, \u201eVictor Babes\u201d National Institute of Pathology, Bucharest<br \/>2Pathology Department, \u201eColentina\u201d University Hospital, Bucharest<br \/>3Doctoral School, Faculty of Biology, University of Bucharest, Bucharest<br \/>4Department of Oral and Maxillofacial Surgery, \u201cDr. Carol Davila\u201d Central Military Emergency Hospital, Bucharest<br \/>5Department of Physiology, \u201cCarol Davila\u201d University of Medicine and Pharmacy, Bucharest<br \/>6Pathology Department, Faculty of Dental Medicine, \u201cCarol Davila\u201d University of Medicine and Pharmacy, Bucharest<\/p>\n<p style=\"text-align: justify;\">Keywords: biomarker, epigenom, methylation, skin tumors<\/p>\n<p style=\"text-align: justify;\">Introduction. The epigenome includes a relatively recent component &#8211; the epitranscriptome, which defines the changes in RNA, and joins epigenetics in expanding the arsenal of tumor markers. Most studies related to the epigenetics of tumor processes focus on tumor oncogenic pathways in the primary tumor, so the effects and role of N6-methyladenosine (m6A) modification in RNA in peripheral blood cells are extremely poorly addressed. In skin tumors, studies on the potential diagnostic and prognostic values of peripheral leukocytes in the light of m6A epitranscriptomic changes may provide new markers for disease management.<br \/>Material and method. Mononuclear cells (PBMC) were isolated from peripheral blood from subjects with basal cell carcinoma (BCC), squamous cell carcinoma (SCC) or cutaneous melanoma. From the cell suspensions, total RNA was extracted and the m6A methylation level was assessed by an ELISA-type platform based on specific anti-m6A antibodies.<br \/>Results. The index and the percentage of m6A methylation in RNA from PBMC leukocytes is increased in skin tumors compared to normal. There are also differences in the level of methylation in non-melanoma versus melanoma, in the case of cutaneous melanoma the m6A index is double that of SCC and at least ten fold higher compared to BCC.<br \/>Conclusions. The m6A level can confer transcriptomic identity in the peripheral leukocytes and can be a new biomarker of epi-immune border, non-invasive, with potential utility both in discriminating skin tumor subtypes and in clinical monitoring of the patient.<br \/>Study financed by the following projects: PN-III-P1-1.2-PCCDI-2017-0341\/2018, PN 19.29.01.01\/2019, EPITRAN COST ACTION 16120\/2018.<\/p>\n<p style=\"text-align: justify;\"><span style=\"color: #ff6600;\">Scurt CV<\/span><\/p>\n<p style=\"text-align: justify;\">Senior researcher I, PhD, biochemist, \u201cVictor Babe\u0219\u201d National Institute of Pathology, Immunology Laboratory &amp; Colentina Clinical Hospital, Research Core of Pathology Department, Bucharest.<br \/>Research topics: immune parameters analysis and biomarker discovery in melanoma and non-melanoma skin cancer; co-inventor for 4 patents related to photodynamic therapy PDT in skin pathologies. Dr. Constantin conducted national research projects related to novel photosensitizers for PDT in cancer, and drug-delivery nanosystems for skin regeneration; partner responsible for MNT_ERANET project 7030-1\/2010 related to novel porphyrins in theranostics. Specialization in molecular biology at Ludwig Institute for Cancer Research, Signal Transduction Unit (Bruxelles); cellular biology specialization at University of Athens, Biochemistry and Physiology Department, in the frame of NATO SfP 982838\/2007 project. Technical expert in 5 EU projects for biomedical assays; teaching experience in protein microarray technology; volunteer reviewer for several ISI journals.<br \/>Currently involved as MC member for COST Action CA18127 &#8211; International Nucleome Consortium (INC); MC substitute of the management committee for COST action CA16120 &#8211; European Epitranscriptomics Network (EPITRAN); alternate member of the management committee for CA18125 &#8211; Advanced Engineering and Research of Aerogels for Environment and Life Sciences (AEROGELS).<\/p>\n<p>[\/et_pb_text][\/et_pb_column][\/et_pb_row][\/et_pb_section][et_pb_section fb_built=&#8221;1&#8243; _builder_version=&#8221;4.9.6&#8243; background_color=&#8221;rgba(117,194,33,0.23)&#8221; background_image=&#8221;https:\/\/pdi.ro\/2021\/wp-content\/uploads\/2021\/05\/PDI2021_header_1920x550px.jpg&#8221; background_blend=&#8221;multiply&#8221; custom_padding=&#8221;54px|0px|0|0px|false|false&#8221; top_divider_style=&#8221;waves2&#8243; top_divider_color=&#8221;#ffffff&#8221; top_divider_height=&#8221;155px&#8221; top_divider_height_tablet=&#8221;&#8221; top_divider_height_phone=&#8221;97px&#8221; top_divider_height_last_edited=&#8221;on|desktop&#8221; bottom_divider_style=&#8221;waves2&#8243; bottom_divider_color=&#8221;#75c221&#8243; bottom_divider_flip=&#8221;vertical&#8221; bottom_divider_height_tablet=&#8221;&#8221; bottom_divider_height_phone=&#8221;59px&#8221; bottom_divider_height_last_edited=&#8221;on|desktop&#8221; global_module=&#8221;9177&#8243; saved_tabs=&#8221;all&#8221;][et_pb_row column_structure=&#8221;3_5,2_5&#8243; _builder_version=&#8221;3.25&#8243; custom_padding=&#8221;61px|0px|69px|0px|false|false&#8221;][et_pb_column type=&#8221;3_5&#8243; _builder_version=&#8221;3.25&#8243; custom_padding=&#8221;|||&#8221; custom_padding__hover=&#8221;|||&#8221;][et_pb_text _builder_version=&#8221;4.9.4&#8243; text_font=&#8221;Kaushan Script||||||||&#8221; text_text_color=&#8221;#f0622a&#8221; text_font_size=&#8221;30px&#8221; text_line_height=&#8221;1.2em&#8221; header_font=&#8221;||||||||&#8221; background_layout=&#8221;dark&#8221; text_font_size_tablet=&#8221;&#8221; text_font_size_phone=&#8221;&#8221; text_font_size_last_edited=&#8221;on|desktop&#8221;]<\/p>\n<p>Contacteaz\u0103 operatorul PDI 2021<\/p>\n<p>[\/et_pb_text][et_pb_contact_form email=&#8221;contact@pdi.ro\/2021\/2019&#8243; submit_button_text=&#8221;Trimite mesajul&#8221; _builder_version=&#8221;4.9.4&#8243; title_font=&#8221;||||||||&#8221; custom_button=&#8221;on&#8221; button_text_color=&#8221;#F0622A&#8221;][et_pb_contact_field field_id=&#8221;Name&#8221; field_title=&#8221;Nume&#8221; _builder_version=&#8221;3.18.9&#8243; button_text_size__hover_enabled=&#8221;off&#8221; button_one_text_size__hover_enabled=&#8221;off&#8221; button_two_text_size__hover_enabled=&#8221;off&#8221; button_text_color__hover_enabled=&#8221;off&#8221; button_one_text_color__hover_enabled=&#8221;off&#8221; button_two_text_color__hover_enabled=&#8221;off&#8221; button_border_width__hover_enabled=&#8221;off&#8221; button_one_border_width__hover_enabled=&#8221;off&#8221; button_two_border_width__hover_enabled=&#8221;off&#8221; button_border_color__hover_enabled=&#8221;off&#8221; button_one_border_color__hover_enabled=&#8221;off&#8221; button_two_border_color__hover_enabled=&#8221;off&#8221; button_border_radius__hover_enabled=&#8221;off&#8221; button_one_border_radius__hover_enabled=&#8221;off&#8221; button_two_border_radius__hover_enabled=&#8221;off&#8221; button_letter_spacing__hover_enabled=&#8221;off&#8221; button_one_letter_spacing__hover_enabled=&#8221;off&#8221; button_two_letter_spacing__hover_enabled=&#8221;off&#8221; button_bg_color__hover_enabled=&#8221;off&#8221; button_one_bg_color__hover_enabled=&#8221;off&#8221; button_two_bg_color__hover_enabled=&#8221;off&#8221;][\/et_pb_contact_field][et_pb_contact_field field_id=&#8221;Email&#8221; field_title=&#8221;Adresa de e-mail&#8221; field_type=&#8221;email&#8221; _builder_version=&#8221;3.19.4&#8243; button_text_size__hover_enabled=&#8221;off&#8221; button_one_text_size__hover_enabled=&#8221;off&#8221; button_two_text_size__hover_enabled=&#8221;off&#8221; button_text_color__hover_enabled=&#8221;off&#8221; button_one_text_color__hover_enabled=&#8221;off&#8221; button_two_text_color__hover_enabled=&#8221;off&#8221; button_border_width__hover_enabled=&#8221;off&#8221; button_one_border_width__hover_enabled=&#8221;off&#8221; button_two_border_width__hover_enabled=&#8221;off&#8221; button_border_color__hover_enabled=&#8221;off&#8221; button_one_border_color__hover_enabled=&#8221;off&#8221; button_two_border_color__hover_enabled=&#8221;off&#8221; button_border_radius__hover_enabled=&#8221;off&#8221; button_one_border_radius__hover_enabled=&#8221;off&#8221; button_two_border_radius__hover_enabled=&#8221;off&#8221; button_letter_spacing__hover_enabled=&#8221;off&#8221; button_one_letter_spacing__hover_enabled=&#8221;off&#8221; button_two_letter_spacing__hover_enabled=&#8221;off&#8221; button_bg_color__hover_enabled=&#8221;off&#8221; button_one_bg_color__hover_enabled=&#8221;off&#8221; button_two_bg_color__hover_enabled=&#8221;off&#8221;][\/et_pb_contact_field][et_pb_contact_field field_id=&#8221;Message&#8221; field_title=&#8221;Mesajul dvs.&#8221; field_type=&#8221;text&#8221; fullwidth_field=&#8221;on&#8221; _builder_version=&#8221;3.18.9&#8243; button_text_size__hover_enabled=&#8221;off&#8221; button_one_text_size__hover_enabled=&#8221;off&#8221; button_two_text_size__hover_enabled=&#8221;off&#8221; button_text_color__hover_enabled=&#8221;off&#8221; button_one_text_color__hover_enabled=&#8221;off&#8221; button_two_text_color__hover_enabled=&#8221;off&#8221; button_border_width__hover_enabled=&#8221;off&#8221; button_one_border_width__hover_enabled=&#8221;off&#8221; button_two_border_width__hover_enabled=&#8221;off&#8221; button_border_color__hover_enabled=&#8221;off&#8221; button_one_border_color__hover_enabled=&#8221;off&#8221; button_two_border_color__hover_enabled=&#8221;off&#8221; button_border_radius__hover_enabled=&#8221;off&#8221; button_one_border_radius__hover_enabled=&#8221;off&#8221; button_two_border_radius__hover_enabled=&#8221;off&#8221; button_letter_spacing__hover_enabled=&#8221;off&#8221; button_one_letter_spacing__hover_enabled=&#8221;off&#8221; button_two_letter_spacing__hover_enabled=&#8221;off&#8221; button_bg_color__hover_enabled=&#8221;off&#8221; button_one_bg_color__hover_enabled=&#8221;off&#8221; button_two_bg_color__hover_enabled=&#8221;off&#8221;][\/et_pb_contact_field][\/et_pb_contact_form][\/et_pb_column][et_pb_column type=&#8221;2_5&#8243; _builder_version=&#8221;3.25&#8243; custom_padding=&#8221;|||&#8221; custom_padding__hover=&#8221;|||&#8221;][et_pb_text _builder_version=&#8221;4.9.4&#8243; text_font=&#8221;Kaushan Script||||||||&#8221; text_text_color=&#8221;#f0622a&#8221; text_font_size=&#8221;30px&#8221; header_font=&#8221;||||||||&#8221; background_layout=&#8221;dark&#8221;]<\/p>\n<p>Operatorul PDI 2021<\/p>\n<p>[\/et_pb_text][et_pb_text _builder_version=&#8221;4.0.11&#8243; text_font=&#8221;||||||||&#8221;]<\/p>\n<p><span><img loading=\"lazy\" decoding=\"async\" src=\"https:\/\/pdi.ro\/2021\/wp-content\/uploads\/2020\/02\/eventer_logo_150px.png\" width=\"151\" height=\"33\" alt=\"\" class=\"wp-image-774 alignleft size-full\" \/><\/span><\/p>\n<p><span><\/span><\/p>\n<p><span><\/span><\/p>\n<p><span>Adresa: Str. A. Panu nr. 13, Iasi<\/span><br \/> <span>Tel.: 0332.40.88.00-05<\/span><br \/> <span>E-mail: <a href=\"mailto:inscrieri@primaderma.ro\" target=\"_blank\" rel=\"noopener noreferrer\">inscrieri@primaderma.ro<\/a><br \/> <\/span><span>Website:\u00a0<\/span><a href=\"http:\/\/www.eventernet.ro\/\" target=\"Blank\" rel=\"noopener noreferrer\">www.eventernet.ro<\/a><\/p>\n<p>[\/et_pb_text][et_pb_text disabled_on=&#8221;off|off|off&#8221; _builder_version=&#8221;4.0.11&#8243; text_font=&#8221;Kaushan Script||||||||&#8221; text_text_color=&#8221;#f0622a&#8221; text_font_size=&#8221;30px&#8221; header_font=&#8221;||||||||&#8221; background_layout=&#8221;dark&#8221; locked=&#8221;off&#8221;]<\/p>\n<p>Parteneri Media<\/p>\n<p>[\/et_pb_text][et_pb_gallery gallery_ids=&#8221;7203,7204,9252,9464&#8243; fullwidth=&#8221;on&#8221; _builder_version=&#8221;4.9.6&#8243; transform_scale=&#8221;86%|86%&#8221; max_width=&#8221;63%&#8221; auto=&#8221;on&#8221; auto_speed=&#8221;3500&#8243; hover_transition_duration=&#8221;100ms&#8221; hover_transition_delay=&#8221;50ms&#8221; hover_transition_speed_curve=&#8221;ease-in-out&#8221; locked=&#8221;off&#8221;][\/et_pb_gallery][\/et_pb_column][\/et_pb_row][\/et_pb_section]<\/p>\n","protected":false},"excerpt":{"rendered":"<p>Cercet\u0103tor Senior Constantin Carolina Institutul Na\u0163ional de Cercetare-Dezvoltare \u00een Domeniul Patologiei \u015fi \u015etiin\u0163elor Biomedicale &#8220;Victor Babe\u015f\u201d Bucure\u015fti Serviciul de Anatomie Patologic\u0103, Spitalul Clinic Colentina, Bucure\u015ftiPerspective epigenomice ca surs\u0103 de biomarkeri \u00een tumorile cutanateAutori: Carolina Constantin1,2, Mihaela Surcel1, Adriana Narcisa Munteanu1,3, Ana C\u0103runtu4, C. C\u0103runtu5, Sabina Andrada Zurac2, 6, Monica Neagu1,2,31Sec\u021bia Imunologie, Institutul Na\u0163ional de Cercetare-Dezvoltare [&hellip;]<\/p>\n","protected":false},"author":2,"featured_media":0,"parent":0,"menu_order":0,"comment_status":"closed","ping_status":"closed","template":"","meta":{"_et_pb_use_builder":"on","_et_pb_old_content":"","_et_gb_content_width":"","footnotes":""},"class_list":["post-7646","page","type-page","status-publish","hentry"],"_links":{"self":[{"href":"https:\/\/pdi.ro\/2021\/wp-json\/wp\/v2\/pages\/7646","targetHints":{"allow":["GET"]}}],"collection":[{"href":"https:\/\/pdi.ro\/2021\/wp-json\/wp\/v2\/pages"}],"about":[{"href":"https:\/\/pdi.ro\/2021\/wp-json\/wp\/v2\/types\/page"}],"author":[{"embeddable":true,"href":"https:\/\/pdi.ro\/2021\/wp-json\/wp\/v2\/users\/2"}],"replies":[{"embeddable":true,"href":"https:\/\/pdi.ro\/2021\/wp-json\/wp\/v2\/comments?post=7646"}],"version-history":[{"count":14,"href":"https:\/\/pdi.ro\/2021\/wp-json\/wp\/v2\/pages\/7646\/revisions"}],"predecessor-version":[{"id":9687,"href":"https:\/\/pdi.ro\/2021\/wp-json\/wp\/v2\/pages\/7646\/revisions\/9687"}],"wp:attachment":[{"href":"https:\/\/pdi.ro\/2021\/wp-json\/wp\/v2\/media?parent=7646"}],"curies":[{"name":"wp","href":"https:\/\/api.w.org\/{rel}","templated":true}]}}