{"id":8407,"date":"2020-06-24T12:50:23","date_gmt":"2020-06-24T10:50:23","guid":{"rendered":"https:\/\/primaderma.ro\/?page_id=8407"},"modified":"2021-07-06T14:50:26","modified_gmt":"2021-07-06T12:50:26","slug":"prof-dr-ancuta-codrina","status":"publish","type":"page","link":"https:\/\/pdi.ro\/2021\/prof-dr-ancuta-codrina\/","title":{"rendered":"Prof. Dr. Ancu\u021ba Codrina"},"content":{"rendered":"<p>[et_pb_section fb_built=&#8221;1&#8243; fullwidth=&#8221;on&#8221; disabled_on=&#8221;on|off|off&#8221; _builder_version=&#8221;3.22&#8243; custom_margin=&#8221;||&#8221; custom_padding=&#8221;15px||29px&#8221; top_divider_style=&#8221;waves2&#8243; top_divider_color=&#8221;#f0622a&#8221; top_divider_flip=&#8221;horizontal|vertical&#8221; bottom_divider_style=&#8221;waves2&#8243; bottom_divider_color=&#8221;#fcdedb&#8221; bottom_divider_height=&#8221;105px&#8221; bottom_divider_flip=&#8221;vertical&#8221; collapsed=&#8221;off&#8221; global_module=&#8221;9062&#8243;][et_pb_fullwidth_header title=&#8221;@ET-DC@eyJkeW5hbWljIjp0cnVlLCJjb250ZW50IjoicG9zdF90aXRsZSIsInNldHRpbmdzIjp7ImJlZm9yZSI6IiIsImFmdGVyIjoiIn19@&#8221; text_orientation=&#8221;right&#8221; header_image_url=&#8221;https:\/\/pdi.ro\/2021\/wp-content\/uploads\/2021\/05\/PDI2021_logo_header_int_600x300px.png&#8221; disabled_on=&#8221;on|on|off&#8221; _builder_version=&#8221;4.9.4&#8243; _dynamic_attributes=&#8221;title&#8221; title_font=&#8221;Kaushan Script||||||||&#8221; title_text_align=&#8221;right&#8221; title_text_color=&#8221;#f0622a&#8221; title_font_size=&#8221;50px&#8221; content_font=&#8221;|600||on|||||&#8221; content_text_align=&#8221;center&#8221; content_text_color=&#8221;#686766&#8243; content_font_size=&#8221;15px&#8221; subhead_font=&#8221;||||||||&#8221; background_color=&#8221;#ef916b&#8221; background_image=&#8221;https:\/\/pdi.ro\/2021\/wp-content\/uploads\/2021\/05\/PDI2021_header_1920x550px.jpg&#8221; background_blend=&#8221;luminosity&#8221; background_layout=&#8221;light&#8221; custom_margin=&#8221;0px||8px&#8221; custom_padding=&#8221;40px||40px||true&#8221; content_font_size_tablet=&#8221;&#8221; content_font_size_phone=&#8221;15px&#8221; content_font_size_last_edited=&#8221;on|desktop&#8221;][\/et_pb_fullwidth_header][\/et_pb_section][et_pb_section fb_built=&#8221;1&#8243; _builder_version=&#8221;3.22&#8243; locked=&#8221;off&#8221;][et_pb_row column_structure=&#8221;2_5,3_5&#8243; _builder_version=&#8221;3.25&#8243;][et_pb_column type=&#8221;2_5&#8243; _builder_version=&#8221;3.25&#8243; custom_padding=&#8221;|||&#8221; custom_padding__hover=&#8221;|||&#8221;][et_pb_image src=&#8221;https:\/\/pdi.ro\/2021\/wp-content\/uploads\/2020\/02\/CodrinaAncuta.jpg&#8221; title_text=&#8221;CodrinaAncuta&#8221; align=&#8221;center&#8221; align_tablet=&#8221;center&#8221; align_phone=&#8221;&#8221; align_last_edited=&#8221;on|desktop&#8221; _builder_version=&#8221;4.4.8&#8243; max_width=&#8221;31%&#8221; border_radii=&#8221;on|100px|100px|100px|100px&#8221;][\/et_pb_image][\/et_pb_column][et_pb_column type=&#8221;3_5&#8243; _builder_version=&#8221;3.25&#8243; custom_padding=&#8221;|||&#8221; custom_padding__hover=&#8221;|||&#8221;][et_pb_text _builder_version=&#8221;4.4.8&#8243;]<\/p>\n<h4><strong><span style=\"color: #ff6600;\"><\/span><\/strong><\/h4>\n<h4><strong><span style=\"color: #ff6600;\"><\/span><\/strong><\/h4>\n<h4><strong><span style=\"color: #ff6600;\"><\/span><\/strong><\/h4>\n<h4><strong><span style=\"color: #ff6600;\">Prof. Dr. Ancu\u021ba Codrina<\/span><\/strong><br \/>\n<strong><span style=\"color: #ff6600;\">Universitatea de Medicin\u0103 \u0219i Farmacie \u201cGrigore T. Popa\u201d Ia\u0219i<\/span><\/strong><\/h4>\n<p>[\/et_pb_text][\/et_pb_column][\/et_pb_row][et_pb_row _builder_version=&#8221;3.25&#8243;][et_pb_column type=&#8221;4_4&#8243; _builder_version=&#8221;3.25&#8243; custom_padding=&#8221;|||&#8221; custom_padding__hover=&#8221;|||&#8221;][et_pb_text _builder_version=&#8221;4.9.7&#8243; hover_enabled=&#8221;0&#8243; sticky_enabled=&#8221;0&#8243;]<\/p>\n<p style=\"text-align: justify;\"><span style=\"color: #ff6600;\">Corela\u021bii clinico-serologice \u0219i implica\u021bii terapeuitce \u00een miozite<\/span><br \/>\n<span style=\"color: #ff6600;\">Autor: Codrina Ancu\u0163a<\/span><\/p>\n<p style=\"text-align: justify;\">Cuvinte cheie: miozite, anticorpi specifici miozitelor, anticorpi asocia\u021bi miozitelor, pattern clinico-serologic, management<\/p>\n<p>Obiective: La interferen\u021ba dintre specialit\u0103\u021bi, miozitele r\u0103m\u00e2n prin excelen\u021b\u0103 un grup heterogen de afec\u021biuni autoimune inflamatorii sistemice, caracterizate de polimorfism etiologic, imunopatologic \u0219i serologic, ce se reflect\u0103 la nivel terapeutic.<br \/>\nMetode: Fie c\u0103 ne direc\u021bion\u0103m asupra spectrului dermatomiozitelor ce au ca numitor comun microangiopatia mediat\u0103 de complement, fie c\u0103 r\u0103m\u00e2nem \u00een categoria polimozitelor, rezultat al citotoxicit\u0103\u021bii celulare \u0219i distruc\u021biei non-necrotice musculare, miozitele se definesc printr-o patobiologie complex\u0103 ce are ca \u021bint\u0103 principal\u0103 musculatura scheletic\u0103, gener\u00e2nd distruc\u021bii tisulare caracteristice \u0219i alterarea performan\u021belor musculare.<br \/>\nRezutate: Identificarea profilului imunologic este mandatorie, oferind repere diagnostice, definind fenotipuri clinico-serologice, stabilind prognosticul \u0219i jalonand alegerea algoritmului \u0219i agentului terapeutic optim. Interesant\u0103 este clasificarea miozitelor \u00een diferite subtipuri clinico-serologice raportat la prezen\u021ba anticorpior specifici (Myositis Specific Antibodies, MSA) sau a celor asocia\u021bi (Myositis Associated Antibodies, MAA). Cu o serie de particularit\u0103\u021bi clar statuate, MSA \u0219i MAA orienteaz\u0103 dianosticul spre unul din cele patru mari sindroame \u2013 antisintetaz\u0103 (anti-Jo1 \u0219i non-Jo1 pozitiv\u0103), dermatomiozitic (anti-Mi2, anti-MDA, SAE, TIF pozitiv), miozita necrotic\u0103 autoimun\u0103 (anti-SRP sau anti-HMGR pozitiv\u0103) \u0219i, nu \u00een ultimul r\u00e2nd, sindroamele overlap miozit\u0103-sclerodermie, miozit\u0103-artrit\u0103 reumatoid\u0103, miozit\u0103-sindrom Sjogren sau \u00een cadrul bolii mixte de \u021besut conjunctiv.<br \/>\nDe altfel, noile crititerii de clasificare formulate de ACR\/EULAR pentru miopatiile inflamatorii idiopatice cu debut juvenil \u0219i la adult \u0219i a subgrupelor majore folosesc, al\u0103turi de date clinice, enzime musculare \u0219i, eventual, modific\u0103ri histologice, \u0219i serologia autoimun\u0103.<br \/>\nConcluzii: Finalmente, managementul acestor entit\u0103\u021bi reprezint\u0103 o provocare \u00een practic\u0103 dat fiind heterogenitatea clinico-serologic\u0103 \u0219i patogenic\u0103 \u0219i apartenen\u021ba la categoria orphan disease.<\/p>\n<p style=\"text-align: justify;\"><span style=\"color: #ff6600;\">Clinico-serological profiles and therapeutic pattern in patients with myositis<\/span><br \/>\n<span style=\"color: #ff6600;\">Autor: Codrina Ancu\u0163a<\/span><\/p>\n<p style=\"text-align: justify;\">Keywords: myositis, myositis specific antibodies, myositis associated antibodies, clinico-serologic profile, management<\/p>\n<p>Objectives: At the interference between specialties, myositis remains a heterogeneous group of systemic inflammatory autoimmune diseases characterized by an extreme etiological, immunopathological and serological polymorphism that is reflected at the therapeutic level.<br \/>\nMethods: Whether we focus on the spectrum of dermatomyositis typically classified as a complement-mediated microangiopathy, or we remain in the category of polymyositis as a result of cell-mediated cytotoxicity and non-necrotic muscle destruction, myositis is defined by a complex pathobiology targeting the skeletal muscle, generating characteristic tissue damage and impaired muscle performance.<br \/>\nResults: Identification of the immunological profile is mandatory, as it provides diagnostic guidelines, outlines clinical-serological phenotypes, indorses the prognosis and assist the choice of optimal algorithm and therapeutic agent. The classification of myositis into different clinical-serological subtypes classically rely on the presence of specific (Myositis Associated Antibodies, MSA) or associated antibodies (Myositis Associated Antibodies, MAA). MSA and MAA positivity direct the diagnosis towards one of the four major syndromes \u2013 antisynthetase syndrome (anti-Jo1 and non-Jo1 positive), dermatomyositis (anti-Mi2, anti-MDA, SAE, TIF positive), the newly described autoimmune necrotizing myositis (anti-SRP or anti-HMGR positive) and, last but not least, overlap syndromes myositis-scleroderma, myositis-rheumatoid arthritis, myositis-Sjogren&#8217;s syndrome or mixed connective tissue disease.<br \/>\nIn addition, the new classification criteria formulated by ACR \/ EULAR for idiopathic inflammatory myopathies with juvenile and adult onset and major subgroups rely on clinical parameters, muscle enzymes, histological changes, but also on autoimmune serology.<br \/>\nConclusion: Finally, the optimal management of myositis remains a challenge in daily practice clinical, based on serological and pathogenic heterogeneity.<\/p>\n<p style=\"text-align: justify;\"><span style=\"color: #ff6600;\">Scurt CV<\/span><\/p>\n<p>Profesor universitar, Disciplina Reumatologie, Recuperare, Medicina Fizica si Balneologie, Universitatea de Medicina si Farmacie \u201cGrigore T. Popa\u201d Iasi.<br \/>\nMedic primar reumatologie si reabilitare, sef clinica Reumatologie 2, Spitalul Clinic Recuperare Iasi<br \/>\nCoordonator Centru EUSTAR 162, afiliat retelei EUSTAR (European Scleroderma Trials and Research Group),<br \/>\nCoordonator Centru Capilaroscopie \u2013 Network of imaging training center 2016-2021 (EULAR)<br \/>\nTraining in capilaroscopie (Paris, Franta 2004), ecografie musculoscheletala (Paris, Franta, 2004; Barcelona, Spania, 2008); osteodensitometrie DXA (Bucuresti, Romania, 2006).<br \/>\n<strong>Membru in societati stiintifice internationale:<\/strong> EUSTAR, IASP (International Association for the Study of Pain) si Special Interest Group Musculoskeletal Pain, SLEuro (European Lupus Society)<br \/>\n<strong>Domenii de interes:<\/strong> terapia biologica in patologia reumatismala imun mediata, orphan disease (Sclerodermia sistemica, miopatii inflamatorii idiopatice), sarcina si patologia reumatismala imun mediata[\/et_pb_text][\/et_pb_column][\/et_pb_row][\/et_pb_section][et_pb_section fb_built=&#8221;1&#8243; _builder_version=&#8221;4.9.6&#8243; background_color=&#8221;rgba(117,194,33,0.23)&#8221; background_image=&#8221;https:\/\/pdi.ro\/2021\/wp-content\/uploads\/2021\/05\/PDI2021_header_1920x550px.jpg&#8221; background_blend=&#8221;multiply&#8221; custom_padding=&#8221;54px|0px|0|0px|false|false&#8221; top_divider_style=&#8221;waves2&#8243; top_divider_color=&#8221;#ffffff&#8221; top_divider_height=&#8221;155px&#8221; top_divider_height_tablet=&#8221;&#8221; top_divider_height_phone=&#8221;97px&#8221; top_divider_height_last_edited=&#8221;on|desktop&#8221; bottom_divider_style=&#8221;waves2&#8243; bottom_divider_color=&#8221;#75c221&#8243; bottom_divider_flip=&#8221;vertical&#8221; bottom_divider_height_tablet=&#8221;&#8221; bottom_divider_height_phone=&#8221;59px&#8221; bottom_divider_height_last_edited=&#8221;on|desktop&#8221; saved_tabs=&#8221;all&#8221; global_module=&#8221;9177&#8243;][et_pb_row column_structure=&#8221;3_5,2_5&#8243; _builder_version=&#8221;3.25&#8243; custom_padding=&#8221;61px|0px|69px|0px|false|false&#8221;][et_pb_column type=&#8221;3_5&#8243; _builder_version=&#8221;3.25&#8243; custom_padding=&#8221;|||&#8221; custom_padding__hover=&#8221;|||&#8221;][et_pb_text _builder_version=&#8221;4.9.4&#8243; text_font=&#8221;Kaushan Script||||||||&#8221; text_text_color=&#8221;#f0622a&#8221; text_font_size=&#8221;30px&#8221; text_line_height=&#8221;1.2em&#8221; header_font=&#8221;||||||||&#8221; background_layout=&#8221;dark&#8221; text_font_size_tablet=&#8221;&#8221; text_font_size_phone=&#8221;&#8221; text_font_size_last_edited=&#8221;on|desktop&#8221;]<\/p>\n<p>Contacteaz\u0103 operatorul PDI 2021<\/p>\n<p>[\/et_pb_text][et_pb_contact_form email=&#8221;contact@pdi.ro\/2021\/2019&#8243; submit_button_text=&#8221;Trimite mesajul&#8221; _builder_version=&#8221;4.9.4&#8243; title_font=&#8221;||||||||&#8221; custom_button=&#8221;on&#8221; button_text_color=&#8221;#F0622A&#8221;][et_pb_contact_field field_id=&#8221;Name&#8221; field_title=&#8221;Nume&#8221; _builder_version=&#8221;3.18.9&#8243; button_text_size__hover_enabled=&#8221;off&#8221; button_one_text_size__hover_enabled=&#8221;off&#8221; button_two_text_size__hover_enabled=&#8221;off&#8221; button_text_color__hover_enabled=&#8221;off&#8221; button_one_text_color__hover_enabled=&#8221;off&#8221; button_two_text_color__hover_enabled=&#8221;off&#8221; button_border_width__hover_enabled=&#8221;off&#8221; button_one_border_width__hover_enabled=&#8221;off&#8221; button_two_border_width__hover_enabled=&#8221;off&#8221; button_border_color__hover_enabled=&#8221;off&#8221; button_one_border_color__hover_enabled=&#8221;off&#8221; button_two_border_color__hover_enabled=&#8221;off&#8221; button_border_radius__hover_enabled=&#8221;off&#8221; button_one_border_radius__hover_enabled=&#8221;off&#8221; button_two_border_radius__hover_enabled=&#8221;off&#8221; button_letter_spacing__hover_enabled=&#8221;off&#8221; button_one_letter_spacing__hover_enabled=&#8221;off&#8221; button_two_letter_spacing__hover_enabled=&#8221;off&#8221; button_bg_color__hover_enabled=&#8221;off&#8221; button_one_bg_color__hover_enabled=&#8221;off&#8221; button_two_bg_color__hover_enabled=&#8221;off&#8221;][\/et_pb_contact_field][et_pb_contact_field field_id=&#8221;Email&#8221; field_title=&#8221;Adresa de e-mail&#8221; field_type=&#8221;email&#8221; _builder_version=&#8221;3.19.4&#8243; button_text_size__hover_enabled=&#8221;off&#8221; button_one_text_size__hover_enabled=&#8221;off&#8221; button_two_text_size__hover_enabled=&#8221;off&#8221; button_text_color__hover_enabled=&#8221;off&#8221; button_one_text_color__hover_enabled=&#8221;off&#8221; button_two_text_color__hover_enabled=&#8221;off&#8221; button_border_width__hover_enabled=&#8221;off&#8221; button_one_border_width__hover_enabled=&#8221;off&#8221; button_two_border_width__hover_enabled=&#8221;off&#8221; button_border_color__hover_enabled=&#8221;off&#8221; button_one_border_color__hover_enabled=&#8221;off&#8221; button_two_border_color__hover_enabled=&#8221;off&#8221; button_border_radius__hover_enabled=&#8221;off&#8221; button_one_border_radius__hover_enabled=&#8221;off&#8221; button_two_border_radius__hover_enabled=&#8221;off&#8221; button_letter_spacing__hover_enabled=&#8221;off&#8221; button_one_letter_spacing__hover_enabled=&#8221;off&#8221; button_two_letter_spacing__hover_enabled=&#8221;off&#8221; button_bg_color__hover_enabled=&#8221;off&#8221; button_one_bg_color__hover_enabled=&#8221;off&#8221; button_two_bg_color__hover_enabled=&#8221;off&#8221;][\/et_pb_contact_field][et_pb_contact_field field_id=&#8221;Message&#8221; field_title=&#8221;Mesajul dvs.&#8221; field_type=&#8221;text&#8221; fullwidth_field=&#8221;on&#8221; _builder_version=&#8221;3.18.9&#8243; button_text_size__hover_enabled=&#8221;off&#8221; button_one_text_size__hover_enabled=&#8221;off&#8221; button_two_text_size__hover_enabled=&#8221;off&#8221; button_text_color__hover_enabled=&#8221;off&#8221; button_one_text_color__hover_enabled=&#8221;off&#8221; button_two_text_color__hover_enabled=&#8221;off&#8221; button_border_width__hover_enabled=&#8221;off&#8221; button_one_border_width__hover_enabled=&#8221;off&#8221; button_two_border_width__hover_enabled=&#8221;off&#8221; button_border_color__hover_enabled=&#8221;off&#8221; button_one_border_color__hover_enabled=&#8221;off&#8221; button_two_border_color__hover_enabled=&#8221;off&#8221; button_border_radius__hover_enabled=&#8221;off&#8221; button_one_border_radius__hover_enabled=&#8221;off&#8221; button_two_border_radius__hover_enabled=&#8221;off&#8221; button_letter_spacing__hover_enabled=&#8221;off&#8221; button_one_letter_spacing__hover_enabled=&#8221;off&#8221; button_two_letter_spacing__hover_enabled=&#8221;off&#8221; button_bg_color__hover_enabled=&#8221;off&#8221; button_one_bg_color__hover_enabled=&#8221;off&#8221; button_two_bg_color__hover_enabled=&#8221;off&#8221;][\/et_pb_contact_field][\/et_pb_contact_form][\/et_pb_column][et_pb_column type=&#8221;2_5&#8243; _builder_version=&#8221;3.25&#8243; custom_padding=&#8221;|||&#8221; custom_padding__hover=&#8221;|||&#8221;][et_pb_text _builder_version=&#8221;4.9.4&#8243; text_font=&#8221;Kaushan Script||||||||&#8221; text_text_color=&#8221;#f0622a&#8221; text_font_size=&#8221;30px&#8221; header_font=&#8221;||||||||&#8221; background_layout=&#8221;dark&#8221;]<\/p>\n<p>Operatorul PDI 2021<\/p>\n<p>[\/et_pb_text][et_pb_text _builder_version=&#8221;4.0.11&#8243; text_font=&#8221;||||||||&#8221;]<\/p>\n<p><span><img loading=\"lazy\" decoding=\"async\" src=\"https:\/\/pdi.ro\/2021\/wp-content\/uploads\/2020\/02\/eventer_logo_150px.png\" width=\"151\" height=\"33\" alt=\"\" class=\"wp-image-774 alignleft size-full\" \/><\/span><\/p>\n<p><span><\/span><\/p>\n<p><span><\/span><\/p>\n<p><span>Adresa: Str. A. Panu nr. 13, Iasi<\/span><br \/> <span>Tel.: 0332.40.88.00-05<\/span><br \/> <span>E-mail: <a href=\"mailto:inscrieri@primaderma.ro\" target=\"_blank\" rel=\"noopener noreferrer\">inscrieri@primaderma.ro<\/a><br \/> <\/span><span>Website:\u00a0<\/span><a href=\"http:\/\/www.eventernet.ro\/\" target=\"Blank\" rel=\"noopener noreferrer\">www.eventernet.ro<\/a><\/p>\n<p>[\/et_pb_text][et_pb_text disabled_on=&#8221;off|off|off&#8221; _builder_version=&#8221;4.0.11&#8243; text_font=&#8221;Kaushan Script||||||||&#8221; text_text_color=&#8221;#f0622a&#8221; text_font_size=&#8221;30px&#8221; header_font=&#8221;||||||||&#8221; background_layout=&#8221;dark&#8221; locked=&#8221;off&#8221;]<\/p>\n<p>Parteneri Media<\/p>\n<p>[\/et_pb_text][et_pb_gallery gallery_ids=&#8221;7203,7204,9252,9464&#8243; fullwidth=&#8221;on&#8221; _builder_version=&#8221;4.9.6&#8243; transform_scale=&#8221;86%|86%&#8221; max_width=&#8221;63%&#8221; auto=&#8221;on&#8221; auto_speed=&#8221;3500&#8243; hover_transition_duration=&#8221;100ms&#8221; hover_transition_delay=&#8221;50ms&#8221; hover_transition_speed_curve=&#8221;ease-in-out&#8221; locked=&#8221;off&#8221;][\/et_pb_gallery][\/et_pb_column][\/et_pb_row][\/et_pb_section]<\/p>\n","protected":false},"excerpt":{"rendered":"<p>Prof. Dr. Ancu\u021ba Codrina Universitatea de Medicin\u0103 \u0219i Farmacie \u201cGrigore T. Popa\u201d Ia\u0219iCorela\u021bii clinico-serologice \u0219i implica\u021bii terapeuitce \u00een miozite Autor: Codrina Ancu\u0163a Cuvinte cheie: miozite, anticorpi specifici miozitelor, anticorpi asocia\u021bi miozitelor, pattern clinico-serologic, management Obiective: La interferen\u021ba dintre specialit\u0103\u021bi, miozitele r\u0103m\u00e2n prin excelen\u021b\u0103 un grup heterogen de afec\u021biuni autoimune inflamatorii sistemice, caracterizate de polimorfism etiologic, [&hellip;]<\/p>\n","protected":false},"author":2,"featured_media":0,"parent":0,"menu_order":0,"comment_status":"closed","ping_status":"closed","template":"","meta":{"_et_pb_use_builder":"on","_et_pb_old_content":"","_et_gb_content_width":"","footnotes":""},"class_list":["post-8407","page","type-page","status-publish","hentry"],"_links":{"self":[{"href":"https:\/\/pdi.ro\/2021\/wp-json\/wp\/v2\/pages\/8407","targetHints":{"allow":["GET"]}}],"collection":[{"href":"https:\/\/pdi.ro\/2021\/wp-json\/wp\/v2\/pages"}],"about":[{"href":"https:\/\/pdi.ro\/2021\/wp-json\/wp\/v2\/types\/page"}],"author":[{"embeddable":true,"href":"https:\/\/pdi.ro\/2021\/wp-json\/wp\/v2\/users\/2"}],"replies":[{"embeddable":true,"href":"https:\/\/pdi.ro\/2021\/wp-json\/wp\/v2\/comments?post=8407"}],"version-history":[{"count":8,"href":"https:\/\/pdi.ro\/2021\/wp-json\/wp\/v2\/pages\/8407\/revisions"}],"predecessor-version":[{"id":9938,"href":"https:\/\/pdi.ro\/2021\/wp-json\/wp\/v2\/pages\/8407\/revisions\/9938"}],"wp:attachment":[{"href":"https:\/\/pdi.ro\/2021\/wp-json\/wp\/v2\/media?parent=8407"}],"curies":[{"name":"wp","href":"https:\/\/api.w.org\/{rel}","templated":true}]}}