{"id":9970,"date":"2021-07-06T16:17:35","date_gmt":"2021-07-06T14:17:35","guid":{"rendered":"https:\/\/primaderma.ro\/?page_id=9970"},"modified":"2021-07-13T17:31:38","modified_gmt":"2021-07-13T15:31:38","slug":"dr-cozma-petronela","status":"publish","type":"page","link":"https:\/\/pdi.ro\/2021\/dr-cozma-petronela\/","title":{"rendered":"Dr. Cozma Petronela"},"content":{"rendered":"<p>[et_pb_section fb_built=&#8221;1&#8243; fullwidth=&#8221;on&#8221; disabled_on=&#8221;on|off|off&#8221; _builder_version=&#8221;3.22&#8243; custom_margin=&#8221;||&#8221; custom_padding=&#8221;15px||29px&#8221; top_divider_style=&#8221;waves2&#8243; top_divider_color=&#8221;#f0622a&#8221; top_divider_flip=&#8221;horizontal|vertical&#8221; bottom_divider_style=&#8221;waves2&#8243; bottom_divider_color=&#8221;#fcdedb&#8221; bottom_divider_height=&#8221;105px&#8221; bottom_divider_flip=&#8221;vertical&#8221; global_module=&#8221;9062&#8243; collapsed=&#8221;off&#8221;][et_pb_fullwidth_header title=&#8221;@ET-DC@eyJkeW5hbWljIjp0cnVlLCJjb250ZW50IjoicG9zdF90aXRsZSIsInNldHRpbmdzIjp7ImJlZm9yZSI6IiIsImFmdGVyIjoiIn19@&#8221; text_orientation=&#8221;right&#8221; header_image_url=&#8221;https:\/\/pdi.ro\/2021\/wp-content\/uploads\/2021\/05\/PDI2021_logo_header_int_600x300px.png&#8221; disabled_on=&#8221;on|on|off&#8221; _builder_version=&#8221;4.9.4&#8243; _dynamic_attributes=&#8221;title&#8221; title_font=&#8221;Kaushan Script||||||||&#8221; title_text_align=&#8221;right&#8221; title_text_color=&#8221;#f0622a&#8221; title_font_size=&#8221;50px&#8221; content_font=&#8221;|600||on|||||&#8221; content_text_align=&#8221;center&#8221; content_text_color=&#8221;#686766&#8243; content_font_size=&#8221;15px&#8221; subhead_font=&#8221;||||||||&#8221; background_color=&#8221;#ef916b&#8221; background_image=&#8221;https:\/\/pdi.ro\/2021\/wp-content\/uploads\/2021\/05\/PDI2021_header_1920x550px.jpg&#8221; background_blend=&#8221;luminosity&#8221; background_layout=&#8221;light&#8221; custom_margin=&#8221;0px||8px&#8221; custom_padding=&#8221;40px||40px||true&#8221; content_font_size_tablet=&#8221;&#8221; content_font_size_phone=&#8221;15px&#8221; content_font_size_last_edited=&#8221;on|desktop&#8221;][\/et_pb_fullwidth_header][\/et_pb_section][et_pb_section fb_built=&#8221;1&#8243; _builder_version=&#8221;3.22&#8243; locked=&#8221;off&#8221;][et_pb_row column_structure=&#8221;2_5,3_5&#8243; _builder_version=&#8221;3.25&#8243;][et_pb_column type=&#8221;2_5&#8243; _builder_version=&#8221;3.25&#8243; custom_padding=&#8221;|||&#8221; custom_padding__hover=&#8221;|||&#8221;][et_pb_image src=&#8221;https:\/\/pdi.ro\/2021\/wp-content\/uploads\/2021\/07\/Cozma_1.jpg&#8221; title_text=&#8221;Cozma_1&#8243; align=&#8221;center&#8221; align_tablet=&#8221;center&#8221; align_phone=&#8221;&#8221; align_last_edited=&#8221;on|desktop&#8221; _builder_version=&#8221;4.9.7&#8243; max_width=&#8221;31%&#8221; border_radii=&#8221;on|100px|100px|100px|100px&#8221;][\/et_pb_image][\/et_pb_column][et_pb_column type=&#8221;3_5&#8243; _builder_version=&#8221;3.25&#8243; custom_padding=&#8221;|||&#8221; custom_padding__hover=&#8221;|||&#8221;][et_pb_text _builder_version=&#8221;4.9.7&#8243;]<\/p>\n<h4><strong><span style=\"color: #ff6600;\"><\/span><\/strong><\/h4>\n<h4><strong><span style=\"color: #ff6600;\"><\/span><\/strong><\/h4>\n<h4><strong><span style=\"color: #ff6600;\"><\/span><\/strong><\/h4>\n<h4><strong><span style=\"color: #ff6600;\">Dr. Cozma Petronela<\/span><\/strong><br \/>\n<strong><span style=\"color: #ff6600;\">Spital Arcadia<\/span><\/strong><\/h4>\n<p>[\/et_pb_text][\/et_pb_column][\/et_pb_row][et_pb_row _builder_version=&#8221;3.25&#8243;][et_pb_column type=&#8221;4_4&#8243; _builder_version=&#8221;3.25&#8243; custom_padding=&#8221;|||&#8221; custom_padding__hover=&#8221;|||&#8221;][et_pb_text _builder_version=&#8221;4.9.7&#8243; hover_enabled=&#8221;0&#8243; sticky_enabled=&#8221;0&#8243;]<\/p>\n<p style=\"text-align: justify;\"><span style=\"color: #ff6600;\">Lichen scleros penian asociat cu diabet zaharat tip2 \u0219i tiroidit\u0103 autoimun\u0103<\/span><br \/>\n<span style=\"color: #ff6600;\">Autor: Petronela Cozma <\/span><\/p>\n<p style=\"text-align: justify;\">Cuvinte cheie: lichen scleros, boli autoimune, diagnostic<\/p>\n<p style=\"text-align: justify;\">Lichenul scleros este o dermatoz\u0103 inflamatorie autoimun\u0103, cronic\u0103, scleroatrofic\u0103, ce afecteaz\u0103 regiunea anogenital\u0103 \u00een procent de peste 85% din cazuri \u0219i \u00eentr-o mic\u0103 m\u0103sur\u0103 zonele extragenitale (15%). Este o boal\u0103 relativ rar\u0103, mai frecvent \u00eent\u00e2lnit\u0103 la femei de c\u00e2t la b\u0103rba\u021bi F:B=5:1, put\u00e2nd afecta inclusiv copiii. Etiologia bolii r\u0103m\u00e2ne necunoscut\u0103, fiind incomplet elucidat\u0103. Sunt incrimina\u021bi factori genetici, autoimuni, infec\u021bio\u0219i, hormonali. Cea mai grav\u0103 complica\u021bie este reprezentat\u0103 de apari\u021bia carcinomului scuamocelular ce poate apare la aproximativ 10 % din b\u0103rba\u021bi. Sunt propuse mai multe alternative terapeutice pentru leziunile genitale, cea mai utilizat\u0103 fiind corticoterapia local\u0103. Prezent\u0103m cazul unui pacient HP, \u00een v\u00e2rst\u0103 de 42 ani, ce se adreseaz\u0103 pentru apari\u021bia de aproximativ 8 luni a unor pl\u0103ci u\u0219or indurate, albicioase, cu zone pigmentate, la nivel penian, asociate cu usturime local\u0103, durere la contact sexual, prurit. Pacientul asociaz\u0103 de 6 ani un diabet zaharat tip 2, cu evolu\u021bie ondulant\u0103 \u0219i de 5 ani tiroidit\u0103 autoimun\u0103. Examenul clinic a fost completat cu dermatoscopie \u0219i ex histopatologic care a transat diagnosticul de lichen scleros. Evolu\u021bia a fost favorabil\u0103 sub tratamentul cu corticosteroizi topici poten\u021bi.<br \/>\nParticularitatea cazului const\u0103 \u00een asocierea lichenului scleros cu 2 afec\u021biuni autoimune-diabet zaharat \u0219i tiroidit\u0103 autoimun\u0103, fiind mai rar\u0103 descris\u0103 \u00een literatura de specialitate aceast\u0103 asociere \u0219i adresarea relativ tardiv\u0103 la consult datorit\u0103 contextului pandemic.<\/p>\n<p style=\"text-align: justify;\"><span style=\"color: #ff6600;\">Penian sclerosis lichen associated with type 2 diabet and autoimmune thyroiditis<\/span><br \/>\n<span style=\"color: #ff6600;\">Autor: Petronela Cozma<\/span><\/p>\n<p style=\"text-align: justify;\">Keywords: lichen sclerosus, autoimmune diseases, diagnosis<\/p>\n<p style=\"text-align: justify;\">Sclerotic lichen is an autoimmune, chronic, scleroatrophic inflammatory dermatosis that affects the anogenital region in over 85% of cases and to a lesser extent the extragenital areas (15%). It is a relatively rare disease, more common in women than in men; F:B = 5: 1, and can even affect children. The etiology of the disease remains unknown, being incompletely elucidated. Genetic, autoimmune, infectious, hormonal factors are incriminated. The most serious complication is the appearance of squamous cell carcinoma that can occur in about 10% of men. Several therapeutic alternatives are proposed for genital lesions, the most used being local corticotherapy. We present the case of a patient, HP, aged 42 years, who addresses for the presence of approximately 8 months slightly hardened, whitish plaques, with pigmented areas, at the penile level, associated with local stinging, pain in sexual contact, pruritus. The patient has been associated with type 2 diabetes for 6 years, with undulating evolution and autoimmune thyroiditis for 5 years. The clinical examination was supplemented with dermatoscopy and histopathological examination that diagnosed lichen sclerosis. The evolution was favorable under the treatment with potent topical corticosteroids. The particularity of the case consists in the association of sclerotic lichen with 2 autoimmune diseases-diabetes mellitus and autoimmune thyroiditis, being rarer described in the literature this association and relatively late consultation due to the pandemic context.<\/p>\n<p style=\"text-align: justify;\"><span style=\"color: #ff6600;\">Simpozion L&#8217;oreal: Integritatea barierei cutanate, component\u0103 esential\u0103 \u00een \u00eengrijirea pielii<\/span><br \/>\n<span style=\"color: #ff6600;\">Speaker: Petronela Cozma <\/span><\/p>\n<p style=\"text-align: justify;\">Bariera cutanat\u0103 reprezint\u0103 prima linie de ap\u0103rare \u00eempotriva p\u0103trunderii factorilor iritan\u021bi exogeni, alergeni \u0219i microorganisme, a c\u0103rei bune functionalit\u0103\u021bi depinde de hidratarea corespunz\u0103toare a stratului cornos \u0219i p\u0103strarea intact\u0103 a filmului hidrolipidic.<br \/>\n\u00cen contextul unei \u00eengrijiri simple \u0219i eficiente, CeraVe a luat na\u0219tere prin combinarea ceramidelor identice pielii cu tehnologia Emulsie Multi-Vezicular\u0103 (MVE), permi\u021b\u00e2nd hidratarea pe termen lung prin eliberarea gradual\u0103 a ingredientelor active, contribuind astfel la refacerea, restabilirea \u0219i optimizarea func\u021biilor barierei cutanate.<br \/>\nBrandul CERAVE, \u00een parteneriat cu medicii dermatologi, propune solu\u021bii adaptate pentru \u00eengrijirea pielii, accesibile tuturor. Contextul actual faciliteaz\u0103 premisele utiliz\u0103rii gamei de hidratare CeraVe Moisturizing, oferind confort \u0219i senzorialitate pentru toate tipurile de piele deshidratat\u0103, uscat\u0103.<\/p>\n<p style=\"text-align: justify;\"><span style=\"color: #ff6600;\">Simpozion L&#8217;oreal: Skin barrier integrity, an essential component in skin care<\/span><br \/>\n<span style=\"color: #ff6600;\">Speaker: Petronela Cozma<\/span><\/p>\n<p style=\"text-align: justify;\">The skin barrier is the first line of defence against the penetration of exogenous irritants, allergens and microorganisms, whose good functionality depends on the proper hydration of the stratum corneum and keeping the hydrolipidic film intact.<br \/>\nIn the context of simple and effective care, CeraVe was born by combining skin-identical ceramides with Multi Vesicular Emulsion Technology (MVE), allowing long-term hydration by gradually releasing active ingredients, thus helping to restore, re-establish and optimize skin barrier functions.<br \/>\nDeveloped with dermatologists, CeraVe offers adapted solutions for skin care, accessible to all. The current context facilitates the premises of using the CeraVe Moisturizing range, offering comfort and sensory for all types of dehydrated, dry skin.<\/p>\n<p style=\"text-align: justify;\"><span style=\"color: #ff6600;\">Scurt CV<\/span><\/p>\n<p style=\"text-align: justify;\"><strong>Pregatire profesional\u0103:<\/strong><br \/>\n1989-1993: Liceul Sanitar, Ia\u0219i;<br \/>\n1993-1998: Universitatea de Medicin\u0103 \u0219i Farmacie \u201dGrigore T. Popa\u201d Ia\u0219i &#8211; Facultatea de Farmacie;<br \/>\n1995-2001: Universitatea de Medicina si Farmacie \u201dGrigore T. Popa\u201d Ia\u0219i &#8211; Facultatea de Medicin\u0103;<br \/>\n2002-2009: Reziden\u021biat \u00een Dermato-Venerologie, Ia\u0219i.<br \/>\n2010-2015: medic specialist CMI Moara de Foc \u0219i Arcadia Hospital<br \/>\n2015-prezent: medic primar CMI Moara de Foc \u0219i Arcadia Hospital<\/p>\n<p style=\"text-align: justify;\"><strong>Cursuri postuniversitare:<\/strong><br \/>\n1. \u00cemb\u0103tr\u00e2nirea cutanat\u0103- metode de diagnostic \u0219i tratament;<br \/>\n2. Metode de tratament \u00een cosmetica medical\u0103;<br \/>\n3. Cosmetica medical\u0103 &#8211; metode de diagnostic \u0219i tratament.<br \/>\n4. Etica medical\u0103;<br \/>\n5. Avantajele produselor naturale \u00een practica cotidian\u0103 a medicului specialist;<br \/>\n6. Proliferare \u0219i carcinogenez\u0103 \u00een dermatologie;<br \/>\n7. Chirurgie dermatologic\u0219 \u0219i estetic\u0103;<br \/>\n8. Boli cu transmitere sexual\u0103 &#8211; epidemiologie \u0219i preven\u021bie;<br \/>\n9. Dermatocosmetologie -atestat Ministerul S\u0103n\u0103t\u0103\u021bii.<\/p>\n<p style=\"text-align: justify;\"><strong>Experien\u021ba profesional\u0103:<\/strong><br \/>\n1994-1995: asistent medical la Policlinica Industrial\u0103 Petru \u0219i Pavel Ia\u0219i;<br \/>\n1999-2000: farmacist stagiar la Sp. de Urgen\u021be Ia\u0219i;<br \/>\n2002-2009: Medic rezident la Sp. &#8220;Sf. Spiridon&#8221; Ia\u0219i;<br \/>\n2009-octombrie: examen medic specialist dermatologie-venerologie;<br \/>\n2008-2009: medic dermatolog la Policlinica Providen\u021ba;<br \/>\nOct.2009-2015: medic specialist dermatolog.<br \/>\n2015-prezent-medic primar dermatolog<\/p>\n<p>[\/et_pb_text][\/et_pb_column][\/et_pb_row][\/et_pb_section][et_pb_section fb_built=&#8221;1&#8243; _builder_version=&#8221;3.22&#8243; background_color=&#8221;rgba(117,194,33,0.23)&#8221; background_image=&#8221;https:\/\/pdi.ro\/2021\/wp-content\/uploads\/2020\/02\/back_justflowers_overlay1.png&#8221; background_blend=&#8221;luminosity&#8221; custom_padding=&#8221;54px|0px|0|0px|false|false&#8221; top_divider_style=&#8221;waves2&#8243; top_divider_color=&#8221;#ffffff&#8221; top_divider_height=&#8221;155px&#8221; top_divider_height_tablet=&#8221;&#8221; top_divider_height_phone=&#8221;97px&#8221; top_divider_height_last_edited=&#8221;on|desktop&#8221; bottom_divider_style=&#8221;waves2&#8243; bottom_divider_color=&#8221;#75c221&#8243; bottom_divider_flip=&#8221;vertical&#8221; bottom_divider_height_tablet=&#8221;&#8221; bottom_divider_height_phone=&#8221;59px&#8221; bottom_divider_height_last_edited=&#8221;on|desktop&#8221;][et_pb_row column_structure=&#8221;3_5,2_5&#8243; _builder_version=&#8221;3.25&#8243; custom_padding=&#8221;61px|0px|69px|0px|false|false&#8221;][et_pb_column type=&#8221;3_5&#8243; _builder_version=&#8221;3.25&#8243; custom_padding=&#8221;|||&#8221; custom_padding__hover=&#8221;|||&#8221;][et_pb_text _builder_version=&#8221;4.9.4&#8243; text_font=&#8221;Kaushan Script||||||||&#8221; text_text_color=&#8221;#f0622a&#8221; text_font_size=&#8221;30px&#8221; text_line_height=&#8221;1.2em&#8221; header_font=&#8221;||||||||&#8221; background_layout=&#8221;dark&#8221; text_font_size_tablet=&#8221;&#8221; text_font_size_phone=&#8221;&#8221; text_font_size_last_edited=&#8221;on|desktop&#8221;]<\/p>\n<p>Contacteaz\u0103 operatorul PDI 2021<\/p>\n<p>[\/et_pb_text][et_pb_contact_form email=&#8221;contact@pdi.ro\/2021\/2019&#8243; submit_button_text=&#8221;Trimite mesajul&#8221; _builder_version=&#8221;3.19.4&#8243; title_font=&#8221;||||||||&#8221;][et_pb_contact_field field_id=&#8221;Name&#8221; field_title=&#8221;Nume&#8221; _builder_version=&#8221;3.18.9&#8243; button_text_size__hover_enabled=&#8221;off&#8221; button_one_text_size__hover_enabled=&#8221;off&#8221; button_two_text_size__hover_enabled=&#8221;off&#8221; button_text_color__hover_enabled=&#8221;off&#8221; button_one_text_color__hover_enabled=&#8221;off&#8221; button_two_text_color__hover_enabled=&#8221;off&#8221; button_border_width__hover_enabled=&#8221;off&#8221; button_one_border_width__hover_enabled=&#8221;off&#8221; button_two_border_width__hover_enabled=&#8221;off&#8221; button_border_color__hover_enabled=&#8221;off&#8221; button_one_border_color__hover_enabled=&#8221;off&#8221; button_two_border_color__hover_enabled=&#8221;off&#8221; button_border_radius__hover_enabled=&#8221;off&#8221; button_one_border_radius__hover_enabled=&#8221;off&#8221; button_two_border_radius__hover_enabled=&#8221;off&#8221; button_letter_spacing__hover_enabled=&#8221;off&#8221; button_one_letter_spacing__hover_enabled=&#8221;off&#8221; button_two_letter_spacing__hover_enabled=&#8221;off&#8221; button_bg_color__hover_enabled=&#8221;off&#8221; button_one_bg_color__hover_enabled=&#8221;off&#8221; button_two_bg_color__hover_enabled=&#8221;off&#8221;][\/et_pb_contact_field][et_pb_contact_field field_id=&#8221;Email&#8221; field_title=&#8221;Adresa de e-mail&#8221; field_type=&#8221;email&#8221; _builder_version=&#8221;3.19.4&#8243; button_text_size__hover_enabled=&#8221;off&#8221; button_one_text_size__hover_enabled=&#8221;off&#8221; button_two_text_size__hover_enabled=&#8221;off&#8221; button_text_color__hover_enabled=&#8221;off&#8221; button_one_text_color__hover_enabled=&#8221;off&#8221; button_two_text_color__hover_enabled=&#8221;off&#8221; button_border_width__hover_enabled=&#8221;off&#8221; button_one_border_width__hover_enabled=&#8221;off&#8221; button_two_border_width__hover_enabled=&#8221;off&#8221; button_border_color__hover_enabled=&#8221;off&#8221; button_one_border_color__hover_enabled=&#8221;off&#8221; button_two_border_color__hover_enabled=&#8221;off&#8221; button_border_radius__hover_enabled=&#8221;off&#8221; button_one_border_radius__hover_enabled=&#8221;off&#8221; button_two_border_radius__hover_enabled=&#8221;off&#8221; button_letter_spacing__hover_enabled=&#8221;off&#8221; button_one_letter_spacing__hover_enabled=&#8221;off&#8221; button_two_letter_spacing__hover_enabled=&#8221;off&#8221; button_bg_color__hover_enabled=&#8221;off&#8221; button_one_bg_color__hover_enabled=&#8221;off&#8221; button_two_bg_color__hover_enabled=&#8221;off&#8221;][\/et_pb_contact_field][et_pb_contact_field field_id=&#8221;Message&#8221; field_title=&#8221;Mesajul dvs.&#8221; field_type=&#8221;text&#8221; fullwidth_field=&#8221;on&#8221; _builder_version=&#8221;3.18.9&#8243; button_text_size__hover_enabled=&#8221;off&#8221; button_one_text_size__hover_enabled=&#8221;off&#8221; button_two_text_size__hover_enabled=&#8221;off&#8221; button_text_color__hover_enabled=&#8221;off&#8221; button_one_text_color__hover_enabled=&#8221;off&#8221; button_two_text_color__hover_enabled=&#8221;off&#8221; button_border_width__hover_enabled=&#8221;off&#8221; button_one_border_width__hover_enabled=&#8221;off&#8221; button_two_border_width__hover_enabled=&#8221;off&#8221; button_border_color__hover_enabled=&#8221;off&#8221; button_one_border_color__hover_enabled=&#8221;off&#8221; button_two_border_color__hover_enabled=&#8221;off&#8221; button_border_radius__hover_enabled=&#8221;off&#8221; button_one_border_radius__hover_enabled=&#8221;off&#8221; button_two_border_radius__hover_enabled=&#8221;off&#8221; button_letter_spacing__hover_enabled=&#8221;off&#8221; button_one_letter_spacing__hover_enabled=&#8221;off&#8221; button_two_letter_spacing__hover_enabled=&#8221;off&#8221; button_bg_color__hover_enabled=&#8221;off&#8221; button_one_bg_color__hover_enabled=&#8221;off&#8221; button_two_bg_color__hover_enabled=&#8221;off&#8221;][\/et_pb_contact_field][\/et_pb_contact_form][\/et_pb_column][et_pb_column type=&#8221;2_5&#8243; _builder_version=&#8221;3.25&#8243; custom_padding=&#8221;|||&#8221; custom_padding__hover=&#8221;|||&#8221;][et_pb_text _builder_version=&#8221;4.9.4&#8243; text_font=&#8221;Kaushan Script||||||||&#8221; text_text_color=&#8221;#f0622a&#8221; text_font_size=&#8221;30px&#8221; header_font=&#8221;||||||||&#8221; background_layout=&#8221;dark&#8221;]<\/p>\n<p>Operatorul PDI 2021<\/p>\n<p>[\/et_pb_text][et_pb_text _builder_version=&#8221;4.0.11&#8243; text_font=&#8221;||||||||&#8221;]<\/p>\n<p><span><img loading=\"lazy\" decoding=\"async\" src=\"https:\/\/pdi.ro\/2021\/wp-content\/uploads\/2020\/02\/eventer_logo_150px.png\" width=\"151\" height=\"33\" alt=\"\" class=\"wp-image-774 alignleft size-full\" \/><\/span><\/p>\n<p><span><\/span><\/p>\n<p><span><\/span><\/p>\n<p><span>Adresa: Str. A. Panu nr. 13, Iasi<\/span><br \/> <span>Tel.: 0332.40.88.00-05<\/span><br \/> <span>E-mail: <a href=\"mailto:inscrieri@primaderma.ro\" target=\"_blank\" rel=\"noopener noreferrer\">inscrieri@primaderma.ro<\/a><br \/> <\/span><span>Website:\u00a0<\/span><a href=\"http:\/\/www.eventernet.ro\/\" target=\"Blank\" rel=\"noopener noreferrer\">www.eventernet.ro<\/a><\/p>\n<p>[\/et_pb_text][et_pb_text disabled_on=&#8221;off|off|off&#8221; _builder_version=&#8221;4.0.11&#8243; text_font=&#8221;Kaushan Script||||||||&#8221; text_text_color=&#8221;#f0622a&#8221; text_font_size=&#8221;30px&#8221; header_font=&#8221;||||||||&#8221; background_layout=&#8221;dark&#8221; locked=&#8221;off&#8221;]<\/p>\n<p>Parteneri Media<\/p>\n<p>[\/et_pb_text][et_pb_gallery gallery_ids=&#8221;7203,7204,7232,7231&#8243; fullwidth=&#8221;on&#8221; _builder_version=&#8221;4.0.11&#8243; transform_scale=&#8221;86%|86%&#8221; max_width=&#8221;63%&#8221; auto=&#8221;on&#8221; auto_speed=&#8221;3500&#8243; hover_transition_duration=&#8221;100ms&#8221; hover_transition_delay=&#8221;50ms&#8221; hover_transition_speed_curve=&#8221;ease-in-out&#8221; locked=&#8221;off&#8221;][\/et_pb_gallery][\/et_pb_column][\/et_pb_row][\/et_pb_section]<\/p>\n","protected":false},"excerpt":{"rendered":"<p>Dr. Cozma Petronela Spital ArcadiaLichen scleros penian asociat cu diabet zaharat tip2 \u0219i tiroidit\u0103 autoimun\u0103 Autor: Petronela Cozma Cuvinte cheie: lichen scleros, boli autoimune, diagnostic Lichenul scleros este o dermatoz\u0103 inflamatorie autoimun\u0103, cronic\u0103, scleroatrofic\u0103, ce afecteaz\u0103 regiunea anogenital\u0103 \u00een procent de peste 85% din cazuri \u0219i \u00eentr-o mic\u0103 m\u0103sur\u0103 zonele extragenitale (15%). Este o boal\u0103 [&hellip;]<\/p>\n","protected":false},"author":2,"featured_media":0,"parent":0,"menu_order":0,"comment_status":"closed","ping_status":"closed","template":"","meta":{"_et_pb_use_builder":"on","_et_pb_old_content":"","_et_gb_content_width":"","footnotes":""},"class_list":["post-9970","page","type-page","status-publish","hentry"],"_links":{"self":[{"href":"https:\/\/pdi.ro\/2021\/wp-json\/wp\/v2\/pages\/9970","targetHints":{"allow":["GET"]}}],"collection":[{"href":"https:\/\/pdi.ro\/2021\/wp-json\/wp\/v2\/pages"}],"about":[{"href":"https:\/\/pdi.ro\/2021\/wp-json\/wp\/v2\/types\/page"}],"author":[{"embeddable":true,"href":"https:\/\/pdi.ro\/2021\/wp-json\/wp\/v2\/users\/2"}],"replies":[{"embeddable":true,"href":"https:\/\/pdi.ro\/2021\/wp-json\/wp\/v2\/comments?post=9970"}],"version-history":[{"count":7,"href":"https:\/\/pdi.ro\/2021\/wp-json\/wp\/v2\/pages\/9970\/revisions"}],"predecessor-version":[{"id":10499,"href":"https:\/\/pdi.ro\/2021\/wp-json\/wp\/v2\/pages\/9970\/revisions\/10499"}],"wp:attachment":[{"href":"https:\/\/pdi.ro\/2021\/wp-json\/wp\/v2\/media?parent=9970"}],"curies":[{"name":"wp","href":"https:\/\/api.w.org\/{rel}","templated":true}]}}