{"id":10226,"date":"2021-07-08T10:04:42","date_gmt":"2021-07-08T08:04:42","guid":{"rendered":"https:\/\/primaderma.ro\/?page_id=10226"},"modified":"2021-07-08T10:22:22","modified_gmt":"2021-07-08T08:22:22","slug":"interviu-prof-univ-dr-ionela-lacramioara-serban","status":"publish","type":"page","link":"https:\/\/pdi.ro\/2023\/interviu-prof-univ-dr-ionela-lacramioara-serban\/","title":{"rendered":"Interviu Prof. Univ. Dr. Ionela L\u0103cr\u0103mioara \u0218erban"},"content":{"rendered":"<p>[et_pb_section fb_built=&#8221;1&#8243; fullwidth=&#8221;on&#8221; disabled_on=&#8221;on|off|off&#8221; _builder_version=&#8221;3.22&#8243; custom_margin=&#8221;||&#8221; custom_padding=&#8221;15px||29px&#8221; top_divider_style=&#8221;waves2&#8243; top_divider_color=&#8221;#f0622a&#8221; top_divider_flip=&#8221;horizontal|vertical&#8221; bottom_divider_style=&#8221;waves2&#8243; bottom_divider_color=&#8221;#fcdedb&#8221; bottom_divider_height=&#8221;105px&#8221; bottom_divider_flip=&#8221;vertical&#8221; global_module=&#8221;9062&#8243; collapsed=&#8221;off&#8221;][et_pb_fullwidth_header title=&#8221;@ET-DC@eyJkeW5hbWljIjp0cnVlLCJjb250ZW50IjoicG9zdF90aXRsZSIsInNldHRpbmdzIjp7ImJlZm9yZSI6IiIsImFmdGVyIjoiIn19@&#8221; text_orientation=&#8221;right&#8221; header_image_url=&#8221;https:\/\/pdi.ro\/2023\/2022\/wp-content\/uploads\/2021\/05\/PDI2021_logo_header_int_600x300px.png&#8221; disabled_on=&#8221;on|on|off&#8221; _builder_version=&#8221;4.9.4&#8243; _dynamic_attributes=&#8221;title&#8221; title_font=&#8221;Kaushan Script||||||||&#8221; title_text_align=&#8221;right&#8221; title_text_color=&#8221;#f0622a&#8221; title_font_size=&#8221;50px&#8221; content_font=&#8221;|600||on|||||&#8221; content_text_align=&#8221;center&#8221; content_text_color=&#8221;#686766&#8243; content_font_size=&#8221;15px&#8221; subhead_font=&#8221;||||||||&#8221; background_color=&#8221;#ef916b&#8221; background_image=&#8221;https:\/\/pdi.ro\/2023\/2022\/wp-content\/uploads\/2021\/05\/PDI2021_header_1920x550px.jpg&#8221; background_blend=&#8221;luminosity&#8221; background_layout=&#8221;light&#8221; custom_margin=&#8221;0px||8px&#8221; custom_padding=&#8221;40px||40px||true&#8221; content_font_size_tablet=&#8221;&#8221; content_font_size_phone=&#8221;15px&#8221; content_font_size_last_edited=&#8221;on|desktop&#8221;][\/et_pb_fullwidth_header][\/et_pb_section][et_pb_section fb_built=&#8221;1&#8243; _builder_version=&#8221;4.4.8&#8243;][et_pb_row _builder_version=&#8221;4.4.8&#8243;][et_pb_column type=&#8221;4_4&#8243; _builder_version=&#8221;4.4.8&#8243;][et_pb_text _builder_version=&#8221;4.9.7&#8243; _module_preset=&#8221;default&#8221; text_font=&#8221;|700|||||||&#8221; text_text_color=&#8221;#F0622A&#8221; text_font_size=&#8221;34px&#8221; text_letter_spacing=&#8221;-1px&#8221;]<\/p>\n<p style=\"text-align: justify;\">&#8220;Volumele lansate la PDI, care se afl\u0103 \u0219i \u00een biblioteca UMF, sunt<\/p>\n<p style=\"text-align: justify;\">foarte importante at\u00e2t pentru studen\u021bi, c\u00e2t \u0219i pentru medicii\u00a0<\/p>\n<p style=\"text-align: justify;\">speciali\u0219ti&#8221;<\/p>\n<p>[\/et_pb_text][et_pb_divider _builder_version=&#8221;4.9.6&#8243; _module_preset=&#8221;default&#8221; custom_margin=&#8221;||16px|||&#8221;][\/et_pb_divider][et_pb_text _builder_version=&#8221;4.9.7&#8243;]<\/p>\n<p style=\"text-align: justify;\"><em>dialog cu prof. univ. dr. Ionela L\u0103cr\u0103mioara \u0218erban, decanul Facult\u0103\u021bii de Medicin\u0103 din cadrul Universit\u0103\u021bii de Medicin\u0103 \u0219i Farmacie \u201eGrigore T. Popa\u201d<\/em><\/p>\n<p style=\"text-align: justify;\"><em>Lansat\u0103 \u00een 2012, Prim\u0103vara Dermatologic\u0103 Ie\u0219ean\u0103 a fost prima manifestare care nu doar a inoculat \u00een lumea medical\u0103 rom\u00e2neasc\u0103 ideea de interdisciplinaritate (\u0219i nu de multidisciplinaritate), ci \u0219i primul eveniment conceput ca o succesiune de cursuri, workshopuri \u0219i prelegeri. Am discutat despre aceste aspecte \u0219i multe altele cu distinsa doamn\u0103 profesor universitar Ionela L\u0103cr\u0103mioara \u0218erban, decanul Facult\u0103\u021bii de Medicin\u0103 din cadrul Universit\u0103\u021bii de Medicin\u0103 \u0219i Farmacie \u201eGrigore T. Popa\u201d.<\/em><\/p>\n<p style=\"text-align: justify;\"><strong>&#8211; \u00cen acest an se \u00eemplinesc 10 ani de la prima edi\u021bie a Prim\u0103verii Dermatologice Ie\u0219ene (PDI), o manifestare na\u021bional\u0103 cu participare interna\u021bional\u0103, care \u00een timp a devenit o tradi\u021bie, un eveniment elitist. \u00cenc\u0103 de la \u00eenceput s-a desf\u0103\u0219urat sub egida Universit\u0103\u021bii de Medicin\u0103 \u0219i Farmacie \u201eGrigore T. Popa\u201d. Care au fost argumentele acestui demers?<\/strong><br \/>&#8211; Au trecut zece ani de c\u00e2nd personalit\u0103\u021bi din domeniu medical \u0219i-au adus contribu\u021bia \u0219tiin\u021bific\u0103 la aceast\u0103 manifestare, ajuns\u0103 acum la un moment aniversar. Manifestarea a fost conceput\u0103 sub aspectul interdisciplinarit\u0103\u021bii, o viziune nou\u0103 \u00eenc\u0103 de acum zece ani, \u00een care nu numai o specialitate a fost implicat\u0103, ci multiple specialit\u0103\u021bi, ceea ce demonstreaz\u0103 c\u0103 medicina nu trebuie v\u0103zut\u0103 pe buc\u0103\u021bi, ci \u00een ansamblul ei. Acesta a fost argumentul suprem \u00een sus\u021binerea evenimentului medical, al\u0103turi de multitudinea de participan\u021bi, cumulul de conferin\u021be care au avut loc cu aceast\u0103 ocazie \u0219i viziunea doamnei profesor Daciana Br\u0103ni\u0219teanu.<br \/><strong>&#8211; Mi-a\u021bi anticipat \u00eentrebarea. \u00centr-adev\u0103r, conceptul de interdisciplinaritate a fost unul nou, de pionierat. Cum ajut\u0103 bolnavul, pentru c\u0103 fiecare demers medical are ca punct final starea de bine a pacientului?<\/strong><br \/>&#8211; Bolnavul nu trebuie v\u0103zut pe buc\u0103\u021bi, adic\u0103 aten\u021bia nu trebuie canalizat\u0103 pe o anumit\u0103 afec\u021biune, ci trebuie privit ca un \u00eentreg pentru c\u0103 nu numai un organ sufer\u0103, ci mai multe. Faptul c\u0103 aceast\u0103 manifestare a pornit de la dermatologie este extrem de important pentru c\u0103 prin piele \u0219i la nivelul pielii sunt multe semne ale diverselor afect\u0103ri ale organelor. A\u0219a trebuie v\u0103zut\u0103 medicina, ca un \u00eentreg.<br \/><strong>&#8211; A\u021bi fost pre\u0219edinte de onoare al multor edi\u021bii, a\u021bi fost al\u0103turi de lectori, de medici, de studen\u021bi, de to\u021bi participan\u021bii. Cum aprecia\u021bi evolu\u021bia manifest\u0103rii? Cum a ajutat acest eveniment \u0219coala medical\u0103 ie\u0219ean\u0103?<\/strong><br \/>&#8211; \u00cen ceea ce prive\u0219te \u0219coala medical\u0103 ie\u0219ean\u0103, ajutorul a fost foarte consistent prin participan\u021bi at\u00e2t prin oaspe\u021bii din \u021bar\u0103, c\u00e2t \u0219i prin personalit\u0103\u021bile de peste hotare, care \u0219i-au adus contribu\u021bia prin activitatea de cercetare \u0219i clinic\u0103, prin cuno\u0219tin\u021bele \u00eemp\u0103rt\u0103\u0219ite. Vorbim at\u00e2t despre dermatologi de marc\u0103 din \u021bar\u0103 \u0219i de peste hotare, dar \u0219i de medici din alte specialit\u0103\u021bi astfel ca totul s\u0103 fie ca un \u00eentreg. Acest aspect m-a atras \u00eenc\u0103 de la \u00eenceput, acest concept al interdisciplinarit\u0103\u021bii, \u0219i de aceea am acceptat \u00eenc\u0103 de la primele edi\u021bii s\u0103 fiu al\u0103turi de doamna profesor Daciana Br\u0103ni\u0219teanu.<br \/><strong>&#8211; Din acest punct de vedere, putem spune c\u0103 PDI este un vehicul pentru stabilirea viitoarelor rela\u021bii \u00eentre universit\u0103\u021bi \u0219i alte institute din \u021bar\u0103 \u0219i de peste hotare?<\/strong><br \/>&#8211; Absolut! Este un real avantaj pentru studen\u021bii \u0219i reziden\u021bii no\u0219tri, dar \u0219i pentru medicii speciali\u0219ti. Prin contactele pe care \u0219i le creeaz\u0103 la aceste manifest\u0103ri pot s\u0103 mearg\u0103 \u00een alte centre universitare din \u021bar\u0103 sau din str\u0103in\u0103tate \u0219i s\u0103 afle lucruri noi de la speciali\u0219ti pe care altfel nu le-ar afla.<br \/><strong>&#8211; La PDI, studen\u021bii \u0219i reziden\u021bii au acces gratuit, ei particip\u0103 la concursuri, la workshopuri, la cursuri, la prelegeri, la concursuri de postere. Cei mai buni au primit premii consistente din partea ADEM. Poate fi un factor de motivare profesional\u0103?<\/strong><br \/>&#8211; Evident! Sprijinul este extrem de important, studen\u021bii trebuie s\u0103 participe la astfel de manifest\u0103ri, trebuie s\u0103 aib\u0103 lucr\u0103ri \u0219i dac\u0103 sunt premiate, e cu at\u00e2t mai bine. Conteaz\u0103 enorm pentru portofoliul lor. Participarea la conferin\u021be na\u021bionale sau interna\u021bionale este un factor decisiv \u00een formarea lor. Astfel, \u00een momentul \u00een care absolv\u0103 facultatea \u0219i \u00ee\u0219i aleg specializarea, lucrurile vor merge mult mai bine. Sprijin a fost oferit \u0219i pentru reziden\u021bi, la fel de important. Apreciez \u0219i faptul c\u0103 \u00een acest an, la edi\u021bia aniversar\u0103, toate cadrele didactice ale UMF vor participa gratuit la aceast\u0103 manifestare. O astfel de facilitate este foarte important\u0103 \u0219i pentru cadrele universitare.<br \/><strong>&#8211; Prin astfel de particip\u0103ri, viitorul medic va intra amprentat \u00een sistemul medical. Va \u0219ti foarte bine ce are de f\u0103cut pentru c\u0103 a avut mentori, a \u00eent\u00e2lnit speciali\u0219ti de renume.<\/strong><br \/>&#8211; Este foarte important pentru c\u0103 formarea unui medic care nu se termin\u0103 niciodat\u0103. Este o formare pe via\u021b\u0103.<br \/><strong>&#8211; \u00cen s\u0103lile de conferin\u021be ale PDI au intrat zeci de lectori interna\u021bionali care au c\u0103r\u021bi de vizit\u0103 impresionante. Ce a adus Ia\u0219ului aceast\u0103 participare?<\/strong><br \/>&#8211; Contrbu\u021bia este enorm\u0103 pentru c\u0103 a\u0219az\u0103 Ia\u0219ul \u0219i Universitatea de Medicin\u0103 \u0219i Farmacie \u201eGrigore T. Popa\u201d pe harta medical\u0103 a Europei \u0219i nu numai. Se stabilesc leg\u0103turi interna\u021bionale, din care deriv\u0103 alte colabor\u0103ri fructuoase pentru institu\u021bia academic\u0103. Pe harta manifest\u0103rilor medicale interna\u021bionale, Ia\u0219ul se vede foarte bine. Ori de c\u00e2te ori au fost manifest\u0103ri \u0219tiin\u021bifice la Ia\u0219i, invita\u021bii de peste hotare au fost extrem de \u00eenc\u00e2nta\u021bi.<br \/><strong>&#8211; Revenind la interdisciplinaritate, cum s-a \u00eembinat specialitatea dvs cu dermatologia \u0219i cu celalalte specialit\u0103\u021bi?<\/strong><br \/>&#8211; Niciodat\u0103 nu am privit doar \u00een direc\u021bia unei discipline de studiu, mereu am \u00eencercat s\u0103 fac convexiuni cu tot ceea ce am \u00eenv\u0103\u021bat. Niciodat\u0103 nu vom putea s\u0103 trat\u0103m corect un pacient dac\u0103 \u0219tim numai o disciplin\u0103 sau doar specialitatea mea. Sigur, trebuie s\u0103 am cuno\u0219tin\u021be \u0219i din farmacologie, din fiziopatologie, s\u0103-mi explic anumite lucruri, s\u0103 \u0219tiu \u0219i fiziologie, s\u0103 cunosc multe discipline conexe ca s\u0103 pot trata un pacient ca un \u00eentreg. Altfel \u00eel tratez pentru un simptom sau dou\u0103 pe care le prezint\u0103 \u0219i pentru care se adreseaz\u0103 medicului.<br \/><strong>&#8211; La PDI au fost prezentate multe volume cu lucr\u0103ri medicale de \u00eenalt nivel \u0219tiin\u021bific, semnate de lectori, de medici, multe lansate chiar de dvs. Putem considera c\u0103 astfel s-a realizat \u0219i o minibibliotec\u0103 a manifest\u0103rii.<\/strong><br \/>&#8211; Este adev\u0103rat \u0219i am apreciat acest lucru. Este extrem de important modul de a privi patologia ca un \u00eentreg pentru c\u0103 este \u201ebuc\u0103\u021bica de zah\u0103r\u201d pe care o d\u0103m specialistului sau rezidentului, care trebuie s\u0103 vad\u0103 procesul \u00een ansamblu. Nu este discutat\u0103 numai o anumit\u0103 boal\u0103 dermatologic\u0103, ci \u00eentr-un context mult mai larg, pe mai multe specialit\u0103\u021bi. \u00cen plus, exist\u0103 o informa\u021bie concentrat\u0103, de \u00eenalt\u0103 calitate, pe care o poate accesa oricine are nevoie. Este o vedere de ansamblu a patologiei, ceea ce este foarte important. Din acest motiv, volumele lansate la PDI, care se afl\u0103 \u0219i \u00een biblioteca UMF, sunt foarte importante at\u00e2t pentru studen\u021bi, c\u00e2t \u0219i pentru medicii speciali\u0219ti.<br \/><strong>&#8211; PDI are parteneriate valoroase cu institu\u021bii importante cum ar fi <em>Societatea Francez\u0103 de Dermatologie, Societatea Francez\u0103 de Flebologie, Societatea Interna\u021bional\u0103 de Dermatologie, Societatea de Medici \u0219i Naturali\u0219ti Ia\u0219i, Societatea Rom\u00e2n\u0103 de Dermatologie, Societatea de Imunologie \u0219i Alergologie Clinic\u0103, Societatea de Chirurgie Vascular\u0103 etc.<\/em> C\u00e2t de importante sunt astfel de colabor\u0103ri?<\/strong> <br \/>&#8211; Extrem de importante! O astfel de societatea medical\u0103 adun\u0103 personalit\u0103\u021bi din domeniul respectiv. Faptul c\u0103 doamna profesor Daciana Br\u0103ni\u0219teanu a reu\u0219it s\u0103-i aduc\u0103 \u00een acela\u0219i loc face ca \u0219i colaborarea dintre aceste societ\u0103\u021bi s\u0103 fie mult mai intens\u0103 . De asemenea, colaborarea dintre societ\u0103\u021bile noastre rom\u00e2ne\u0219ti cu cele str\u0103ine este de bun augur din punct de vedere \u0219tiin\u021bific. De obicei, aceste societ\u0103\u021bi aduc contribu\u021bii \u0219tiin\u021bifice remarcabile astfel \u00eenc\u00e2t putem str\u00e2nge parteneriatele \u0219i s\u0103 avem o activitate \u0219tiinfic\u0103 a\u0219a cum ne dorim.<br \/><strong>&#8211; La final, v\u0103 invit\u0103m s\u0103 oferi\u021bi un mesaj PDI \u0219i participan\u021bilor la edi\u021bia din acest an.<\/strong> <br \/>&#8211; Doresc PDI mult succes \u0219i \u00een acest an aniversar, s\u0103 aib\u0103 mereu o activitate \u0219tiin\u021bific\u0103 de \u00eenalt\u0103 calitate. Studen\u021bilor \u0219i reziden\u021bilor le urez mult succes \u0219i \u0219tiu c\u0103 vor participa \u00een num\u0103r mare, a\u0219a cum au f\u0103cut-o \u00een ultimii zece ani. Invita\u021bilor PDI le urez bun venit, mult succes \u00een interven\u021bii. Doamnei profesor Daciana Br\u0103ni\u0219teanu \u00eei urez mult succes \u0219i puterea de a duce mai departe acest eveniment. <\/p>\n<p>[\/et_pb_text][\/et_pb_column][\/et_pb_row][\/et_pb_section][et_pb_section fb_built=&#8221;1&#8243; _builder_version=&#8221;4.9.6&#8243; background_color=&#8221;rgba(117,194,33,0.23)&#8221; background_image=&#8221;https:\/\/pdi.ro\/2023\/2022\/wp-content\/uploads\/2021\/05\/PDI2021_header_1920x550px.jpg&#8221; background_blend=&#8221;multiply&#8221; custom_padding=&#8221;54px|0px|0|0px|false|false&#8221; top_divider_style=&#8221;waves2&#8243; top_divider_color=&#8221;#ffffff&#8221; top_divider_height=&#8221;155px&#8221; top_divider_height_tablet=&#8221;&#8221; top_divider_height_phone=&#8221;97px&#8221; top_divider_height_last_edited=&#8221;on|desktop&#8221; bottom_divider_style=&#8221;waves2&#8243; bottom_divider_color=&#8221;#75c221&#8243; bottom_divider_flip=&#8221;vertical&#8221; bottom_divider_height_tablet=&#8221;&#8221; bottom_divider_height_phone=&#8221;59px&#8221; bottom_divider_height_last_edited=&#8221;on|desktop&#8221; global_module=&#8221;9177&#8243; saved_tabs=&#8221;all&#8221;][et_pb_row column_structure=&#8221;3_5,2_5&#8243; _builder_version=&#8221;3.25&#8243; custom_padding=&#8221;61px|0px|69px|0px|false|false&#8221;][et_pb_column type=&#8221;3_5&#8243; _builder_version=&#8221;3.25&#8243; custom_padding=&#8221;|||&#8221; custom_padding__hover=&#8221;|||&#8221;][et_pb_text _builder_version=&#8221;4.9.4&#8243; text_font=&#8221;Kaushan Script||||||||&#8221; text_text_color=&#8221;#f0622a&#8221; text_font_size=&#8221;30px&#8221; text_line_height=&#8221;1.2em&#8221; header_font=&#8221;||||||||&#8221; background_layout=&#8221;dark&#8221; text_font_size_tablet=&#8221;&#8221; text_font_size_phone=&#8221;&#8221; text_font_size_last_edited=&#8221;on|desktop&#8221;]<\/p>\n<p>Contacteaz\u0103 operatorul PDI 2021<\/p>\n<p>[\/et_pb_text][et_pb_contact_form email=&#8221;contact@pdi.ro\/2019&#8243; submit_button_text=&#8221;Trimite mesajul&#8221; _builder_version=&#8221;4.9.4&#8243; title_font=&#8221;||||||||&#8221; custom_button=&#8221;on&#8221; button_text_color=&#8221;#F0622A&#8221;][et_pb_contact_field field_id=&#8221;Name&#8221; field_title=&#8221;Nume&#8221; _builder_version=&#8221;3.18.9&#8243; button_text_size__hover_enabled=&#8221;off&#8221; button_one_text_size__hover_enabled=&#8221;off&#8221; button_two_text_size__hover_enabled=&#8221;off&#8221; button_text_color__hover_enabled=&#8221;off&#8221; button_one_text_color__hover_enabled=&#8221;off&#8221; button_two_text_color__hover_enabled=&#8221;off&#8221; button_border_width__hover_enabled=&#8221;off&#8221; button_one_border_width__hover_enabled=&#8221;off&#8221; button_two_border_width__hover_enabled=&#8221;off&#8221; button_border_color__hover_enabled=&#8221;off&#8221; button_one_border_color__hover_enabled=&#8221;off&#8221; button_two_border_color__hover_enabled=&#8221;off&#8221; button_border_radius__hover_enabled=&#8221;off&#8221; button_one_border_radius__hover_enabled=&#8221;off&#8221; button_two_border_radius__hover_enabled=&#8221;off&#8221; button_letter_spacing__hover_enabled=&#8221;off&#8221; button_one_letter_spacing__hover_enabled=&#8221;off&#8221; button_two_letter_spacing__hover_enabled=&#8221;off&#8221; button_bg_color__hover_enabled=&#8221;off&#8221; button_one_bg_color__hover_enabled=&#8221;off&#8221; button_two_bg_color__hover_enabled=&#8221;off&#8221;][\/et_pb_contact_field][et_pb_contact_field field_id=&#8221;Email&#8221; field_title=&#8221;Adresa de e-mail&#8221; field_type=&#8221;email&#8221; _builder_version=&#8221;3.19.4&#8243; button_text_size__hover_enabled=&#8221;off&#8221; button_one_text_size__hover_enabled=&#8221;off&#8221; button_two_text_size__hover_enabled=&#8221;off&#8221; button_text_color__hover_enabled=&#8221;off&#8221; button_one_text_color__hover_enabled=&#8221;off&#8221; button_two_text_color__hover_enabled=&#8221;off&#8221; button_border_width__hover_enabled=&#8221;off&#8221; button_one_border_width__hover_enabled=&#8221;off&#8221; button_two_border_width__hover_enabled=&#8221;off&#8221; button_border_color__hover_enabled=&#8221;off&#8221; button_one_border_color__hover_enabled=&#8221;off&#8221; button_two_border_color__hover_enabled=&#8221;off&#8221; button_border_radius__hover_enabled=&#8221;off&#8221; button_one_border_radius__hover_enabled=&#8221;off&#8221; button_two_border_radius__hover_enabled=&#8221;off&#8221; button_letter_spacing__hover_enabled=&#8221;off&#8221; button_one_letter_spacing__hover_enabled=&#8221;off&#8221; button_two_letter_spacing__hover_enabled=&#8221;off&#8221; button_bg_color__hover_enabled=&#8221;off&#8221; button_one_bg_color__hover_enabled=&#8221;off&#8221; button_two_bg_color__hover_enabled=&#8221;off&#8221;][\/et_pb_contact_field][et_pb_contact_field field_id=&#8221;Message&#8221; field_title=&#8221;Mesajul dvs.&#8221; field_type=&#8221;text&#8221; fullwidth_field=&#8221;on&#8221; _builder_version=&#8221;3.18.9&#8243; button_text_size__hover_enabled=&#8221;off&#8221; button_one_text_size__hover_enabled=&#8221;off&#8221; button_two_text_size__hover_enabled=&#8221;off&#8221; button_text_color__hover_enabled=&#8221;off&#8221; button_one_text_color__hover_enabled=&#8221;off&#8221; button_two_text_color__hover_enabled=&#8221;off&#8221; button_border_width__hover_enabled=&#8221;off&#8221; button_one_border_width__hover_enabled=&#8221;off&#8221; button_two_border_width__hover_enabled=&#8221;off&#8221; button_border_color__hover_enabled=&#8221;off&#8221; button_one_border_color__hover_enabled=&#8221;off&#8221; button_two_border_color__hover_enabled=&#8221;off&#8221; button_border_radius__hover_enabled=&#8221;off&#8221; button_one_border_radius__hover_enabled=&#8221;off&#8221; button_two_border_radius__hover_enabled=&#8221;off&#8221; button_letter_spacing__hover_enabled=&#8221;off&#8221; button_one_letter_spacing__hover_enabled=&#8221;off&#8221; button_two_letter_spacing__hover_enabled=&#8221;off&#8221; button_bg_color__hover_enabled=&#8221;off&#8221; button_one_bg_color__hover_enabled=&#8221;off&#8221; button_two_bg_color__hover_enabled=&#8221;off&#8221;][\/et_pb_contact_field][\/et_pb_contact_form][\/et_pb_column][et_pb_column type=&#8221;2_5&#8243; _builder_version=&#8221;3.25&#8243; custom_padding=&#8221;|||&#8221; custom_padding__hover=&#8221;|||&#8221;][et_pb_text _builder_version=&#8221;4.9.4&#8243; text_font=&#8221;Kaushan Script||||||||&#8221; text_text_color=&#8221;#f0622a&#8221; text_font_size=&#8221;30px&#8221; header_font=&#8221;||||||||&#8221; background_layout=&#8221;dark&#8221;]<\/p>\n<p>Operatorul PDI 2021<\/p>\n<p>[\/et_pb_text][et_pb_text _builder_version=&#8221;4.0.11&#8243; text_font=&#8221;||||||||&#8221;]<\/p>\n<p><span><img loading=\"lazy\" decoding=\"async\" src=\"https:\/\/pdi.ro\/2023\/2022\/wp-content\/uploads\/2020\/02\/eventer_logo_150px.png\" width=\"151\" height=\"33\" alt=\"\" class=\"wp-image-774 alignleft size-full\" \/><\/span><\/p>\n<p><span><\/span><\/p>\n<p><span><\/span><\/p>\n<p><span>Adresa: Str. A. Panu nr. 13, Iasi<\/span><br \/> <span>Tel.: 0332.40.88.00-05<\/span><br \/> <span>E-mail: <a href=\"mailto:inscrieri@primaderma.ro\" target=\"_blank\" rel=\"noopener noreferrer\">inscrieri@primaderma.ro<\/a><br \/> <\/span><span>Website:\u00a0<\/span><a href=\"http:\/\/www.eventernet.ro\/\" target=\"Blank\" rel=\"noopener noreferrer\">www.eventernet.ro<\/a><\/p>\n<p>[\/et_pb_text][et_pb_text disabled_on=&#8221;off|off|off&#8221; _builder_version=&#8221;4.0.11&#8243; text_font=&#8221;Kaushan Script||||||||&#8221; text_text_color=&#8221;#f0622a&#8221; text_font_size=&#8221;30px&#8221; header_font=&#8221;||||||||&#8221; background_layout=&#8221;dark&#8221; locked=&#8221;off&#8221;]<\/p>\n<p>Parteneri Media<\/p>\n<p>[\/et_pb_text][et_pb_gallery gallery_ids=&#8221;7203,7204,9252,9464,10156,10157&#8243; fullwidth=&#8221;on&#8221; _builder_version=&#8221;4.9.7&#8243; transform_scale=&#8221;86%|86%&#8221; max_width=&#8221;63%&#8221; auto=&#8221;on&#8221; auto_speed=&#8221;3500&#8243; hover_transition_duration=&#8221;100ms&#8221; hover_transition_delay=&#8221;50ms&#8221; hover_transition_speed_curve=&#8221;ease-in-out&#8221; locked=&#8221;off&#8221;][\/et_pb_gallery][\/et_pb_column][\/et_pb_row][\/et_pb_section]<\/p>\n","protected":false},"excerpt":{"rendered":"<p>&#8220;Volumele lansate la PDI, care se afl\u0103 \u0219i \u00een biblioteca UMF, sunt foarte importante at\u00e2t pentru studen\u021bi, c\u00e2t \u0219i pentru medicii\u00a0 speciali\u0219ti&#8221;dialog cu prof. univ. dr. Ionela L\u0103cr\u0103mioara \u0218erban, decanul Facult\u0103\u021bii de Medicin\u0103 din cadrul Universit\u0103\u021bii de Medicin\u0103 \u0219i Farmacie \u201eGrigore T. Popa\u201d Lansat\u0103 \u00een 2012, Prim\u0103vara Dermatologic\u0103 Ie\u0219ean\u0103 a fost prima manifestare care nu [&hellip;]<\/p>\n","protected":false},"author":2,"featured_media":0,"parent":0,"menu_order":0,"comment_status":"closed","ping_status":"closed","template":"","meta":{"_et_pb_use_builder":"on","_et_pb_old_content":"","_et_gb_content_width":"","footnotes":""},"class_list":["post-10226","page","type-page","status-publish","hentry"],"_links":{"self":[{"href":"https:\/\/pdi.ro\/2023\/wp-json\/wp\/v2\/pages\/10226","targetHints":{"allow":["GET"]}}],"collection":[{"href":"https:\/\/pdi.ro\/2023\/wp-json\/wp\/v2\/pages"}],"about":[{"href":"https:\/\/pdi.ro\/2023\/wp-json\/wp\/v2\/types\/page"}],"author":[{"embeddable":true,"href":"https:\/\/pdi.ro\/2023\/wp-json\/wp\/v2\/users\/2"}],"replies":[{"embeddable":true,"href":"https:\/\/pdi.ro\/2023\/wp-json\/wp\/v2\/comments?post=10226"}],"version-history":[{"count":3,"href":"https:\/\/pdi.ro\/2023\/wp-json\/wp\/v2\/pages\/10226\/revisions"}],"predecessor-version":[{"id":10231,"href":"https:\/\/pdi.ro\/2023\/wp-json\/wp\/v2\/pages\/10226\/revisions\/10231"}],"wp:attachment":[{"href":"https:\/\/pdi.ro\/2023\/wp-json\/wp\/v2\/media?parent=10226"}],"curies":[{"name":"wp","href":"https:\/\/api.w.org\/{rel}","templated":true}]}}