{"id":9322,"date":"2021-06-11T11:23:25","date_gmt":"2021-06-11T09:23:25","guid":{"rendered":"https:\/\/primaderma.ro\/?page_id=9322"},"modified":"2021-06-14T13:49:40","modified_gmt":"2021-06-14T11:49:40","slug":"interviu-robert-ancuceanu","status":"publish","type":"page","link":"https:\/\/pdi.ro\/2023\/interviu-robert-ancuceanu\/","title":{"rendered":"Interviu Prof. univ. dr. Robert Ancuceanu"},"content":{"rendered":"<p>[et_pb_section fb_built=&#8221;1&#8243; fullwidth=&#8221;on&#8221; disabled_on=&#8221;on|off|off&#8221; _builder_version=&#8221;3.22&#8243; custom_margin=&#8221;||&#8221; custom_padding=&#8221;15px||29px&#8221; top_divider_style=&#8221;waves2&#8243; top_divider_color=&#8221;#f0622a&#8221; top_divider_flip=&#8221;horizontal|vertical&#8221; bottom_divider_style=&#8221;waves2&#8243; bottom_divider_color=&#8221;#fcdedb&#8221; bottom_divider_height=&#8221;105px&#8221; bottom_divider_flip=&#8221;vertical&#8221; global_module=&#8221;9062&#8243; collapsed=&#8221;off&#8221;][et_pb_fullwidth_header title=&#8221;@ET-DC@eyJkeW5hbWljIjp0cnVlLCJjb250ZW50IjoicG9zdF90aXRsZSIsInNldHRpbmdzIjp7ImJlZm9yZSI6IiIsImFmdGVyIjoiIn19@&#8221; text_orientation=&#8221;right&#8221; header_image_url=&#8221;https:\/\/pdi.ro\/2023\/2022\/wp-content\/uploads\/2021\/05\/PDI2021_logo_header_int_600x300px.png&#8221; disabled_on=&#8221;on|on|off&#8221; _builder_version=&#8221;4.9.4&#8243; _dynamic_attributes=&#8221;title&#8221; title_font=&#8221;Kaushan Script||||||||&#8221; title_text_align=&#8221;right&#8221; title_text_color=&#8221;#f0622a&#8221; title_font_size=&#8221;50px&#8221; content_font=&#8221;|600||on|||||&#8221; content_text_align=&#8221;center&#8221; content_text_color=&#8221;#686766&#8243; content_font_size=&#8221;15px&#8221; subhead_font=&#8221;||||||||&#8221; background_color=&#8221;#ef916b&#8221; background_image=&#8221;https:\/\/pdi.ro\/2023\/2022\/wp-content\/uploads\/2021\/05\/PDI2021_header_1920x550px.jpg&#8221; background_blend=&#8221;luminosity&#8221; background_layout=&#8221;light&#8221; custom_margin=&#8221;0px||8px&#8221; custom_padding=&#8221;40px||40px||true&#8221; content_font_size_tablet=&#8221;&#8221; content_font_size_phone=&#8221;15px&#8221; content_font_size_last_edited=&#8221;on|desktop&#8221;][\/et_pb_fullwidth_header][\/et_pb_section][et_pb_section fb_built=&#8221;1&#8243; _builder_version=&#8221;4.4.8&#8243;][et_pb_row _builder_version=&#8221;4.4.8&#8243;][et_pb_column type=&#8221;4_4&#8243; _builder_version=&#8221;4.4.8&#8243;][et_pb_text _builder_version=&#8221;4.9.6&#8243; _module_preset=&#8221;default&#8221; text_font=&#8221;|700|||||||&#8221; text_text_color=&#8221;#F0622A&#8221; text_font_size=&#8221;34px&#8221; text_letter_spacing=&#8221;-1px&#8221; locked=&#8221;off&#8221;]<\/p>\n<p>\u201ePDI are elegan\u021ba unui buchet de lavand\u0103 fin\u0103\u201d<\/p>\n<p>[\/et_pb_text][et_pb_divider color=&#8221;#F0622A&#8221; _builder_version=&#8221;4.9.6&#8243; _module_preset=&#8221;default&#8221; custom_margin=&#8221;||20px|||&#8221;][\/et_pb_divider][et_pb_text _builder_version=&#8221;4.9.6&#8243;]<\/p>\n<p style=\"text-align: justify;\"><em><strong>PDI<\/strong> este \u0219coala de dermatologie ie\u0219ean\u0103 ajuns\u0103 la apogeu, care a dep\u0103\u0219it grani\u021bele Ia\u0219ului \u0219i ale Moldovei. Este na\u021bional\u0103, are confirmarea caracterului na\u021bional prin participarea lectorilor de la toate universit\u0103\u021bile de medicin\u0103 din Rom\u00e2nia, dar \u0219i a medicilor din toat\u0103 \u021bara. Renumele acestei manifest\u0103ri a trecut peste grani\u021be, motiv pentru care foarte mul\u021bi speakeri de peste hotare \u0219i-au dorit s\u0103 fie lectori, s\u0103 ofere din cuno\u0219tin\u021bele lor f\u0103r\u0103 a cere nimic \u00een schimb, entuziasma\u021bi de atmosfera de la <strong>PDI<\/strong>, unde participan\u021bii au plecat de fiecare dat\u0103 cu informa\u021bii oferite \u00een premier\u0103. Ei au venit \u00een calitatea lor de profesori, au fost convin\u0219i de calitatea acestui eveniment, motiv pentru care au acceptat s\u0103 fie parte dintre cei care instruiesc, dincolo de grani\u021be \u0219i dincolo de perimetrul european.<\/em><\/p>\n<p style=\"text-align: justify;\"><em>Toate aceste idei au fost readuse \u00een aten\u021bie \u0219i de c\u0103tre <strong>prof. univ. dr. Robert Ancuceanu<\/strong> (<strong>Prodecan al Facult\u0103\u021bii de Farmacie din cadrul Universit\u0103\u021bii de Medicin\u0103 \u0219i Farmacie \u201eCarol Davila<\/strong><\/em><em><strong>\u201d<\/strong>), unul dintre lectorii consacra<\/em><em>\u021bi<\/em><em> ai <strong>PDI<\/strong><\/em><em>.<\/em><\/p>\n<p style=\"text-align: justify;\"><strong>&#8211; Au trecut zece ani de c\u00e2nd a\u021bi participat la prima edi\u021bie a PDI. A\u021bi revenit \u00een s\u0103lile de conferin\u021be la toate edi\u021biile. Care a fost motivul pentru care a\u021bi\u00a0onorat invita\u021bia?<\/strong><\/p>\n<p style=\"text-align: justify;\">&#8211; R\u0103spunsul meu este simplu &#8211; pentru vastul orizont intelectual\u00a0\u0219i interdisciplinar pe care \u00eel promitea prima edi\u021bie \u0219i pe care toate celelalte edi\u021bii l-au confirmat. Pentru amalgamul de bucurie, prietenie \u0219i luciditate \u0219tiin\u021bific\u0103 pe care nu-l anticipasem, dar l-am retr\u0103it la fiecare edi\u021bie.<\/p>\n<p style=\"text-align: justify;\"><strong>&#8211; <\/strong><strong>Privind retrospectiv, care au fost momentele cele mai importante petrecute de dvs. la PDI?<\/strong><\/p>\n<p style=\"text-align: justify;\">&#8211; Nu am o memorie fotografic\u0103 a fiec\u0103rei edi\u021bii, a\u0219a c\u0103 \u00een minte mi se amestec\u0103 tot felul de amintiri legate de <strong>PDI<\/strong>. \u00centr-o abordare selectiv\u0103, \u00eemi amintesc de momentul \u00een care i-am auzit (\u0219i v\u0103zut) prima dat\u0103 pe profesorii Andrew Nicolaides supranumit \u201ep\u0103rintele bolii venoase\u201d, Cipru &#8211; n.r.), Niazi Khusrow (Universitatea Emory, Atlanta, SUA &#8211; n.r.) sau Torello Lotti (pre\u0219edintele World Health Academy, Italia &#8211; n.r.), momentul \u00een care am avut pl\u0103cuta surpriz\u0103 s\u0103-l re\u00eent\u00e2lnesc pe fostul coleg de CHMP (Agen\u021bia European\u0103 a Medicamentului) din Grecia, prof. dr. Nikolaos Drakoulis sau conversa\u021biile \u0219tiin\u021bifice formale \u0219i informale animate de cea care este inima acestui eveniment inedit \u00een via\u021ba medical\u0103 din Rom\u00e2nia, prof. dr. Daciana Br\u0103ni\u0219teanu.<\/p>\n<p style=\"text-align: justify;\">&#8211; <strong>A\u021bi continuat colaborarea \u0219i a<\/strong><strong>\u021b<\/strong><strong>i revenit <\/strong><strong>\u00ee<\/strong><strong>n s<\/strong><strong>\u0103<\/strong><strong>lile de conferin<\/strong><strong>\u021be<\/strong><strong> de la Ia<\/strong><strong>\u0219<\/strong><strong>i. Ce v-a determinat s<\/strong><strong>\u0103<\/strong> <strong>reveni\u021bi?<\/strong><\/p>\n<p style=\"text-align: justify;\">&#8211; Cu riscul de a fi banal, <strong>PDI<\/strong> este ca o pr\u0103jitur\u0103 bun\u0103: o dat\u0103 ce ai gustat-o, \u00ee\u021bi dore\u0219ti s\u0103 retr\u0103ie\u0219ti experien\u021ba.<\/p>\n<p style=\"text-align: justify;\">&#8211; <strong>Ce a adus nou <\/strong><strong>\u00ee<\/strong><strong>n via<\/strong><strong>\u021b<\/strong><strong>a d<\/strong><strong>umneavoastr\u0103 <\/strong><strong>profesional<\/strong><strong>\u0103<\/strong><strong> participarea la PDI?<\/strong><\/p>\n<p style=\"text-align: justify;\"><strong>&#8211; <\/strong>O direc\u021bie de cercetare dermatologic\u0103 \u00een cadrul preocup\u0103rilor mele farmaceutice \u0219i o apreciere sporit\u0103 a intersec\u021biei fecunde a ideilor multidisciplinaritate \u0219i transdisciplinaritate.<\/p>\n<p style=\"text-align: justify;\">&#8211; <strong>Care sunt momentele cele mai frumoase care va leag<\/strong><strong>\u0103<\/strong><strong> de PDI <\/strong><strong>\u0219<\/strong><strong>i de Ia<\/strong><strong>\u0219<\/strong><strong>i? Dac<\/strong><strong>\u0103<\/strong><strong> ar fi s<\/strong><strong>\u0103<\/strong><strong> rezuma<\/strong><strong>\u021b<\/strong><strong>i <\/strong><strong>\u00ee<\/strong><strong>ntr-o\u00a0fraz<\/strong><strong>\u0103<\/strong><strong> PDI, ce a<\/strong><strong>\u021b<\/strong><strong>i spune?<\/strong><\/p>\n<p style=\"text-align: justify;\">&#8211; PDI este un model de educa\u021bie continu\u0103 \u0219i totodat\u0103 un catalizator de idei, un epicentru al \u0219tiin\u021belor medicale organizat de fiecare dat\u0103 cu elegan\u021ba unui buchet de lavand\u0103 fin\u0103.<\/p>\n<p>[\/et_pb_text][\/et_pb_column][\/et_pb_row][\/et_pb_section][et_pb_section fb_built=&#8221;1&#8243; _builder_version=&#8221;4.9.4&#8243; background_color=&#8221;rgba(117,194,33,0.23)&#8221; background_image=&#8221;https:\/\/pdi.ro\/2023\/2022\/wp-content\/uploads\/2021\/05\/PDI2021_header_1920x550px.jpg&#8221; background_blend=&#8221;multiply&#8221; custom_padding=&#8221;54px|0px|0|0px|false|false&#8221; top_divider_style=&#8221;waves2&#8243; top_divider_color=&#8221;#ffffff&#8221; top_divider_height=&#8221;155px&#8221; top_divider_height_tablet=&#8221;&#8221; top_divider_height_phone=&#8221;97px&#8221; top_divider_height_last_edited=&#8221;on|desktop&#8221; bottom_divider_style=&#8221;waves2&#8243; bottom_divider_color=&#8221;#75c221&#8243; bottom_divider_flip=&#8221;vertical&#8221; bottom_divider_height_tablet=&#8221;&#8221; bottom_divider_height_phone=&#8221;59px&#8221; bottom_divider_height_last_edited=&#8221;on|desktop&#8221; global_module=&#8221;9177&#8243; saved_tabs=&#8221;all&#8221;][et_pb_row column_structure=&#8221;3_5,2_5&#8243; _builder_version=&#8221;3.25&#8243; custom_padding=&#8221;61px|0px|69px|0px|false|false&#8221;][et_pb_column type=&#8221;3_5&#8243; _builder_version=&#8221;3.25&#8243; custom_padding=&#8221;|||&#8221; custom_padding__hover=&#8221;|||&#8221;][et_pb_text _builder_version=&#8221;4.9.4&#8243; text_font=&#8221;Kaushan Script||||||||&#8221; text_text_color=&#8221;#f0622a&#8221; text_font_size=&#8221;30px&#8221; text_line_height=&#8221;1.2em&#8221; header_font=&#8221;||||||||&#8221; background_layout=&#8221;dark&#8221; text_font_size_tablet=&#8221;&#8221; text_font_size_phone=&#8221;&#8221; text_font_size_last_edited=&#8221;on|desktop&#8221;]<\/p>\n<p>Contacteaz\u0103 operatorul PDI 2021<\/p>\n<p>[\/et_pb_text][et_pb_contact_form email=&#8221;contact@pdi.ro\/2019&#8243; submit_button_text=&#8221;Trimite mesajul&#8221; _builder_version=&#8221;4.9.4&#8243; title_font=&#8221;||||||||&#8221; custom_button=&#8221;on&#8221; button_text_color=&#8221;#F0622A&#8221;][et_pb_contact_field field_id=&#8221;Name&#8221; field_title=&#8221;Nume&#8221; _builder_version=&#8221;3.18.9&#8243; button_text_size__hover_enabled=&#8221;off&#8221; button_one_text_size__hover_enabled=&#8221;off&#8221; button_two_text_size__hover_enabled=&#8221;off&#8221; button_text_color__hover_enabled=&#8221;off&#8221; button_one_text_color__hover_enabled=&#8221;off&#8221; button_two_text_color__hover_enabled=&#8221;off&#8221; button_border_width__hover_enabled=&#8221;off&#8221; button_one_border_width__hover_enabled=&#8221;off&#8221; button_two_border_width__hover_enabled=&#8221;off&#8221; button_border_color__hover_enabled=&#8221;off&#8221; button_one_border_color__hover_enabled=&#8221;off&#8221; button_two_border_color__hover_enabled=&#8221;off&#8221; button_border_radius__hover_enabled=&#8221;off&#8221; button_one_border_radius__hover_enabled=&#8221;off&#8221; button_two_border_radius__hover_enabled=&#8221;off&#8221; button_letter_spacing__hover_enabled=&#8221;off&#8221; button_one_letter_spacing__hover_enabled=&#8221;off&#8221; button_two_letter_spacing__hover_enabled=&#8221;off&#8221; button_bg_color__hover_enabled=&#8221;off&#8221; button_one_bg_color__hover_enabled=&#8221;off&#8221; button_two_bg_color__hover_enabled=&#8221;off&#8221;][\/et_pb_contact_field][et_pb_contact_field field_id=&#8221;Email&#8221; field_title=&#8221;Adresa de e-mail&#8221; field_type=&#8221;email&#8221; _builder_version=&#8221;3.19.4&#8243; button_text_size__hover_enabled=&#8221;off&#8221; button_one_text_size__hover_enabled=&#8221;off&#8221; button_two_text_size__hover_enabled=&#8221;off&#8221; button_text_color__hover_enabled=&#8221;off&#8221; button_one_text_color__hover_enabled=&#8221;off&#8221; button_two_text_color__hover_enabled=&#8221;off&#8221; button_border_width__hover_enabled=&#8221;off&#8221; button_one_border_width__hover_enabled=&#8221;off&#8221; button_two_border_width__hover_enabled=&#8221;off&#8221; button_border_color__hover_enabled=&#8221;off&#8221; button_one_border_color__hover_enabled=&#8221;off&#8221; button_two_border_color__hover_enabled=&#8221;off&#8221; button_border_radius__hover_enabled=&#8221;off&#8221; button_one_border_radius__hover_enabled=&#8221;off&#8221; button_two_border_radius__hover_enabled=&#8221;off&#8221; button_letter_spacing__hover_enabled=&#8221;off&#8221; button_one_letter_spacing__hover_enabled=&#8221;off&#8221; button_two_letter_spacing__hover_enabled=&#8221;off&#8221; button_bg_color__hover_enabled=&#8221;off&#8221; button_one_bg_color__hover_enabled=&#8221;off&#8221; button_two_bg_color__hover_enabled=&#8221;off&#8221;][\/et_pb_contact_field][et_pb_contact_field field_id=&#8221;Message&#8221; field_title=&#8221;Mesajul dvs.&#8221; field_type=&#8221;text&#8221; fullwidth_field=&#8221;on&#8221; _builder_version=&#8221;3.18.9&#8243; button_text_size__hover_enabled=&#8221;off&#8221; button_one_text_size__hover_enabled=&#8221;off&#8221; button_two_text_size__hover_enabled=&#8221;off&#8221; button_text_color__hover_enabled=&#8221;off&#8221; button_one_text_color__hover_enabled=&#8221;off&#8221; button_two_text_color__hover_enabled=&#8221;off&#8221; button_border_width__hover_enabled=&#8221;off&#8221; button_one_border_width__hover_enabled=&#8221;off&#8221; button_two_border_width__hover_enabled=&#8221;off&#8221; button_border_color__hover_enabled=&#8221;off&#8221; button_one_border_color__hover_enabled=&#8221;off&#8221; button_two_border_color__hover_enabled=&#8221;off&#8221; button_border_radius__hover_enabled=&#8221;off&#8221; button_one_border_radius__hover_enabled=&#8221;off&#8221; button_two_border_radius__hover_enabled=&#8221;off&#8221; button_letter_spacing__hover_enabled=&#8221;off&#8221; button_one_letter_spacing__hover_enabled=&#8221;off&#8221; button_two_letter_spacing__hover_enabled=&#8221;off&#8221; button_bg_color__hover_enabled=&#8221;off&#8221; button_one_bg_color__hover_enabled=&#8221;off&#8221; button_two_bg_color__hover_enabled=&#8221;off&#8221;][\/et_pb_contact_field][\/et_pb_contact_form][\/et_pb_column][et_pb_column type=&#8221;2_5&#8243; _builder_version=&#8221;3.25&#8243; custom_padding=&#8221;|||&#8221; custom_padding__hover=&#8221;|||&#8221;][et_pb_text _builder_version=&#8221;4.9.4&#8243; text_font=&#8221;Kaushan Script||||||||&#8221; text_text_color=&#8221;#f0622a&#8221; text_font_size=&#8221;30px&#8221; header_font=&#8221;||||||||&#8221; background_layout=&#8221;dark&#8221;]<\/p>\n<p>Operatorul PDI 2021<\/p>\n<p>[\/et_pb_text][et_pb_text _builder_version=&#8221;4.0.11&#8243; text_font=&#8221;||||||||&#8221;]<\/p>\n<p><span><img loading=\"lazy\" decoding=\"async\" src=\"https:\/\/pdi.ro\/2023\/2022\/wp-content\/uploads\/2020\/02\/eventer_logo_150px.png\" width=\"151\" height=\"33\" alt=\"\" class=\"wp-image-774 alignleft size-full\" \/><\/span><\/p>\n<p><span><\/span><\/p>\n<p><span><\/span><\/p>\n<p><span>Adresa: Str. A. Panu nr. 13, Iasi<\/span><br \/> <span>Tel.: 0332.40.88.00-05<\/span><br \/> <span>E-mail: <a href=\"mailto:inscrieri@primaderma.ro\" target=\"_blank\" rel=\"noopener noreferrer\">inscrieri@primaderma.ro<\/a><br \/> <\/span><span>Website:\u00a0<\/span><a href=\"http:\/\/www.eventernet.ro\/\" target=\"Blank\" rel=\"noopener noreferrer\">www.eventernet.ro<\/a><\/p>\n<p>[\/et_pb_text][et_pb_text disabled_on=&#8221;off|off|off&#8221; _builder_version=&#8221;4.0.11&#8243; text_font=&#8221;Kaushan Script||||||||&#8221; text_text_color=&#8221;#f0622a&#8221; text_font_size=&#8221;30px&#8221; header_font=&#8221;||||||||&#8221; background_layout=&#8221;dark&#8221; locked=&#8221;off&#8221;]<\/p>\n<p>Parteneri Media<\/p>\n<p>[\/et_pb_text][et_pb_gallery gallery_ids=&#8221;7203,7204,9252&#8243; fullwidth=&#8221;on&#8221; _builder_version=&#8221;4.9.4&#8243; transform_scale=&#8221;86%|86%&#8221; max_width=&#8221;63%&#8221; auto=&#8221;on&#8221; auto_speed=&#8221;3500&#8243; hover_transition_duration=&#8221;100ms&#8221; hover_transition_delay=&#8221;50ms&#8221; hover_transition_speed_curve=&#8221;ease-in-out&#8221; locked=&#8221;off&#8221;][\/et_pb_gallery][\/et_pb_column][\/et_pb_row][\/et_pb_section]<\/p>\n","protected":false},"excerpt":{"rendered":"<p>\u201ePDI are elegan\u021ba unui buchet de lavand\u0103 fin\u0103\u201dPDI este \u0219coala de dermatologie ie\u0219ean\u0103 ajuns\u0103 la apogeu, care a dep\u0103\u0219it grani\u021bele Ia\u0219ului \u0219i ale Moldovei. Este na\u021bional\u0103, are confirmarea caracterului na\u021bional prin participarea lectorilor de la toate universit\u0103\u021bile de medicin\u0103 din Rom\u00e2nia, dar \u0219i a medicilor din toat\u0103 \u021bara. Renumele acestei manifest\u0103ri a trecut peste grani\u021be, [&hellip;]<\/p>\n","protected":false},"author":2,"featured_media":0,"parent":0,"menu_order":0,"comment_status":"closed","ping_status":"closed","template":"","meta":{"_et_pb_use_builder":"on","_et_pb_old_content":"","_et_gb_content_width":"","footnotes":""},"class_list":["post-9322","page","type-page","status-publish","hentry"],"_links":{"self":[{"href":"https:\/\/pdi.ro\/2023\/wp-json\/wp\/v2\/pages\/9322","targetHints":{"allow":["GET"]}}],"collection":[{"href":"https:\/\/pdi.ro\/2023\/wp-json\/wp\/v2\/pages"}],"about":[{"href":"https:\/\/pdi.ro\/2023\/wp-json\/wp\/v2\/types\/page"}],"author":[{"embeddable":true,"href":"https:\/\/pdi.ro\/2023\/wp-json\/wp\/v2\/users\/2"}],"replies":[{"embeddable":true,"href":"https:\/\/pdi.ro\/2023\/wp-json\/wp\/v2\/comments?post=9322"}],"version-history":[{"count":9,"href":"https:\/\/pdi.ro\/2023\/wp-json\/wp\/v2\/pages\/9322\/revisions"}],"predecessor-version":[{"id":9410,"href":"https:\/\/pdi.ro\/2023\/wp-json\/wp\/v2\/pages\/9322\/revisions\/9410"}],"wp:attachment":[{"href":"https:\/\/pdi.ro\/2023\/wp-json\/wp\/v2\/media?parent=9322"}],"curies":[{"name":"wp","href":"https:\/\/api.w.org\/{rel}","templated":true}]}}