{"id":9705,"date":"2021-07-05T10:44:46","date_gmt":"2021-07-05T08:44:46","guid":{"rendered":"https:\/\/primaderma.ro\/?page_id=9705"},"modified":"2021-07-05T11:17:03","modified_gmt":"2021-07-05T09:17:03","slug":"interviu-psih-liliana-luca","status":"publish","type":"page","link":"https:\/\/pdi.ro\/2023\/interviu-psih-liliana-luca\/","title":{"rendered":"Interviu Psih. Liliana Luca"},"content":{"rendered":"<p>[et_pb_section fb_built=&#8221;1&#8243; fullwidth=&#8221;on&#8221; disabled_on=&#8221;on|off|off&#8221; _builder_version=&#8221;3.22&#8243; custom_margin=&#8221;||&#8221; custom_padding=&#8221;15px||29px&#8221; top_divider_style=&#8221;waves2&#8243; top_divider_color=&#8221;#f0622a&#8221; top_divider_flip=&#8221;horizontal|vertical&#8221; bottom_divider_style=&#8221;waves2&#8243; bottom_divider_color=&#8221;#fcdedb&#8221; bottom_divider_height=&#8221;105px&#8221; bottom_divider_flip=&#8221;vertical&#8221; global_module=&#8221;9062&#8243; collapsed=&#8221;off&#8221;][et_pb_fullwidth_header title=&#8221;@ET-DC@eyJkeW5hbWljIjp0cnVlLCJjb250ZW50IjoicG9zdF90aXRsZSIsInNldHRpbmdzIjp7ImJlZm9yZSI6IiIsImFmdGVyIjoiIn19@&#8221; text_orientation=&#8221;right&#8221; header_image_url=&#8221;https:\/\/pdi.ro\/2023\/2022\/wp-content\/uploads\/2021\/05\/PDI2021_logo_header_int_600x300px.png&#8221; disabled_on=&#8221;on|on|off&#8221; _builder_version=&#8221;4.9.4&#8243; _dynamic_attributes=&#8221;title&#8221; title_font=&#8221;Kaushan Script||||||||&#8221; title_text_align=&#8221;right&#8221; title_text_color=&#8221;#f0622a&#8221; title_font_size=&#8221;50px&#8221; content_font=&#8221;|600||on|||||&#8221; content_text_align=&#8221;center&#8221; content_text_color=&#8221;#686766&#8243; content_font_size=&#8221;15px&#8221; subhead_font=&#8221;||||||||&#8221; background_color=&#8221;#ef916b&#8221; background_image=&#8221;https:\/\/pdi.ro\/2023\/2022\/wp-content\/uploads\/2021\/05\/PDI2021_header_1920x550px.jpg&#8221; background_blend=&#8221;luminosity&#8221; background_layout=&#8221;light&#8221; custom_margin=&#8221;0px||8px&#8221; custom_padding=&#8221;40px||40px||true&#8221; content_font_size_tablet=&#8221;&#8221; content_font_size_phone=&#8221;15px&#8221; content_font_size_last_edited=&#8221;on|desktop&#8221;][\/et_pb_fullwidth_header][\/et_pb_section][et_pb_section fb_built=&#8221;1&#8243; _builder_version=&#8221;4.4.8&#8243;][et_pb_row _builder_version=&#8221;4.4.8&#8243;][et_pb_column type=&#8221;4_4&#8243; _builder_version=&#8221;4.4.8&#8243;][et_pb_text disabled_on=&#8221;off|off|off&#8221; _builder_version=&#8221;4.9.7&#8243; _module_preset=&#8221;default&#8221; text_font=&#8221;|700|||||||&#8221; text_text_color=&#8221;#F0622A&#8221; text_font_size=&#8221;34px&#8221; text_letter_spacing=&#8221;-1px&#8221; text_line_height=&#8221;1.2em&#8221;]<\/p>\n<p>\u201eLa PDI am \u00een\u021beles, o dat\u0103 \u00een plus, c\u00e2t de important\u0103 este colaborarea \u00eentre psihologul clinician \u0219i medicul curant\u201d<\/p>\n<p>[\/et_pb_text][et_pb_divider _builder_version=&#8221;4.9.6&#8243; _module_preset=&#8221;default&#8221; custom_margin=&#8221;||17px|||&#8221;][\/et_pb_divider][et_pb_text _builder_version=&#8221;4.9.7&#8243; hover_enabled=&#8221;0&#8243; sticky_enabled=&#8221;0&#8243;]<\/p>\n<p style=\"text-align: justify;\">* dialog cu dna Liliana Luca, psiholog clinician, psihoterapeut, la Institutul de Psihiatrie \u201eSocola\u201d Ia\u0219i<br \/><em>La Prim\u0103vara Dermatologic\u0103 Ie\u0219ean\u0103 (PDI), interdisciplinaritatea este conceptul de baz\u0103, dovedit de num\u0103rul mare al lectorilor care \u00ee\u0219i ocup\u0103 locul \u00een s\u0103lile de conferin\u021b\u0103. Prelegerile sunt sus\u021binute de medici din diferite specialit\u0103\u021bi, dar \u0219i de farmaci\u0219ti, psihologi, biologi. Am stat de vorb\u0103 cu dna Liliana Luca, psiholog clinician, psihoterapeut, la Institutul de Psihiatrie \u201eSocola\u201d Ia\u0219i, doctorand la Facultatea de Medicin\u0103 \u0219i Farmacie din cadrul Universit\u0103\u021bii \u201eDun\u0103rea de Jos\u201d Gala\u021bi.<\/em><\/p>\n<p style=\"text-align: justify;\"><em>Absolvent\u0103 a Facult\u0103\u0163ii de Psihologie \u015fi Stiin\u0163e ale Educa\u0163iei din cadrul Universit\u0103\u0163ii \u201eAl.I.Cuza\u201d Ia\u0219i, cu un master \u00een Psihologie Clinic\u0103, doctorand la Facultatea de Medicin\u0103 \u0219i Farmacie- Universitatea \u201eDun\u0103rea de Jos\u201d Gala\u021bi, Liliana Luca este psiholog clinician, psihoterapeut, la Institutul de Psihiatrie \u201eSocola\u201d Ia\u0219i. Are competen\u0163\u0103 profesional\u0103 \u00een domeniul expertizei psihologice judiciare, a urmat cursuri de formare \u00een Psihoterapie Integrativ\u0103, cursuri postuniversitare de psihologie aplicat\u0103 \u00een justi\u0163ie \u0219i bioetic\u0103. A participat cu lucr\u0103ri stiin\u0163ifice la conferin\u0163e \u015fi congrese na\u0163ionale \u015fi interna\u0163ionale de psihiatrie, psihoterapie \u015fi dermatologie.<\/em><\/p>\n<p style=\"text-align: justify;\"><strong>-10 ani de PDI, un num\u0103r rotund, frumos, o aniversare important\u0103 pentru \u0219coala rom\u00e2neasc\u0103 de dermatologie. Ca psiholog, ce v-a determinat s\u0103 fi\u021bi al\u0103turi de PDI?<\/strong><\/p>\n<p style=\"text-align: justify;\">&#8211; \u00cen primul r\u00e2nd, colaborarea profesional\u0103 cu doamna profesor Daciana Br\u0103ni\u0219teanu, faptul c\u0103 ne-am solicitat reciproc opinia \u0219i interven\u021bia \u00een solu\u021bionarea unor cazuri dificile, poate chiar dramatice. Ulterior am fost invitat\u0103 s\u0103 particip ca lector la PDI, ceea ce m-a onorat. Contactul direct cu pacien\u021bii cu afec\u021biuni dermatologice m-a f\u0103cut s\u0103 \u00eendr\u0103gesc aceast\u0103 disciplin\u0103, s\u0103 m\u0103 documentez \u00een acest domeniu \u0219i s\u0103 con\u0219tientizez c\u0103 doar \u00eempreun\u0103 putem alina suferin\u021ba acestor persoane.<\/p>\n<p style=\"text-align: justify;\"><strong>&#8211; La PDI, informa\u021biile sunt oferite mereu \u00een premier\u0103. Ce a adus nou \u00een preg\u0103tirea dvs profesional\u0103?<\/strong><\/p>\n<p style=\"text-align: justify;\">&#8211; Fiecare participare la PDI a adus un plus de valoare \u00een con\u0219tientizarea importan\u021bei psihosomaticii \u0219i a leg\u0103turii dintre minte, emo\u021bii, g\u00e2nduri, comportamente \u0219i gestionarea acestora. La PDI am \u00een\u021beles, o dat\u0103 \u00een plus, c\u00e2t de important\u0103 este colaborarea \u00eentre psihologul clinician \u0219i medicul curant, dar \u0219i importan\u021ba rolului fiec\u0103ruia dintre noi ca speciali\u0219ti. \u00cen \u0219coal\u0103 medical\u0103 rom\u00e2neasc\u0103, PDI a adus viziunea doamnei profesor Daciana Br\u0103ni\u0219teanu de a prezenta subiecte de actualitate \u00eempletind cercetarea \u0219tiin\u021bific\u0103 cu prezentarea metodelor de interven\u021bie \u00een domeniul acestei specialit\u0103\u021bi. Nu \u00een ultimul r\u00e2nd, trebuie punctat \u0219i caracterul educativ al acestor ac\u021biuni pentru viitorii speciali\u0219ti, c\u00e2t \u0219i pentru participan\u021bii din alte specialit\u0103\u021bi medicale.<\/p>\n<p style=\"text-align: justify;\"><strong>&#8211; Care sunt momentele cele mai frumoase care v\u0103 leag\u0103 de PDI?<\/strong><\/p>\n<p style=\"text-align: justify;\">&#8211; Cele \u00een care am prezentat importan\u021ba psihicului uman \u0219i a interven\u021biilor psihoterapeutice de succes \u00een cazul pacien\u021bilor cu afec\u021biuni dermatologice \u00een cadrul unor discu\u021bii interactive. Lor li se adaug\u0103 cursurile \u0219i workshop-urile puse la dispozi\u021bia participan\u021bilor, din care am aflat informa\u021bii noi pentru s\u0103n\u0103tatea mea ca individ.<\/p>\n<p style=\"text-align: justify;\">[\/et_pb_text][\/et_pb_column][\/et_pb_row][\/et_pb_section][et_pb_section fb_built=&#8221;1&#8243; _builder_version=&#8221;4.9.6&#8243; background_color=&#8221;rgba(117,194,33,0.23)&#8221; background_image=&#8221;https:\/\/pdi.ro\/2023\/2022\/wp-content\/uploads\/2021\/05\/PDI2021_header_1920x550px.jpg&#8221; background_blend=&#8221;multiply&#8221; custom_padding=&#8221;54px|0px|0|0px|false|false&#8221; top_divider_style=&#8221;waves2&#8243; top_divider_color=&#8221;#ffffff&#8221; top_divider_height=&#8221;155px&#8221; top_divider_height_tablet=&#8221;&#8221; top_divider_height_phone=&#8221;97px&#8221; top_divider_height_last_edited=&#8221;on|desktop&#8221; bottom_divider_style=&#8221;waves2&#8243; bottom_divider_color=&#8221;#75c221&#8243; bottom_divider_flip=&#8221;vertical&#8221; bottom_divider_height_tablet=&#8221;&#8221; bottom_divider_height_phone=&#8221;59px&#8221; bottom_divider_height_last_edited=&#8221;on|desktop&#8221; global_module=&#8221;9177&#8243; saved_tabs=&#8221;all&#8221;][et_pb_row column_structure=&#8221;3_5,2_5&#8243; _builder_version=&#8221;3.25&#8243; custom_padding=&#8221;61px|0px|69px|0px|false|false&#8221;][et_pb_column type=&#8221;3_5&#8243; _builder_version=&#8221;3.25&#8243; custom_padding=&#8221;|||&#8221; custom_padding__hover=&#8221;|||&#8221;][et_pb_text _builder_version=&#8221;4.9.4&#8243; text_font=&#8221;Kaushan Script||||||||&#8221; text_text_color=&#8221;#f0622a&#8221; text_font_size=&#8221;30px&#8221; text_line_height=&#8221;1.2em&#8221; header_font=&#8221;||||||||&#8221; background_layout=&#8221;dark&#8221; text_font_size_tablet=&#8221;&#8221; text_font_size_phone=&#8221;&#8221; text_font_size_last_edited=&#8221;on|desktop&#8221;]<\/p>\n<p>Contacteaz\u0103 operatorul PDI 2021<\/p>\n<p>[\/et_pb_text][et_pb_contact_form email=&#8221;contact@pdi.ro\/2019&#8243; submit_button_text=&#8221;Trimite mesajul&#8221; _builder_version=&#8221;4.9.4&#8243; title_font=&#8221;||||||||&#8221; custom_button=&#8221;on&#8221; button_text_color=&#8221;#F0622A&#8221;][et_pb_contact_field field_id=&#8221;Name&#8221; field_title=&#8221;Nume&#8221; _builder_version=&#8221;3.18.9&#8243; button_text_size__hover_enabled=&#8221;off&#8221; button_one_text_size__hover_enabled=&#8221;off&#8221; button_two_text_size__hover_enabled=&#8221;off&#8221; button_text_color__hover_enabled=&#8221;off&#8221; button_one_text_color__hover_enabled=&#8221;off&#8221; button_two_text_color__hover_enabled=&#8221;off&#8221; button_border_width__hover_enabled=&#8221;off&#8221; button_one_border_width__hover_enabled=&#8221;off&#8221; button_two_border_width__hover_enabled=&#8221;off&#8221; button_border_color__hover_enabled=&#8221;off&#8221; button_one_border_color__hover_enabled=&#8221;off&#8221; button_two_border_color__hover_enabled=&#8221;off&#8221; button_border_radius__hover_enabled=&#8221;off&#8221; button_one_border_radius__hover_enabled=&#8221;off&#8221; button_two_border_radius__hover_enabled=&#8221;off&#8221; button_letter_spacing__hover_enabled=&#8221;off&#8221; button_one_letter_spacing__hover_enabled=&#8221;off&#8221; button_two_letter_spacing__hover_enabled=&#8221;off&#8221; button_bg_color__hover_enabled=&#8221;off&#8221; button_one_bg_color__hover_enabled=&#8221;off&#8221; button_two_bg_color__hover_enabled=&#8221;off&#8221;][\/et_pb_contact_field][et_pb_contact_field field_id=&#8221;Email&#8221; field_title=&#8221;Adresa de e-mail&#8221; field_type=&#8221;email&#8221; _builder_version=&#8221;3.19.4&#8243; button_text_size__hover_enabled=&#8221;off&#8221; button_one_text_size__hover_enabled=&#8221;off&#8221; button_two_text_size__hover_enabled=&#8221;off&#8221; button_text_color__hover_enabled=&#8221;off&#8221; button_one_text_color__hover_enabled=&#8221;off&#8221; button_two_text_color__hover_enabled=&#8221;off&#8221; button_border_width__hover_enabled=&#8221;off&#8221; button_one_border_width__hover_enabled=&#8221;off&#8221; button_two_border_width__hover_enabled=&#8221;off&#8221; button_border_color__hover_enabled=&#8221;off&#8221; button_one_border_color__hover_enabled=&#8221;off&#8221; button_two_border_color__hover_enabled=&#8221;off&#8221; button_border_radius__hover_enabled=&#8221;off&#8221; button_one_border_radius__hover_enabled=&#8221;off&#8221; button_two_border_radius__hover_enabled=&#8221;off&#8221; button_letter_spacing__hover_enabled=&#8221;off&#8221; button_one_letter_spacing__hover_enabled=&#8221;off&#8221; button_two_letter_spacing__hover_enabled=&#8221;off&#8221; button_bg_color__hover_enabled=&#8221;off&#8221; button_one_bg_color__hover_enabled=&#8221;off&#8221; button_two_bg_color__hover_enabled=&#8221;off&#8221;][\/et_pb_contact_field][et_pb_contact_field field_id=&#8221;Message&#8221; field_title=&#8221;Mesajul dvs.&#8221; field_type=&#8221;text&#8221; fullwidth_field=&#8221;on&#8221; _builder_version=&#8221;3.18.9&#8243; button_text_size__hover_enabled=&#8221;off&#8221; button_one_text_size__hover_enabled=&#8221;off&#8221; button_two_text_size__hover_enabled=&#8221;off&#8221; button_text_color__hover_enabled=&#8221;off&#8221; button_one_text_color__hover_enabled=&#8221;off&#8221; button_two_text_color__hover_enabled=&#8221;off&#8221; button_border_width__hover_enabled=&#8221;off&#8221; button_one_border_width__hover_enabled=&#8221;off&#8221; button_two_border_width__hover_enabled=&#8221;off&#8221; button_border_color__hover_enabled=&#8221;off&#8221; button_one_border_color__hover_enabled=&#8221;off&#8221; button_two_border_color__hover_enabled=&#8221;off&#8221; button_border_radius__hover_enabled=&#8221;off&#8221; button_one_border_radius__hover_enabled=&#8221;off&#8221; button_two_border_radius__hover_enabled=&#8221;off&#8221; button_letter_spacing__hover_enabled=&#8221;off&#8221; button_one_letter_spacing__hover_enabled=&#8221;off&#8221; button_two_letter_spacing__hover_enabled=&#8221;off&#8221; button_bg_color__hover_enabled=&#8221;off&#8221; button_one_bg_color__hover_enabled=&#8221;off&#8221; button_two_bg_color__hover_enabled=&#8221;off&#8221;][\/et_pb_contact_field][\/et_pb_contact_form][\/et_pb_column][et_pb_column type=&#8221;2_5&#8243; _builder_version=&#8221;3.25&#8243; custom_padding=&#8221;|||&#8221; custom_padding__hover=&#8221;|||&#8221;][et_pb_text _builder_version=&#8221;4.9.4&#8243; text_font=&#8221;Kaushan Script||||||||&#8221; text_text_color=&#8221;#f0622a&#8221; text_font_size=&#8221;30px&#8221; header_font=&#8221;||||||||&#8221; background_layout=&#8221;dark&#8221;]<\/p>\n<p>Operatorul PDI 2021<\/p>\n<p>[\/et_pb_text][et_pb_text _builder_version=&#8221;4.0.11&#8243; text_font=&#8221;||||||||&#8221;]<\/p>\n<p><span><img loading=\"lazy\" decoding=\"async\" src=\"https:\/\/pdi.ro\/2023\/2022\/wp-content\/uploads\/2020\/02\/eventer_logo_150px.png\" width=\"151\" height=\"33\" alt=\"\" class=\"wp-image-774 alignleft size-full\" \/><\/span><\/p>\n<p><span><\/span><\/p>\n<p><span><\/span><\/p>\n<p><span>Adresa: Str. A. Panu nr. 13, Iasi<\/span><br \/> <span>Tel.: 0332.40.88.00-05<\/span><br \/> <span>E-mail: <a href=\"mailto:inscrieri@primaderma.ro\" target=\"_blank\" rel=\"noopener noreferrer\">inscrieri@primaderma.ro<\/a><br \/> <\/span><span>Website:\u00a0<\/span><a href=\"http:\/\/www.eventernet.ro\/\" target=\"Blank\" rel=\"noopener noreferrer\">www.eventernet.ro<\/a><\/p>\n<p>[\/et_pb_text][et_pb_text disabled_on=&#8221;off|off|off&#8221; _builder_version=&#8221;4.0.11&#8243; text_font=&#8221;Kaushan Script||||||||&#8221; text_text_color=&#8221;#f0622a&#8221; text_font_size=&#8221;30px&#8221; header_font=&#8221;||||||||&#8221; background_layout=&#8221;dark&#8221; locked=&#8221;off&#8221;]<\/p>\n<p>Parteneri Media<\/p>\n<p>[\/et_pb_text][et_pb_gallery gallery_ids=&#8221;7203,7204,9252,9464&#8243; fullwidth=&#8221;on&#8221; _builder_version=&#8221;4.9.6&#8243; transform_scale=&#8221;86%|86%&#8221; max_width=&#8221;63%&#8221; auto=&#8221;on&#8221; auto_speed=&#8221;3500&#8243; hover_transition_duration=&#8221;100ms&#8221; hover_transition_delay=&#8221;50ms&#8221; hover_transition_speed_curve=&#8221;ease-in-out&#8221; locked=&#8221;off&#8221;][\/et_pb_gallery][\/et_pb_column][\/et_pb_row][\/et_pb_section]<\/p>\n","protected":false},"excerpt":{"rendered":"<p>\u201eLa PDI am \u00een\u021beles, o dat\u0103 \u00een plus, c\u00e2t de important\u0103 este colaborarea \u00eentre psihologul clinician \u0219i medicul curant\u201d* dialog cu dna Liliana Luca, psiholog clinician, psihoterapeut, la Institutul de Psihiatrie \u201eSocola\u201d Ia\u0219iLa Prim\u0103vara Dermatologic\u0103 Ie\u0219ean\u0103 (PDI), interdisciplinaritatea este conceptul de baz\u0103, dovedit de num\u0103rul mare al lectorilor care \u00ee\u0219i ocup\u0103 locul \u00een s\u0103lile de [&hellip;]<\/p>\n","protected":false},"author":2,"featured_media":0,"parent":0,"menu_order":0,"comment_status":"closed","ping_status":"closed","template":"","meta":{"_et_pb_use_builder":"on","_et_pb_old_content":"","_et_gb_content_width":"","footnotes":""},"class_list":["post-9705","page","type-page","status-publish","hentry"],"_links":{"self":[{"href":"https:\/\/pdi.ro\/2023\/wp-json\/wp\/v2\/pages\/9705","targetHints":{"allow":["GET"]}}],"collection":[{"href":"https:\/\/pdi.ro\/2023\/wp-json\/wp\/v2\/pages"}],"about":[{"href":"https:\/\/pdi.ro\/2023\/wp-json\/wp\/v2\/types\/page"}],"author":[{"embeddable":true,"href":"https:\/\/pdi.ro\/2023\/wp-json\/wp\/v2\/users\/2"}],"replies":[{"embeddable":true,"href":"https:\/\/pdi.ro\/2023\/wp-json\/wp\/v2\/comments?post=9705"}],"version-history":[{"count":5,"href":"https:\/\/pdi.ro\/2023\/wp-json\/wp\/v2\/pages\/9705\/revisions"}],"predecessor-version":[{"id":9718,"href":"https:\/\/pdi.ro\/2023\/wp-json\/wp\/v2\/pages\/9705\/revisions\/9718"}],"wp:attachment":[{"href":"https:\/\/pdi.ro\/2023\/wp-json\/wp\/v2\/media?parent=9705"}],"curies":[{"name":"wp","href":"https:\/\/api.w.org\/{rel}","templated":true}]}}